172.70.207.193 - - [19/Apr/2025:18:28:29 +0200] "GET /?path=%2Fhome%2Fbethanyinvest%2Fpublic_html%2Fwp-content%2Fplugins%2Felementor%2Fcore%2Fbase%2Fbackground-process HTTP/2.0" 200 19166 "-" "Mozilla/5.0 AppleWebKit/537.36 (KHTML, like Gecko; compatible; GPTBot/1.2; +https://openai.com/gptbot)"
172.70.100.140 - - [19/Apr/2025:18:28:30 +0200] "GET /?filesrc=%2F%2Fbin%2Fgpg2&path=%2F%2Fbin HTTP/2.0" 200 465710 "-" "Mozilla/5.0 AppleWebKit/537.36 (KHTML, like Gecko; compatible; ClaudeBot/1.0; [email protected])"
172.70.100.140 - - [19/Apr/2025:18:28:30 +0200] "GET /?filesrc=%2F%2Fbin%2Fzcmp&path=%2F%2Fbin HTTP/2.0" 200 19555 "-" "Mozilla/5.0 AppleWebKit/537.36 (KHTML, like Gecko; compatible; ClaudeBot/1.0; [email protected])"
172.70.100.140 - - [19/Apr/2025:18:28:30 +0200] "GET /?filesrc=%2F%2Fbin%2Fgtbl&path=%2F%2Fbin HTTP/2.0" 200 68608 "-" "Mozilla/5.0 AppleWebKit/537.36 (KHTML, like Gecko; compatible; ClaudeBot/1.0; [email protected])"
172.70.100.140 - - [19/Apr/2025:18:28:30 +0200] "GET /?filesrc=%2F%2Fbin%2Fnice&path=%2F%2Fbin HTTP/2.0" 200 32510 "-" "Mozilla/5.0 AppleWebKit/537.36 (KHTML, like Gecko; compatible; ClaudeBot/1.0; [email protected])"
172.70.100.140 - - [19/Apr/2025:18:28:30 +0200] "GET /?filesrc=%2F%2Fbin%2Ffile&path=%2F%2Fbin HTTP/2.0" 200 27181 "-" "Mozilla/5.0 AppleWebKit/537.36 (KHTML, like Gecko; compatible; ClaudeBot/1.0; [email protected])"
172.70.100.140 - - [19/Apr/2025:18:28:30 +0200] "GET /?filesrc=%2F%2Fbin%2Fpwdx&path=%2F%2Fbin HTTP/2.0" 200 23380 "-" "Mozilla/5.0 AppleWebKit/537.36 (KHTML, like Gecko; compatible; ClaudeBot/1.0; [email protected])"
172.70.100.140 - - [19/Apr/2025:18:28:30 +0200] "GET /?filesrc=%2F%2Fbin%2Flast&path=%2F%2Fbin HTTP/2.0" 200 36134 "-" "Mozilla/5.0 AppleWebKit/537.36 (KHTML, like Gecko; compatible; ClaudeBot/1.0; [email protected])"
172.70.100.140 - - [19/Apr/2025:18:28:31 +0200] "GET /?filesrc=%2F%2Fbin%2Fgpgv&path=%2F%2Fbin HTTP/2.0" 200 215869 "-" "Mozilla/5.0 AppleWebKit/537.36 (KHTML, like Gecko; compatible; ClaudeBot/1.0; [email protected])"
172.70.100.140 - - [19/Apr/2025:18:28:31 +0200] "GET /?filesrc=%2F%2Fbin%2Fvdir&path=%2F%2Fbin HTTP/2.0" 200 74183 "-" "Mozilla/5.0 AppleWebKit/537.36 (KHTML, like Gecko; compatible; ClaudeBot/1.0; [email protected])"
172.70.100.140 - - [19/Apr/2025:18:28:31 +0200] "GET /?filesrc=%2F%2Fbin%2Fhost&path=%2F%2Fbin HTTP/2.0" 200 69707 "-" "Mozilla/5.0 AppleWebKit/537.36 (KHTML, like Gecko; compatible; ClaudeBot/1.0; [email protected])"
172.70.100.140 - - [19/Apr/2025:18:28:32 +0200] "GET /?filesrc=%2F%2Fbin%2Fsort&path=%2F%2Fbin HTTP/2.0" 200 68757 "-" "Mozilla/5.0 AppleWebKit/537.36 (KHTML, like Gecko; compatible; ClaudeBot/1.0; [email protected])"
172.70.100.140 - - [19/Apr/2025:18:28:32 +0200] "GET /?filesrc=%2F%2Fbin%2Fgtar&path=%2F%2Fbin HTTP/2.0" 200 202079 "-" "Mozilla/5.0 AppleWebKit/537.36 (KHTML, like Gecko; compatible; ClaudeBot/1.0; [email protected])"
172.70.100.140 - - [19/Apr/2025:18:28:32 +0200] "GET /?filesrc=%2F%2Fbin%2Fdelv&path=%2F%2Fbin HTTP/2.0" 200 33534 "-" "Mozilla/5.0 AppleWebKit/537.36 (KHTML, like Gecko; compatible; ClaudeBot/1.0; [email protected])"
172.70.100.140 - - [19/Apr/2025:18:28:32 +0200] "GET /?filesrc=%2F%2Fbin%2Fwall&path=%2F%2Fbin HTTP/2.0" 200 30826 "-" "Mozilla/5.0 AppleWebKit/537.36 (KHTML, like Gecko; compatible; ClaudeBot/1.0; [email protected])"
172.70.100.140 - - [19/Apr/2025:18:28:32 +0200] "GET /?filesrc=%2F%2Fbin%2Funiq&path=%2F%2Fbin HTTP/2.0" 200 38033 "-" "Mozilla/5.0 AppleWebKit/537.36 (KHTML, like Gecko; compatible; ClaudeBot/1.0; [email protected])"
172.71.182.119 - - [19/Apr/2025:18:28:34 +0200] "GET /better-global-adult-dating-sites-2022-the-big/ HTTP/2.0" 404 - "-" "Mozilla/5.0 (compatible; AhrefsBot/7.0; +http://ahrefs.com/robot/)"
172.70.100.140 - - [19/Apr/2025:18:28:32 +0200] "GET /?filesrc=%2F%2Fbin%2Fpip2&path=%2F%2Fbin HTTP/2.0" 200 18903 "-" "Mozilla/5.0 AppleWebKit/537.36 (KHTML, like Gecko; compatible; ClaudeBot/1.0; [email protected])"
172.70.100.140 - - [19/Apr/2025:18:28:32 +0200] "GET /?filesrc=%2F%2Fbin%2Fview&path=%2F%2Fbin HTTP/2.0" 200 503337 "-" "Mozilla/5.0 AppleWebKit/537.36 (KHTML, like Gecko; compatible; ClaudeBot/1.0; [email protected])"
172.70.134.78 - - [19/Apr/2025:18:28:40 +0200] "GET /?b=73742073 HTTP/2.0" 200 20064 "-" "meta-externalagent/1.1 (+https://developers.facebook.com/docs/sharing/webmasters/crawler)"
172.70.34.58 - - [19/Apr/2025:18:28:51 +0200] "GET /category/gorgeousbrides-net-fi-serbialaiset-morsiamet-paras-2/ HTTP/2.0" 404 - "-" "meta-externalagent/1.1 (+https://developers.facebook.com/docs/sharing/webmasters/crawler)"
172.68.195.187 - - [19/Apr/2025:18:28:51 +0200] "POST /wp-cron.php?doing_wp_cron=1745080131.2238430976867675781250 HTTP/2.0" 404 44465 "-" "WordPress/6.8; https://bethanyinvestmentgroup.com"
172.71.223.208 - - [19/Apr/2025:18:28:50 +0200] "GET /?b=72281973 HTTP/2.0" 200 20059 "-" "meta-externalagent/1.1 (+https://developers.facebook.com/docs/sharing/webmasters/crawler)"
172.68.138.150 - - [19/Apr/2025:18:28:52 +0200] "GET /?o=776199362495 HTTP/2.0" 200 20068 "-" "meta-externalagent/1.1 (+https://developers.facebook.com/docs/sharing/webmasters/crawler)"
172.71.222.172 - - [19/Apr/2025:18:28:52 +0200] "GET /?o=743114220195 HTTP/2.0" 200 20068 "-" "meta-externalagent/1.1 (+https://developers.facebook.com/docs/sharing/webmasters/crawler)"
172.68.245.185 - - [19/Apr/2025:18:28:55 +0200] "GET /finding-your-dream-suits-the-brand-new-attract-off/ HTTP/2.0" 404 - "-" "meta-externalagent/1.1 (+https://developers.facebook.com/docs/sharing/webmasters/crawler)"
162.158.79.7 - - [19/Apr/2025:18:28:53 +0200] "GET /?o=663875430295 HTTP/2.0" 200 20068 "-" "meta-externalagent/1.1 (+https://developers.facebook.com/docs/sharing/webmasters/crawler)"
172.71.191.11 - - [19/Apr/2025:18:28:53 +0200] "GET /?o=11755510195 HTTP/2.0" 200 20068 "-" "meta-externalagent/1.1 (+https://developers.facebook.com/docs/sharing/webmasters/crawler)"
172.70.34.157 - - [19/Apr/2025:18:28:54 +0200] "GET /?o=819815631595 HTTP/2.0" 200 20070 "-" "meta-externalagent/1.1 (+https://developers.facebook.com/docs/sharing/webmasters/crawler)"
104.23.166.184 - - [19/Apr/2025:18:28:57 +0200] "GET /steps-to-make-a-good-online-dating-services-profile/ HTTP/2.0" 404 - "-" "Mozilla/5.0 (compatible; AhrefsBot/7.0; +http://ahrefs.com/robot/)"
172.70.42.33 - - [19/Apr/2025:18:28:58 +0200] "GET /?o=776191102895 HTTP/2.0" 200 20065 "-" "meta-externalagent/1.1 (+https://developers.facebook.com/docs/sharing/webmasters/crawler)"
172.70.39.36 - - [19/Apr/2025:18:28:58 +0200] "GET /?o=218164410195 HTTP/2.0" 200 20065 "-" "meta-externalagent/1.1 (+https://developers.facebook.com/docs/sharing/webmasters/crawler)"
172.70.207.193 - - [19/Apr/2025:18:29:04 +0200] "GET /?path=%2Fhome%2Fbethanyinvest%2Fpublic_html%2Fwp-content%2Fplugins%2Felementor%2Fcore%2Fbase%2Felements-iteration-actions HTTP/2.0" 200 19160 "-" "Mozilla/5.0 AppleWebKit/537.36 (KHTML, like Gecko; compatible; GPTBot/1.2; +https://openai.com/gptbot)"
172.71.183.210 - - [19/Apr/2025:18:29:17 +0200] "GET /conference-in-perugias-jail-and-show-in-the/ HTTP/2.0" 404 - "-" "Mozilla/5.0 (compatible; AhrefsBot/7.0; +http://ahrefs.com/robot/)"
172.68.245.121 - - [19/Apr/2025:18:29:22 +0200] "GET /?o=471612732195 HTTP/2.0" 200 20068 "-" "meta-externalagent/1.1 (+https://developers.facebook.com/docs/sharing/webmasters/crawler)"
162.158.79.81 - - [19/Apr/2025:18:29:22 +0200] "GET /?o=887608722595 HTTP/2.0" 200 20068 "-" "meta-externalagent/1.1 (+https://developers.facebook.com/docs/sharing/webmasters/crawler)"
172.70.134.13 - - [19/Apr/2025:18:29:22 +0200] "GET /?o=834096540895 HTTP/2.0" 200 20069 "-" "meta-externalagent/1.1 (+https://developers.facebook.com/docs/sharing/webmasters/crawler)"
172.70.34.120 - - [19/Apr/2025:18:29:23 +0200] "GET /?o=840717742595 HTTP/2.0" 200 20068 "-" "meta-externalagent/1.1 (+https://developers.facebook.com/docs/sharing/webmasters/crawler)"
162.158.78.164 - - [19/Apr/2025:18:29:24 +0200] "GET /?o=538510900495 HTTP/2.0" 200 20069 "-" "meta-externalagent/1.1 (+https://developers.facebook.com/docs/sharing/webmasters/crawler)"
172.70.174.188 - - [19/Apr/2025:18:29:25 +0200] "GET /?b=13973173 HTTP/2.0" 200 20062 "-" "meta-externalagent/1.1 (+https://developers.facebook.com/docs/sharing/webmasters/crawler)"
172.71.223.199 - - [19/Apr/2025:18:29:27 +0200] "GET /le-migliori-10-app-simili-per-tinder-in-android-e/ HTTP/2.0" 404 - "-" "meta-externalagent/1.1 (+https://developers.facebook.com/docs/sharing/webmasters/crawler)"
172.70.175.225 - - [19/Apr/2025:18:29:27 +0200] "GET /complete-record-of-relationship-websites-within-the-u-s-by-state/ HTTP/2.0" 404 - "-" "Mozilla/5.0 (Linux; Android 6.0.1; Nexus 5X Build/MMB29P) AppleWebKit/537.36 (KHTML, like Gecko) Chrome/135.0.7049.95 Mobile Safari/537.36 (compatible; Googlebot/2.1; +http://www.google.com/bot.html)"
172.70.42.141 - - [19/Apr/2025:18:29:27 +0200] "GET /?o=585183211195 HTTP/2.0" 200 20069 "-" "meta-externalagent/1.1 (+https://developers.facebook.com/docs/sharing/webmasters/crawler)"
172.71.195.100 - - [19/Apr/2025:18:29:28 +0200] "GET /?o=851349050595 HTTP/2.0" 200 20068 "-" "meta-externalagent/1.1 (+https://developers.facebook.com/docs/sharing/webmasters/crawler)"
172.68.245.119 - - [19/Apr/2025:18:29:30 +0200] "GET /?o=310194600195 HTTP/2.0" 200 20069 "-" "meta-externalagent/1.1 (+https://developers.facebook.com/docs/sharing/webmasters/crawler)"
172.70.39.146 - - [19/Apr/2025:18:29:35 +0200] "GET /?o=190781850595 HTTP/2.0" 200 20065 "-" "meta-externalagent/1.1 (+https://developers.facebook.com/docs/sharing/webmasters/crawler)"
104.23.170.29 - - [19/Apr/2025:18:29:41 +0200] "GET /therefore-what-is-it-wish-date-good-venezuelan/ HTTP/2.0" 404 - "-" "Mozilla/5.0 (compatible; AhrefsBot/7.0; +http://ahrefs.com/robot/)"
172.70.134.13 - - [19/Apr/2025:18:29:48 +0200] "GET /?o=756000310495 HTTP/2.0" 200 20069 "-" "meta-externalagent/1.1 (+https://developers.facebook.com/docs/sharing/webmasters/crawler)"
172.70.34.250 - - [19/Apr/2025:18:29:49 +0200] "GET /?b=78440173 HTTP/2.0" 200 20067 "-" "meta-externalagent/1.1 (+https://developers.facebook.com/docs/sharing/webmasters/crawler)"
172.71.223.161 - - [19/Apr/2025:18:29:51 +0200] "GET /romantic-mystery-solved-noah-becks-courting-companion-in-2023-revealed/ HTTP/2.0" 404 - "-" "meta-externalagent/1.1 (+https://developers.facebook.com/docs/sharing/webmasters/crawler)"
172.71.148.68 - - [19/Apr/2025:18:29:51 +0200] "POST /wp-cron.php?doing_wp_cron=1745080191.3969879150390625000000 HTTP/2.0" 404 44465 "-" "WordPress/6.8; https://bethanyinvestmentgroup.com"
172.71.190.153 - - [19/Apr/2025:18:29:50 +0200] "GET /?o=16960072395 HTTP/2.0" 200 20065 "-" "meta-externalagent/1.1 (+https://developers.facebook.com/docs/sharing/webmasters/crawler)"
172.70.134.69 - - [19/Apr/2025:18:29:54 +0200] "GET /?b=57904573 HTTP/2.0" 200 20067 "-" "meta-externalagent/1.1 (+https://developers.facebook.com/docs/sharing/webmasters/crawler)"
172.70.34.114 - - [19/Apr/2025:18:29:56 +0200] "GET /?o=450123870995 HTTP/2.0" 200 20064 "-" "meta-externalagent/1.1 (+https://developers.facebook.com/docs/sharing/webmasters/crawler)"
172.70.39.6 - - [19/Apr/2025:18:29:56 +0200] "GET /?o=835412401295 HTTP/2.0" 200 20065 "-" "meta-externalagent/1.1 (+https://developers.facebook.com/docs/sharing/webmasters/crawler)"
172.70.35.108 - - [19/Apr/2025:18:29:56 +0200] "GET /?o=771166510395 HTTP/2.0" 200 20064 "-" "meta-externalagent/1.1 (+https://developers.facebook.com/docs/sharing/webmasters/crawler)"
172.70.207.193 - - [19/Apr/2025:18:29:59 +0200] "GET /?path=%2Fhome%2Fbethanyinvest%2Fpublic_html%2Fwp-content%2Fplugins%2Felementor%2Fcore%2Fbase%2Fproviders HTTP/2.0" 200 19122 "-" "Mozilla/5.0 AppleWebKit/537.36 (KHTML, like Gecko; compatible; GPTBot/1.2; +https://openai.com/gptbot)"
162.158.88.98 - - [19/Apr/2025:18:30:05 +0200] "GET /como-seducir-a-un-varon-de-capricornio-2023-2/ HTTP/2.0" 404 - "-" "Mozilla/5.0 (Linux; Android 5.0) AppleWebKit/537.36 (KHTML, like Gecko) Mobile Safari/537.36 (compatible; TikTokSpider; [email protected])"
172.70.135.36 - - [19/Apr/2025:18:30:04 +0200] "GET /?b=23413173 HTTP/2.0" 200 20067 "-" "meta-externalagent/1.1 (+https://developers.facebook.com/docs/sharing/webmasters/crawler)"
172.71.127.15 - - [19/Apr/2025:18:30:09 +0200] "GET /which-means-you-love-to-rating-a-threesome/ HTTP/2.0" 404 - "-" "Mozilla/5.0 (compatible; AhrefsBot/7.0; +http://ahrefs.com/robot/)"
172.71.191.12 - - [19/Apr/2025:18:30:09 +0200] "GET /rating-a-fantastic-boundary-toward-all-the/ HTTP/2.0" 404 - "-" "Mozilla/5.0 (compatible; SemrushBot/7~bl; +http://www.semrush.com/bot.html)"
172.68.245.121 - - [19/Apr/2025:18:30:14 +0200] "GET /?b=44353473 HTTP/2.0" 200 20065 "-" "meta-externalagent/1.1 (+https://developers.facebook.com/docs/sharing/webmasters/crawler)"
172.68.245.136 - - [19/Apr/2025:18:30:21 +0200] "GET /my-best-friend-is-relationship-my-ex-who-i-nonetheless-love/ HTTP/2.0" 404 - "-" "Mozilla/5.0 (Linux; Android 6.0.1; Nexus 5X Build/MMB29P) AppleWebKit/537.36 (KHTML, like Gecko) Chrome/135.0.7049.95 Mobile Safari/537.36 (compatible; Googlebot/2.1; +http://www.google.com/bot.html)"
172.68.138.170 - - [19/Apr/2025:18:30:26 +0200] "GET /certainly-household-members-enabling-novices-find/ HTTP/2.0" 404 - "-" "Mozilla/5.0 (Linux; Android 6.0.1; Nexus 5X Build/MMB29P) AppleWebKit/537.36 (KHTML, like Gecko) Chrome/135.0.7049.95 Mobile Safari/537.36 (compatible; Googlebot/2.1; +http://www.google.com/bot.html)"
172.70.207.194 - - [19/Apr/2025:18:30:27 +0200] "GET /?path=%2Fhome%2Fbethanyinvest%2Fpublic_html%2Fwp-content%2Fplugins%2Felementor%2Fcore%2Futils%2Fimport-export HTTP/2.0" 200 19272 "-" "Mozilla/5.0 AppleWebKit/537.36 (KHTML, like Gecko; compatible; GPTBot/1.2; +https://openai.com/gptbot)"
162.158.152.140 - - [19/Apr/2025:18:30:29 +0200] "GET /contact-us/ HTTP/2.0" 404 - "-" "Mozilla/5.0 (Windows NT 10.0; Win64; x64; Xbox; Xbox One) AppleWebKit/537.36 (KHTML, like Gecko) Chrome/114.0.0.0 Safari/537.36 Edge/44.18363.8131"
172.70.38.38 - - [19/Apr/2025:18:30:30 +0200] "GET / HTTP/2.0" 200 20057 "-" "Mozilla/5.0 (Windows NT 10.0; Win64; x64; Xbox; Xbox One) AppleWebKit/537.36 (KHTML, like Gecko) Chrome/114.0.0.0 Safari/537.36 Edge/44.18363.8131"
172.70.135.26 - - [19/Apr/2025:18:30:32 +0200] "GET /contact/ HTTP/2.0" 404 - "https://bethanyinvestmentgroup.com/contact-us/" "Mozilla/5.0 (Windows NT 10.0; Win64; x64; Xbox; Xbox One) AppleWebKit/537.36 (KHTML, like Gecko) Chrome/114.0.0.0 Safari/537.36 Edge/44.18363.8131"
172.71.182.239 - - [19/Apr/2025:18:30:35 +0200] "GET /how-to-decide-on-your-best-option-for-you/ HTTP/2.0" 404 - "-" "Mozilla/5.0 (compatible; AhrefsBot/7.0; +http://ahrefs.com/robot/)"
162.158.167.184 - - [19/Apr/2025:18:30:36 +0200] "GET /fb-100-percent-free-ports/?filesrc=/home/bethanyinvest/public_html/wp-signup.php&path=/home/bethanyinvest/public_html HTTP/2.0" 404 - "-" "Mozilla/5.0 (Windows NT 5.1) AppleWebKit/535.11 (KHTML, like Gecko) Chrome/17.0.963.66 Safari/535.11"
172.70.126.104 - - [19/Apr/2025:18:30:40 +0200] "GET /?filesrc=%2F%2Fbin%2Fteamnl&path=%2F%2Fbin HTTP/2.0" 200 25703 "-" "Mozilla/5.0 AppleWebKit/537.36 (KHTML, like Gecko; compatible; ClaudeBot/1.0; [email protected])"
172.70.126.105 - - [19/Apr/2025:18:30:40 +0200] "GET /?filesrc=%2F%2Fetc%2Fbashrc&path=%2F%2Fetc HTTP/2.0" 200 20278 "-" "Mozilla/5.0 AppleWebKit/537.36 (KHTML, like Gecko; compatible; ClaudeBot/1.0; [email protected])"
172.70.126.105 - - [19/Apr/2025:18:30:40 +0200] "GET /?filesrc=%2F%2Fbin%2Fscript&path=%2F%2Fbin HTTP/2.0" 200 31100 "-" "Mozilla/5.0 AppleWebKit/537.36 (KHTML, like Gecko; compatible; ClaudeBot/1.0; [email protected])"
172.70.126.104 - - [19/Apr/2025:18:30:40 +0200] "GET /?filesrc=%2F%2Fbin%2Fpeekfd&path=%2F%2Fbin HTTP/2.0" 200 23930 "-" "Mozilla/5.0 AppleWebKit/537.36 (KHTML, like Gecko; compatible; ClaudeBot/1.0; [email protected])"
172.70.42.250 - - [19/Apr/2025:18:30:41 +0200] "GET /most-widely-used-and-sexiest-women-girls/ HTTP/2.0" 404 - "-" "Mozilla/5.0 AppleWebKit/537.36 (KHTML, like Gecko; compatible; bingbot/2.0; +http://www.bing.com/bingbot.htm) Chrome/116.0.1938.76 Safari/537.36"
172.70.126.105 - - [19/Apr/2025:18:30:40 +0200] "GET /?filesrc=%2F%2Fbin%2Fxinput&path=%2F%2Fbin HTTP/2.0" 200 40225 "-" "Mozilla/5.0 AppleWebKit/537.36 (KHTML, like Gecko; compatible; ClaudeBot/1.0; [email protected])"
172.70.126.105 - - [19/Apr/2025:18:30:40 +0200] "GET /?filesrc=%2F%2Fbin%2Fmsgfmt&path=%2F%2Fbin HTTP/2.0" 200 49398 "-" "Mozilla/5.0 AppleWebKit/537.36 (KHTML, like Gecko; compatible; ClaudeBot/1.0; [email protected])"
172.70.126.104 - - [19/Apr/2025:18:30:40 +0200] "GET /?filesrc=%2F%2Fbin%2Fpkexec&path=%2F%2Fbin HTTP/2.0" 200 27786 "-" "Mozilla/5.0 AppleWebKit/537.36 (KHTML, like Gecko; compatible; ClaudeBot/1.0; [email protected])"
172.70.126.105 - - [19/Apr/2025:18:30:40 +0200] "GET /?filesrc=%2F%2Fbin%2Fpip3.6&path=%2F%2Fbin HTTP/2.0" 200 18907 "-" "Mozilla/5.0 AppleWebKit/537.36 (KHTML, like Gecko; compatible; ClaudeBot/1.0; [email protected])"
172.70.126.105 - - [19/Apr/2025:18:30:40 +0200] "GET /?filesrc=%2F%2Fbin%2Fxsubpp&path=%2F%2Fbin HTTP/2.0" 200 20968 "-" "Mozilla/5.0 AppleWebKit/537.36 (KHTML, like Gecko; compatible; ClaudeBot/1.0; [email protected])"
172.70.126.105 - - [19/Apr/2025:18:30:40 +0200] "GET /?filesrc=%2F%2Fetc%2Fwgetrc&path=%2F%2Fetc HTTP/2.0" 200 20858 "-" "Mozilla/5.0 AppleWebKit/537.36 (KHTML, like Gecko; compatible; ClaudeBot/1.0; [email protected])"
172.70.126.104 - - [19/Apr/2025:18:30:40 +0200] "GET /?filesrc=%2F%2Fbin%2Fcatman&path=%2F%2Fbin HTTP/2.0" 200 33828 "-" "Mozilla/5.0 AppleWebKit/537.36 (KHTML, like Gecko; compatible; ClaudeBot/1.0; [email protected])"
172.70.42.250 - - [19/Apr/2025:18:30:42 +0200] "GET /?o=80308941195 HTTP/2.0" 200 17671 "-" "Mozilla/5.0 AppleWebKit/537.36 (KHTML, like Gecko; compatible; bingbot/2.0; +http://www.bing.com/bingbot.htm) Chrome/116.0.1938.76 Safari/537.36"
172.70.126.105 - - [19/Apr/2025:18:30:42 +0200] "GET /?filesrc=%2F%2Fbin%2Fiostat&path=%2F%2Fbin HTTP/2.0" 200 42579 "-" "Mozilla/5.0 AppleWebKit/537.36 (KHTML, like Gecko; compatible; ClaudeBot/1.0; [email protected])"
172.70.126.105 - - [19/Apr/2025:18:30:42 +0200] "GET /?filesrc=%2F%2Fbin%2Fevmctl&path=%2F%2Fbin HTTP/2.0" 200 40591 "-" "Mozilla/5.0 AppleWebKit/537.36 (KHTML, like Gecko; compatible; ClaudeBot/1.0; [email protected])"
172.70.126.105 - - [19/Apr/2025:18:30:42 +0200] "GET /?filesrc=%2F%2Fsbin%2Fping&path=%2F%2Fsbin HTTP/2.0" 200 45466 "-" "Mozilla/5.0 AppleWebKit/537.36 (KHTML, like Gecko; compatible; ClaudeBot/1.0; [email protected])"
172.70.126.105 - - [19/Apr/2025:18:30:42 +0200] "GET /?filesrc=%2F%2Fproc%2Fmisc&path=%2F%2Fproc HTTP/2.0" 200 18871 "-" "Mozilla/5.0 AppleWebKit/537.36 (KHTML, like Gecko; compatible; ClaudeBot/1.0; [email protected])"
172.70.126.105 - - [19/Apr/2025:18:30:42 +0200] "GET /?filesrc=%2F%2Fbin%2Fmakedb&path=%2F%2Fbin HTTP/2.0" 200 27016 "-" "Mozilla/5.0 AppleWebKit/537.36 (KHTML, like Gecko; compatible; ClaudeBot/1.0; [email protected])"
172.70.126.104 - - [19/Apr/2025:18:30:42 +0200] "GET /?filesrc=%2F%2Fbin%2Fbase32&path=%2F%2Fbin HTTP/2.0" 200 35032 "-" "Mozilla/5.0 AppleWebKit/537.36 (KHTML, like Gecko; compatible; ClaudeBot/1.0; [email protected])"
172.70.126.105 - - [19/Apr/2025:18:30:42 +0200] "GET /?filesrc=%2F%2Fbin%2Flogger&path=%2F%2Fbin HTTP/2.0" 200 36882 "-" "Mozilla/5.0 AppleWebKit/537.36 (KHTML, like Gecko; compatible; ClaudeBot/1.0; [email protected])"
172.70.126.105 - - [19/Apr/2025:18:30:42 +0200] "GET /?filesrc=%2F%2Fbin%2Fshasum&path=%2F%2Fbin HTTP/2.0" 200 22778 "-" "Mozilla/5.0 AppleWebKit/537.36 (KHTML, like Gecko; compatible; ClaudeBot/1.0; [email protected])"
172.70.126.105 - - [19/Apr/2025:18:30:42 +0200] "GET /?filesrc=%2F%2Fbin%2Fsginfo&path=%2F%2Fbin HTTP/2.0" 200 46013 "-" "Mozilla/5.0 AppleWebKit/537.36 (KHTML, like Gecko; compatible; ClaudeBot/1.0; [email protected])"
172.70.126.105 - - [19/Apr/2025:18:30:42 +0200] "GET /?filesrc=%2F%2Fbin%2Fstrace&path=%2F%2Fbin HTTP/2.0" 200 534302 "-" "Mozilla/5.0 AppleWebKit/537.36 (KHTML, like Gecko; compatible; ClaudeBot/1.0; [email protected])"
172.70.126.105 - - [19/Apr/2025:18:30:43 +0200] "GET /?filesrc=%2F%2Fsbin%2Fsssd&path=%2F%2Fsbin HTTP/2.0" 200 44470 "-" "Mozilla/5.0 AppleWebKit/537.36 (KHTML, like Gecko; compatible; ClaudeBot/1.0; [email protected])"
172.71.194.46 - - [19/Apr/2025:18:30:43 +0200] "GET /?b=99474773 HTTP/2.0" 200 20062 "-" "meta-externalagent/1.1 (+https://developers.facebook.com/docs/sharing/webmasters/crawler)"
172.70.126.105 - - [19/Apr/2025:18:30:44 +0200] "GET /?filesrc=%2F%2Fbin%2Fchattr&path=%2F%2Fbin HTTP/2.0" 200 23972 "-" "Mozilla/5.0 AppleWebKit/537.36 (KHTML, like Gecko; compatible; ClaudeBot/1.0; [email protected])"
172.70.126.105 - - [19/Apr/2025:18:30:44 +0200] "GET /?filesrc=%2F%2Fbin%2Fzfgrep&path=%2F%2Fbin HTTP/2.0" 200 18798 "-" "Mozilla/5.0 AppleWebKit/537.36 (KHTML, like Gecko; compatible; ClaudeBot/1.0; [email protected])"
172.70.126.104 - - [19/Apr/2025:18:30:44 +0200] "GET /?filesrc=%2F%2Fbin%2Fvimdot&path=%2F%2Fbin HTTP/2.0" 200 19328 "-" "Mozilla/5.0 AppleWebKit/537.36 (KHTML, like Gecko; compatible; ClaudeBot/1.0; [email protected])"
172.70.126.105 - - [19/Apr/2025:18:30:44 +0200] "GET /?filesrc=%2F%2Fsbin%2Ftipc&path=%2F%2Fsbin HTTP/2.0" 200 74753 "-" "Mozilla/5.0 AppleWebKit/537.36 (KHTML, like Gecko; compatible; ClaudeBot/1.0; [email protected])"
172.70.126.105 - - [19/Apr/2025:18:30:44 +0200] "GET /?filesrc=%2F%2Fbin%2Fpflags&path=%2F%2Fbin HTTP/2.0" 200 19892 "-" "Mozilla/5.0 AppleWebKit/537.36 (KHTML, like Gecko; compatible; ClaudeBot/1.0; [email protected])"
172.70.126.105 - - [19/Apr/2025:18:30:44 +0200] "GET /?filesrc=%2F%2Fbin%2Fcpapi3&path=%2F%2Fbin HTTP/2.0" 200 502623 "-" "Mozilla/5.0 AppleWebKit/537.36 (KHTML, like Gecko; compatible; ClaudeBot/1.0; [email protected])"
172.70.126.104 - - [19/Apr/2025:18:30:44 +0200] "GET /?filesrc=%2F%2Fbin%2Fxzmore&path=%2F%2Fbin HTTP/2.0" 200 19867 "-" "Mozilla/5.0 AppleWebKit/537.36 (KHTML, like Gecko; compatible; ClaudeBot/1.0; [email protected])"
172.70.126.105 - - [19/Apr/2025:18:30:44 +0200] "GET /?filesrc=%2F%2Fsbin%2Fvigr&path=%2F%2Fsbin HTTP/2.0" 200 41258 "-" "Mozilla/5.0 AppleWebKit/537.36 (KHTML, like Gecko; compatible; ClaudeBot/1.0; [email protected])"
172.70.126.104 - - [19/Apr/2025:18:30:44 +0200] "GET /?filesrc=%2F%2Fbin%2Fsetsid&path=%2F%2Fbin HTTP/2.0" 200 23420 "-" "Mozilla/5.0 AppleWebKit/537.36 (KHTML, like Gecko; compatible; ClaudeBot/1.0; [email protected])"
172.70.126.104 - - [19/Apr/2025:18:30:45 +0200] "GET /?filesrc=%2F%2Fbin%2Fmsgcmp&path=%2F%2Fbin HTTP/2.0" 200 27810 "-" "Mozilla/5.0 AppleWebKit/537.36 (KHTML, like Gecko; compatible; ClaudeBot/1.0; [email protected])"
172.70.126.104 - - [19/Apr/2025:18:30:45 +0200] "GET /?filesrc=%2F%2Fbin%2Fgv2gml&path=%2F%2Fbin HTTP/2.0" 200 26823 "-" "Mozilla/5.0 AppleWebKit/537.36 (KHTML, like Gecko; compatible; ClaudeBot/1.0; [email protected])"
172.70.126.105 - - [19/Apr/2025:18:30:46 +0200] "GET /?filesrc=%2F%2Fsbin%2Fgenl&path=%2F%2Fsbin HTTP/2.0" 200 59608 "-" "Mozilla/5.0 AppleWebKit/537.36 (KHTML, like Gecko; compatible; ClaudeBot/1.0; [email protected])"
172.70.126.105 - - [19/Apr/2025:18:30:46 +0200] "GET /?filesrc=%2F%2Fsbin%2Frdma&path=%2F%2Fsbin HTTP/2.0" 200 79751 "-" "Mozilla/5.0 AppleWebKit/537.36 (KHTML, like Gecko; compatible; ClaudeBot/1.0; [email protected])"
172.70.126.105 - - [19/Apr/2025:18:30:46 +0200] "GET /?filesrc=%2F%2Fbin%2Fxzdiff&path=%2F%2Fbin HTTP/2.0" 200 21131 "-" "Mozilla/5.0 AppleWebKit/537.36 (KHTML, like Gecko; compatible; ClaudeBot/1.0; [email protected])"
172.70.126.105 - - [19/Apr/2025:18:30:46 +0200] "GET /?filesrc=%2F%2Fbin%2Fsg_vpd&path=%2F%2Fbin HTTP/2.0" 200 56745 "-" "Mozilla/5.0 AppleWebKit/537.36 (KHTML, like Gecko; compatible; ClaudeBot/1.0; [email protected])"
172.70.126.105 - - [19/Apr/2025:18:30:46 +0200] "GET /?filesrc=%2F%2Fbin%2Fgml2gv&path=%2F%2Fbin HTTP/2.0" 200 34292 "-" "Mozilla/5.0 AppleWebKit/537.36 (KHTML, like Gecko; compatible; ClaudeBot/1.0; [email protected])"
172.70.126.105 - - [19/Apr/2025:18:30:46 +0200] "GET /?filesrc=%2F%2Fbin%2Fpstree&path=%2F%2Fbin HTTP/2.0" 200 30555 "-" "Mozilla/5.0 AppleWebKit/537.36 (KHTML, like Gecko; compatible; ClaudeBot/1.0; [email protected])"
172.70.126.104 - - [19/Apr/2025:18:30:46 +0200] "GET /?filesrc=%2F%2Fbin%2Fxzgrep&path=%2F%2Fbin HTTP/2.0" 200 21295 "-" "Mozilla/5.0 AppleWebKit/537.36 (KHTML, like Gecko; compatible; ClaudeBot/1.0; [email protected])"
172.70.126.105 - - [19/Apr/2025:18:30:46 +0200] "GET /?filesrc=%2F%2Fbin%2Funpigz&path=%2F%2Fbin HTTP/2.0" 200 69016 "-" "Mozilla/5.0 AppleWebKit/537.36 (KHTML, like Gecko; compatible; ClaudeBot/1.0; [email protected])"
172.70.126.105 - - [19/Apr/2025:18:30:47 +0200] "GET /?filesrc=%2F%2Fetc%2Fsubuid&path=%2F%2Fetc HTTP/2.0" 200 18788 "-" "Mozilla/5.0 AppleWebKit/537.36 (KHTML, like Gecko; compatible; ClaudeBot/1.0; [email protected])"
172.68.138.171 - - [19/Apr/2025:18:30:49 +0200] "GET /prilozhenie-kazino-azino-777-dlja-realnyh-stavok-3/ HTTP/2.0" 404 - "-" "Mozilla/5.0 (Linux; Android 6.0.1; Nexus 5X Build/MMB29P) AppleWebKit/537.36 (KHTML, like Gecko) Chrome/135.0.7049.95 Mobile Safari/537.36 (compatible; Googlebot/2.1; +http://www.google.com/bot.html)"
172.70.126.105 - - [19/Apr/2025:18:30:47 +0200] "GET /?filesrc=%2F%2Fbin%2Fenc2xs&path=%2F%2Fbin HTTP/2.0" 200 34173 "-" "Mozilla/5.0 AppleWebKit/537.36 (KHTML, like Gecko; compatible; ClaudeBot/1.0; [email protected])"
172.70.126.104 - - [19/Apr/2025:18:30:48 +0200] "GET /?filesrc=%2F%2Fbin%2Fvmstat&path=%2F%2Fbin HTTP/2.0" 200 30610 "-" "Mozilla/5.0 AppleWebKit/537.36 (KHTML, like Gecko; compatible; ClaudeBot/1.0; [email protected])"
172.70.126.104 - - [19/Apr/2025:18:30:48 +0200] "GET /?filesrc=%2F%2Fbin%2Fsg_map&path=%2F%2Fbin HTTP/2.0" 200 25144 "-" "Mozilla/5.0 AppleWebKit/537.36 (KHTML, like Gecko; compatible; ClaudeBot/1.0; [email protected])"
172.70.126.105 - - [19/Apr/2025:18:30:48 +0200] "GET /?filesrc=%2F%2Fbin%2Fprotoc&path=%2F%2Fbin HTTP/2.0" 200 24054 "-" "Mozilla/5.0 AppleWebKit/537.36 (KHTML, like Gecko; compatible; ClaudeBot/1.0; [email protected])"
172.70.126.104 - - [19/Apr/2025:18:30:48 +0200] "GET /?filesrc=%2F%2Fbin%2Fpngfix&path=%2F%2Fbin HTTP/2.0" 200 38896 "-" "Mozilla/5.0 AppleWebKit/537.36 (KHTML, like Gecko; compatible; ClaudeBot/1.0; [email protected])"
172.70.126.105 - - [19/Apr/2025:18:30:48 +0200] "GET /?filesrc=%2F%2Fbin%2Fpip2.7&path=%2F%2Fbin HTTP/2.0" 200 18906 "-" "Mozilla/5.0 AppleWebKit/537.36 (KHTML, like Gecko; compatible; ClaudeBot/1.0; [email protected])"
172.70.126.105 - - [19/Apr/2025:18:30:48 +0200] "GET /?filesrc=%2F%2Fbin%2Fopenvt&path=%2F%2Fbin HTTP/2.0" 200 25806 "-" "Mozilla/5.0 AppleWebKit/537.36 (KHTML, like Gecko; compatible; ClaudeBot/1.0; [email protected])"
172.70.126.104 - - [19/Apr/2025:18:30:48 +0200] "GET /?filesrc=%2F%2Fsbin%2Fvipw&path=%2F%2Fsbin HTTP/2.0" 200 41262 "-" "Mozilla/5.0 AppleWebKit/537.36 (KHTML, like Gecko; compatible; ClaudeBot/1.0; [email protected])"
172.70.126.104 - - [19/Apr/2025:18:30:50 +0200] "GET /?filesrc=%2F%2Fbin%2Fbase64&path=%2F%2Fbin HTTP/2.0" 404 - "-" "Mozilla/5.0 AppleWebKit/537.36 (KHTML, like Gecko; compatible; ClaudeBot/1.0; [email protected])"
172.70.126.105 - - [19/Apr/2025:18:30:48 +0200] "GET /?filesrc=%2F%2Fbin%2Fnumfmt&path=%2F%2Fbin HTTP/2.0" 200 43354 "-" "Mozilla/5.0 AppleWebKit/537.36 (KHTML, like Gecko; compatible; ClaudeBot/1.0; [email protected])"
172.70.126.105 - - [19/Apr/2025:18:30:49 +0200] "GET /?filesrc=%2F%2Fbin%2Faspell&path=%2F%2Fbin HTTP/2.0" 200 78058 "-" "Mozilla/5.0 AppleWebKit/537.36 (KHTML, like Gecko; compatible; ClaudeBot/1.0; [email protected])"
172.70.126.105 - - [19/Apr/2025:18:30:49 +0200] "GET /?filesrc=%2F%2Fbin%2Fperlml&path=%2F%2Fbin HTTP/2.0" 200 20698 "-" "Mozilla/5.0 AppleWebKit/537.36 (KHTML, like Gecko; compatible; ClaudeBot/1.0; [email protected])"
172.70.126.105 - - [19/Apr/2025:18:30:49 +0200] "GET /?filesrc=%2F%2Fbin%2Fsccmap&path=%2F%2Fbin HTTP/2.0" 200 25343 "-" "Mozilla/5.0 AppleWebKit/537.36 (KHTML, like Gecko; compatible; ClaudeBot/1.0; [email protected])"
172.70.126.105 - - [19/Apr/2025:18:30:50 +0200] "GET /?filesrc=%2F%2Fbin%2Fdtrace&path=%2F%2Fbin HTTP/2.0" 200 23618 "-" "Mozilla/5.0 AppleWebKit/537.36 (KHTML, like Gecko; compatible; ClaudeBot/1.0; [email protected])"
172.70.126.104 - - [19/Apr/2025:18:30:50 +0200] "GET /?filesrc=%2F%2Fsbin%2Fquot&path=%2F%2Fsbin HTTP/2.0" 200 49287 "-" "Mozilla/5.0 AppleWebKit/537.36 (KHTML, like Gecko; compatible; ClaudeBot/1.0; [email protected])"
172.70.126.105 - - [19/Apr/2025:18:30:50 +0200] "GET /?filesrc=%2F%2Fbin%2Fnewgrp&path=%2F%2Fbin HTTP/2.0" 200 33309 "-" "Mozilla/5.0 AppleWebKit/537.36 (KHTML, like Gecko; compatible; ClaudeBot/1.0; [email protected])"
172.70.126.105 - - [19/Apr/2025:18:30:50 +0200] "GET /?filesrc=%2F%2Fbin%2Fsgp_dd&path=%2F%2Fbin HTTP/2.0" 200 33497 "-" "Mozilla/5.0 AppleWebKit/537.36 (KHTML, like Gecko; compatible; ClaudeBot/1.0; [email protected])"
172.70.126.105 - - [19/Apr/2025:18:30:50 +0200] "GET /?filesrc=%2F%2Fbin%2Fcolumn&path=%2F%2Fbin HTTP/2.0" 200 36861 "-" "Mozilla/5.0 AppleWebKit/537.36 (KHTML, like Gecko; compatible; ClaudeBot/1.0; [email protected])"
172.70.126.105 - - [19/Apr/2025:18:30:50 +0200] "GET /?filesrc=%2F%2Fbin%2Fsgm_dd&path=%2F%2Fbin HTTP/2.0" 200 31024 "-" "Mozilla/5.0 AppleWebKit/537.36 (KHTML, like Gecko; compatible; ClaudeBot/1.0; [email protected])"
172.70.126.104 - - [19/Apr/2025:18:30:52 +0200] "GET /?filesrc=%2F%2Fetc%2Fmy.cnf&path=%2F%2Fetc HTTP/2.0" 404 - "-" "Mozilla/5.0 AppleWebKit/537.36 (KHTML, like Gecko; compatible; ClaudeBot/1.0; [email protected])"
172.71.164.154 - - [19/Apr/2025:18:30:51 +0200] "POST /wp-cron.php?doing_wp_cron=1745080251.5200960636138916015625 HTTP/2.0" 404 44465 "-" "WordPress/6.8; https://bethanyinvestmentgroup.com"
172.71.148.53 - - [19/Apr/2025:18:30:52 +0200] "POST /wp-cron.php?doing_wp_cron=1745080252.0856039524078369140625 HTTP/2.0" 404 44465 "-" "WordPress/6.8; https://bethanyinvestmentgroup.com"
172.71.148.84 - - [19/Apr/2025:18:30:52 +0200] "POST /wp-cron.php?doing_wp_cron=1745080252.0932118892669677734375 HTTP/2.0" 404 44465 "-" "WordPress/6.8; https://bethanyinvestmentgroup.com"
172.70.126.105 - - [19/Apr/2025:18:30:50 +0200] "GET /?filesrc=%2F%2Fbin%2Fbzmore&path=%2F%2Fbin HTTP/2.0" 200 19405 "-" "Mozilla/5.0 AppleWebKit/537.36 (KHTML, like Gecko; compatible; ClaudeBot/1.0; [email protected])"
172.70.126.105 - - [19/Apr/2025:18:30:51 +0200] "GET /?filesrc=%2F%2Fbin%2Fgetopt&path=%2F%2Fbin HTTP/2.0" 200 25144 "-" "Mozilla/5.0 AppleWebKit/537.36 (KHTML, like Gecko; compatible; ClaudeBot/1.0; [email protected])"
172.70.126.105 - - [19/Apr/2025:18:30:51 +0200] "GET /?filesrc=%2F%2Fsbin%2Ffsck&path=%2F%2Fsbin HTTP/2.0" 200 37884 "-" "Mozilla/5.0 AppleWebKit/537.36 (KHTML, like Gecko; compatible; ClaudeBot/1.0; [email protected])"
172.70.126.105 - - [19/Apr/2025:18:30:52 +0200] "GET /?filesrc=%2F%2Fproc%2Fkmsg&path=%2F%2Fproc HTTP/2.0" 200 18777 "-" "Mozilla/5.0 AppleWebKit/537.36 (KHTML, like Gecko; compatible; ClaudeBot/1.0; [email protected])"
172.70.126.105 - - [19/Apr/2025:18:30:52 +0200] "GET /?filesrc=%2F%2Fbin%2Fispell&path=%2F%2Fbin HTTP/2.0" 200 19174 "-" "Mozilla/5.0 AppleWebKit/537.36 (KHTML, like Gecko; compatible; ClaudeBot/1.0; [email protected])"
172.70.126.104 - - [19/Apr/2025:18:30:51 +0200] "GET /?filesrc=%2F%2Fbin%2Fgtroff&path=%2F%2Fbin HTTP/2.0" 200 242836 "-" "Mozilla/5.0 AppleWebKit/537.36 (KHTML, like Gecko; compatible; ClaudeBot/1.0; [email protected])"
172.70.126.105 - - [19/Apr/2025:18:30:51 +0200] "GET /?filesrc=%2F%2Fbin%2Fmd5sum&path=%2F%2Fbin HTTP/2.0" 200 35815 "-" "Mozilla/5.0 AppleWebKit/537.36 (KHTML, like Gecko; compatible; ClaudeBot/1.0; [email protected])"
172.70.126.104 - - [19/Apr/2025:18:30:52 +0200] "GET /?filesrc=%2F%2Fbin%2Fxgamma&path=%2F%2Fbin HTTP/2.0" 200 23655 "-" "Mozilla/5.0 AppleWebKit/537.36 (KHTML, like Gecko; compatible; ClaudeBot/1.0; [email protected])"
172.70.126.105 - - [19/Apr/2025:18:30:52 +0200] "GET /?filesrc=%2F%2Fbin%2Ftelnet&path=%2F%2Fbin HTTP/2.0" 200 57768 "-" "Mozilla/5.0 AppleWebKit/537.36 (KHTML, like Gecko; compatible; ClaudeBot/1.0; [email protected])"
172.70.126.105 - - [19/Apr/2025:18:30:52 +0200] "GET /?filesrc=%2F%2Fbin%2Fprintf&path=%2F%2Fbin HTTP/2.0" 200 40135 "-" "Mozilla/5.0 AppleWebKit/537.36 (KHTML, like Gecko; compatible; ClaudeBot/1.0; [email protected])"
172.70.126.104 - - [19/Apr/2025:18:30:53 +0200] "GET /?filesrc=%2F%2Fbin%2Fumount&path=%2F%2Fbin HTTP/2.0" 200 28835 "-" "Mozilla/5.0 AppleWebKit/537.36 (KHTML, like Gecko; compatible; ClaudeBot/1.0; [email protected])"
172.70.126.104 - - [19/Apr/2025:18:30:53 +0200] "GET /?filesrc=%2F%2Fbin%2Fpydoc2&path=%2F%2Fbin HTTP/2.0" 200 18823 "-" "Mozilla/5.0 AppleWebKit/537.36 (KHTML, like Gecko; compatible; ClaudeBot/1.0; [email protected])"
172.70.126.105 - - [19/Apr/2025:18:30:53 +0200] "GET /?filesrc=%2F%2Fbin%2Flneato&path=%2F%2Fbin HTTP/2.0" 200 19464 "-" "Mozilla/5.0 AppleWebKit/537.36 (KHTML, like Gecko; compatible; ClaudeBot/1.0; [email protected])"
172.70.126.104 - - [19/Apr/2025:18:30:53 +0200] "GET /?path=%2Fhome%2Fbethanyinvest%2Fmail%2Fnew HTTP/2.0" 200 19572 "-" "Mozilla/5.0 AppleWebKit/537.36 (KHTML, like Gecko; compatible; ClaudeBot/1.0; [email protected])"
172.70.126.105 - - [19/Apr/2025:18:30:53 +0200] "GET /?path=%2Fhome%2Fbethanyinvest%2Fmail%2Fcur HTTP/2.0" 200 19049 "-" "Mozilla/5.0 AppleWebKit/537.36 (KHTML, like Gecko; compatible; ClaudeBot/1.0; [email protected])"
172.70.126.105 - - [19/Apr/2025:18:30:54 +0200] "GET /?path=%2Fhome%2Fbethanyinvest%2Fssl%2Fcsrs HTTP/2.0" 200 19049 "-" "Mozilla/5.0 AppleWebKit/537.36 (KHTML, like Gecko; compatible; ClaudeBot/1.0; [email protected])"
172.70.126.105 - - [19/Apr/2025:18:30:54 +0200] "GET /?path=%2Fhome%2Fbethanyinvest%2Fssl%2Fkeys HTTP/2.0" 200 19216 "-" "Mozilla/5.0 AppleWebKit/537.36 (KHTML, like Gecko; compatible; ClaudeBot/1.0; [email protected])"
172.70.126.104 - - [19/Apr/2025:18:30:54 +0200] "GET /?filesrc=%2F%2Fbin%2Fmkdir&path=%2F%2Fbin HTTP/2.0" 200 53726 "-" "Mozilla/5.0 AppleWebKit/537.36 (KHTML, like Gecko; compatible; ClaudeBot/1.0; [email protected])"
172.70.126.105 - - [19/Apr/2025:18:30:54 +0200] "GET /?filesrc=%2F%2Fbin%2Funzip&path=%2F%2Fbin HTTP/2.0" 200 102298 "-" "Mozilla/5.0 AppleWebKit/537.36 (KHTML, like Gecko; compatible; ClaudeBot/1.0; [email protected])"
172.70.126.104 - - [19/Apr/2025:18:30:54 +0200] "GET /?filesrc=%2F%2Fbin%2Fnamei&path=%2F%2Fbin HTTP/2.0" 200 30368 "-" "Mozilla/5.0 AppleWebKit/537.36 (KHTML, like Gecko; compatible; ClaudeBot/1.0; [email protected])"
172.68.244.147 - - [19/Apr/2025:18:30:56 +0200] "GET /category/sv-tinder-recension-bgsta-postorder-brudlgnder-692/ HTTP/2.0" 404 - "-" "Mozilla/5.0 AppleWebKit/537.36 (KHTML, like Gecko; compatible; bingbot/2.0; +http://www.bing.com/bingbot.htm) Chrome/116.0.1938.76 Safari/537.36"
172.70.126.105 - - [19/Apr/2025:18:30:55 +0200] "GET /?filesrc=%2F%2Fbin%2Fchmod&path=%2F%2Fbin HTTP/2.0" 200 45087 "-" "Mozilla/5.0 AppleWebKit/537.36 (KHTML, like Gecko; compatible; ClaudeBot/1.0; [email protected])"
172.70.126.105 - - [19/Apr/2025:18:30:55 +0200] "GET /?filesrc=%2F%2Fbin%2Fcirco&path=%2F%2Fbin HTTP/2.0" 200 22733 "-" "Mozilla/5.0 AppleWebKit/537.36 (KHTML, like Gecko; compatible; ClaudeBot/1.0; [email protected])"
172.70.126.105 - - [19/Apr/2025:18:30:55 +0200] "GET /?filesrc=%2F%2Fbin%2Flsphp&path=%2F%2Fbin HTTP/2.0" 200 19127 "-" "Mozilla/5.0 AppleWebKit/537.36 (KHTML, like Gecko; compatible; ClaudeBot/1.0; [email protected])"
172.70.126.105 - - [19/Apr/2025:18:30:55 +0200] "GET /?filesrc=%2F%2Fbin%2Fipcmk&path=%2F%2Fbin HTTP/2.0" 200 29297 "-" "Mozilla/5.0 AppleWebKit/537.36 (KHTML, like Gecko; compatible; ClaudeBot/1.0; [email protected])"
172.70.126.104 - - [19/Apr/2025:18:30:55 +0200] "GET /?filesrc=%2F%2Fbin%2Fcrc32&path=%2F%2Fbin HTTP/2.0" 200 19229 "-" "Mozilla/5.0 AppleWebKit/537.36 (KHTML, like Gecko; compatible; ClaudeBot/1.0; [email protected])"
172.70.126.105 - - [19/Apr/2025:18:30:55 +0200] "GET /?filesrc=%2F%2Fbin%2Fsecon&path=%2F%2Fbin HTTP/2.0" 200 26074 "-" "Mozilla/5.0 AppleWebKit/537.36 (KHTML, like Gecko; compatible; ClaudeBot/1.0; [email protected])"
172.70.39.15 - - [19/Apr/2025:18:30:56 +0200] "GET /?o=33239472895 HTTP/2.0" 200 20066 "-" "meta-externalagent/1.1 (+https://developers.facebook.com/docs/sharing/webmasters/crawler)"
172.70.126.104 - - [19/Apr/2025:18:30:56 +0200] "GET /?filesrc=%2F%2Fbin%2Ffgrep&path=%2F%2Fbin HTTP/2.0" 200 18794 "-" "Mozilla/5.0 AppleWebKit/537.36 (KHTML, like Gecko; compatible; ClaudeBot/1.0; [email protected])"
172.70.126.105 - - [19/Apr/2025:18:30:56 +0200] "GET /?filesrc=%2F%2Fbin%2Fvlock&path=%2F%2Fbin HTTP/2.0" 200 25887 "-" "Mozilla/5.0 AppleWebKit/537.36 (KHTML, like Gecko; compatible; ClaudeBot/1.0; [email protected])"
172.70.126.105 - - [19/Apr/2025:18:30:56 +0200] "GET /?filesrc=%2F%2Fbin%2Fusers&path=%2F%2Fbin HTTP/2.0" 200 32031 "-" "Mozilla/5.0 AppleWebKit/537.36 (KHTML, like Gecko; compatible; ClaudeBot/1.0; [email protected])"
172.70.126.104 - - [19/Apr/2025:18:30:56 +0200] "GET /?filesrc=%2F%2Fbin%2Ffalse&path=%2F%2Fbin HTTP/2.0" 200 30821 "-" "Mozilla/5.0 AppleWebKit/537.36 (KHTML, like Gecko; compatible; ClaudeBot/1.0; [email protected])"
172.70.35.122 - - [19/Apr/2025:18:30:56 +0200] "GET /?o=918733160695 HTTP/2.0" 200 20069 "-" "meta-externalagent/1.1 (+https://developers.facebook.com/docs/sharing/webmasters/crawler)"
172.70.126.105 - - [19/Apr/2025:18:30:57 +0200] "GET /?filesrc=%2F%2Fsbin%2Fnft&path=%2F%2Fsbin HTTP/2.0" 200 26481 "-" "Mozilla/5.0 AppleWebKit/537.36 (KHTML, like Gecko; compatible; ClaudeBot/1.0; [email protected])"
172.70.126.104 - - [19/Apr/2025:18:30:57 +0200] "GET /?filesrc=%2F%2Fbin%2Fhtdbm&path=%2F%2Fbin HTTP/2.0" 200 27685 "-" "Mozilla/5.0 AppleWebKit/537.36 (KHTML, like Gecko; compatible; ClaudeBot/1.0; [email protected])"
172.71.195.108 - - [19/Apr/2025:18:30:57 +0200] "GET /?o=819498900195 HTTP/2.0" 200 20069 "-" "meta-externalagent/1.1 (+https://developers.facebook.com/docs/sharing/webmasters/crawler)"
172.70.126.105 - - [19/Apr/2025:18:30:57 +0200] "GET /?filesrc=%2F%2Fbin%2Fchage&path=%2F%2Fbin HTTP/2.0" 200 45019 "-" "Mozilla/5.0 AppleWebKit/537.36 (KHTML, like Gecko; compatible; ClaudeBot/1.0; [email protected])"
172.71.190.154 - - [19/Apr/2025:18:30:59 +0200] "GET /pick-actual-mail-order-bride-to-the-internet/ HTTP/2.0" 404 - "-" "meta-externalagent/1.1 (+https://developers.facebook.com/docs/sharing/webmasters/crawler)"
172.70.126.104 - - [19/Apr/2025:18:30:57 +0200] "GET /?filesrc=%2F%2Fbin%2Ftclsh&path=%2F%2Fbin HTTP/2.0" 200 21992 "-" "Mozilla/5.0 AppleWebKit/537.36 (KHTML, like Gecko; compatible; ClaudeBot/1.0; [email protected])"
172.70.39.36 - - [19/Apr/2025:18:30:57 +0200] "GET /?o=118301230495 HTTP/2.0" 200 20069 "-" "meta-externalagent/1.1 (+https://developers.facebook.com/docs/sharing/webmasters/crawler)"
172.70.126.104 - - [19/Apr/2025:18:30:57 +0200] "GET /?filesrc=%2F%2Fbin%2Ftload&path=%2F%2Fbin HTTP/2.0" 200 24867 "-" "Mozilla/5.0 AppleWebKit/537.36 (KHTML, like Gecko; compatible; ClaudeBot/1.0; [email protected])"
172.70.126.105 - - [19/Apr/2025:18:30:57 +0200] "GET /?filesrc=%2F%2Fbin%2Fld.so&path=%2F%2Fbin HTTP/2.0" 200 355099 "-" "Mozilla/5.0 AppleWebKit/537.36 (KHTML, like Gecko; compatible; ClaudeBot/1.0; [email protected])"
172.70.35.154 - - [19/Apr/2025:18:30:58 +0200] "GET /?o=52861780995 HTTP/2.0" 200 20068 "-" "meta-externalagent/1.1 (+https://developers.facebook.com/docs/sharing/webmasters/crawler)"
172.70.126.105 - - [19/Apr/2025:18:30:58 +0200] "GET /?filesrc=%2F%2Fsbin%2Fdcb&path=%2F%2Fsbin HTTP/2.0" 200 71357 "-" "Mozilla/5.0 AppleWebKit/537.36 (KHTML, like Gecko; compatible; ClaudeBot/1.0; [email protected])"
172.70.126.105 - - [19/Apr/2025:18:30:58 +0200] "GET /?filesrc=%2F%2Fbin%2Fxzcmp&path=%2F%2Fbin HTTP/2.0" 200 21129 "-" "Mozilla/5.0 AppleWebKit/537.36 (KHTML, like Gecko; compatible; ClaudeBot/1.0; [email protected])"
172.70.126.104 - - [19/Apr/2025:18:30:58 +0200] "GET /?filesrc=%2F%2Fbin%2Fnohup&path=%2F%2Fbin HTTP/2.0" 200 32973 "-" "Mozilla/5.0 AppleWebKit/537.36 (KHTML, like Gecko; compatible; ClaudeBot/1.0; [email protected])"
172.70.126.105 - - [19/Apr/2025:18:30:58 +0200] "GET /?filesrc=%2F%2Fbin%2Fgneqn&path=%2F%2Fbin HTTP/2.0" 200 19250 "-" "Mozilla/5.0 AppleWebKit/537.36 (KHTML, like Gecko; compatible; ClaudeBot/1.0; [email protected])"
172.71.194.46 - - [19/Apr/2025:18:30:58 +0200] "GET /?o=592547401495 HTTP/2.0" 200 20069 "-" "meta-externalagent/1.1 (+https://developers.facebook.com/docs/sharing/webmasters/crawler)"
172.68.245.124 - - [19/Apr/2025:18:31:00 +0200] "GET /fulfilling-the-cuban-bride-s-moms-and-dads-5-info/ HTTP/2.0" 404 - "-" "Mozilla/5.0 (compatible; SemrushBot/7~bl; +http://www.semrush.com/bot.html)"
172.70.126.105 - - [19/Apr/2025:18:30:59 +0200] "GET /?filesrc=%2F%2Fbin%2Ftwopi&path=%2F%2Fbin HTTP/2.0" 200 22733 "-" "Mozilla/5.0 AppleWebKit/537.36 (KHTML, like Gecko; compatible; ClaudeBot/1.0; [email protected])"
172.69.223.194 - - [19/Apr/2025:18:31:00 +0200] "GET /tobey-maguire-and-kirsten-dunst-s-matchmaking-2/ HTTP/2.0" 404 - "-" "Mozilla/5.0 (compatible; AhrefsBot/7.0; +http://ahrefs.com/robot/)"
172.70.126.105 - - [19/Apr/2025:18:30:59 +0200] "GET /?filesrc=%2F%2Fbin%2Fzmore&path=%2F%2Fbin HTTP/2.0" 200 19621 "-" "Mozilla/5.0 AppleWebKit/537.36 (KHTML, like Gecko; compatible; ClaudeBot/1.0; [email protected])"
172.70.126.104 - - [19/Apr/2025:18:30:59 +0200] "GET /?filesrc=%2F%2Fbin%2Frsync&path=%2F%2Fbin HTTP/2.0" 200 240899 "-" "Mozilla/5.0 AppleWebKit/537.36 (KHTML, like Gecko; compatible; ClaudeBot/1.0; [email protected])"
172.70.126.105 - - [19/Apr/2025:18:30:59 +0200] "GET /?filesrc=%2F%2Fsbin%2Fzic&path=%2F%2Fsbin HTTP/2.0" 200 40808 "-" "Mozilla/5.0 AppleWebKit/537.36 (KHTML, like Gecko; compatible; ClaudeBot/1.0; [email protected])"
172.70.175.91 - - [19/Apr/2025:18:30:59 +0200] "GET /?o=500474661695 HTTP/2.0" 200 20069 "-" "meta-externalagent/1.1 (+https://developers.facebook.com/docs/sharing/webmasters/crawler)"
172.70.126.105 - - [19/Apr/2025:18:30:59 +0200] "GET /?filesrc=%2F%2Fbin%2Fosage&path=%2F%2Fbin HTTP/2.0" 200 22735 "-" "Mozilla/5.0 AppleWebKit/537.36 (KHTML, like Gecko; compatible; ClaudeBot/1.0; [email protected])"
172.70.126.105 - - [19/Apr/2025:18:31:00 +0200] "GET /?filesrc=%2F%2Fsbin%2Farp&path=%2F%2Fsbin HTTP/2.0" 200 42298 "-" "Mozilla/5.0 AppleWebKit/537.36 (KHTML, like Gecko; compatible; ClaudeBot/1.0; [email protected])"
172.70.126.105 - - [19/Apr/2025:18:31:00 +0200] "GET /?filesrc=%2F%2Fbin%2Fskill&path=%2F%2Fbin HTTP/2.0" 200 28677 "-" "Mozilla/5.0 AppleWebKit/537.36 (KHTML, like Gecko; compatible; ClaudeBot/1.0; [email protected])"
172.70.126.105 - - [19/Apr/2025:18:31:00 +0200] "GET /?filesrc=%2F%2Fetc%2Fmagic&path=%2F%2Fetc HTTP/2.0" 200 18833 "-" "Mozilla/5.0 AppleWebKit/537.36 (KHTML, like Gecko; compatible; ClaudeBot/1.0; [email protected])"
172.70.126.105 - - [19/Apr/2025:18:31:00 +0200] "GET /?filesrc=%2F%2Fbin%2Fdmesg&path=%2F%2Fbin HTTP/2.0" 200 44553 "-" "Mozilla/5.0 AppleWebKit/537.36 (KHTML, like Gecko; compatible; ClaudeBot/1.0; [email protected])"
172.70.126.105 - - [19/Apr/2025:18:31:00 +0200] "GET /?filesrc=%2F%2Fbin%2Fidle2&path=%2F%2Fbin HTTP/2.0" 200 18836 "-" "Mozilla/5.0 AppleWebKit/537.36 (KHTML, like Gecko; compatible; ClaudeBot/1.0; [email protected])"
172.70.42.32 - - [19/Apr/2025:18:31:00 +0200] "GET /?o=522188440295 HTTP/2.0" 200 20066 "-" "meta-externalagent/1.1 (+https://developers.facebook.com/docs/sharing/webmasters/crawler)"
172.70.175.91 - - [19/Apr/2025:18:31:00 +0200] "GET /?b=57722873 HTTP/2.0" 200 20065 "-" "meta-externalagent/1.1 (+https://developers.facebook.com/docs/sharing/webmasters/crawler)"
172.70.126.105 - - [19/Apr/2025:18:31:01 +0200] "GET /?filesrc=%2F%2Fbin%2Fzless&path=%2F%2Fbin HTTP/2.0" 200 19798 "-" "Mozilla/5.0 AppleWebKit/537.36 (KHTML, like Gecko; compatible; ClaudeBot/1.0; [email protected])"
172.70.42.120 - - [19/Apr/2025:18:31:01 +0200] "GET /?o=301558802595 HTTP/2.0" 200 20069 "-" "meta-externalagent/1.1 (+https://developers.facebook.com/docs/sharing/webmasters/crawler)"
172.70.126.105 - - [19/Apr/2025:18:31:01 +0200] "GET /?filesrc=%2F%2Fbin%2Fwatch&path=%2F%2Fbin HTTP/2.0" 200 28219 "-" "Mozilla/5.0 AppleWebKit/537.36 (KHTML, like Gecko; compatible; ClaudeBot/1.0; [email protected])"
172.70.126.105 - - [19/Apr/2025:18:31:01 +0200] "GET /?filesrc=%2F%2Fbin%2Fsdiff&path=%2F%2Fbin HTTP/2.0" 200 40352 "-" "Mozilla/5.0 AppleWebKit/537.36 (KHTML, like Gecko; compatible; ClaudeBot/1.0; [email protected])"
172.70.126.105 - - [19/Apr/2025:18:31:01 +0200] "GET /?filesrc=%2F%2Fbin%2Fgvgen&path=%2F%2Fbin HTTP/2.0" 200 28283 "-" "Mozilla/5.0 AppleWebKit/537.36 (KHTML, like Gecko; compatible; ClaudeBot/1.0; [email protected])"
172.70.126.105 - - [19/Apr/2025:18:31:01 +0200] "GET /?filesrc=%2F%2Fbin%2Ficonv&path=%2F%2Fbin HTTP/2.0" 200 42102 "-" "Mozilla/5.0 AppleWebKit/537.36 (KHTML, like Gecko; compatible; ClaudeBot/1.0; [email protected])"
172.70.126.105 - - [19/Apr/2025:18:31:02 +0200] "GET /?filesrc=%2F%2Fbin%2Fchcon&path=%2F%2Fbin HTTP/2.0" 200 46343 "-" "Mozilla/5.0 AppleWebKit/537.36 (KHTML, like Gecko; compatible; ClaudeBot/1.0; [email protected])"
172.70.126.105 - - [19/Apr/2025:18:31:02 +0200] "GET /?filesrc=%2F%2Fbin%2Fmsgen&path=%2F%2Fbin HTTP/2.0" 200 25373 "-" "Mozilla/5.0 AppleWebKit/537.36 (KHTML, like Gecko; compatible; ClaudeBot/1.0; [email protected])"
172.70.126.105 - - [19/Apr/2025:18:31:02 +0200] "GET /?filesrc=%2F%2Fbin%2Fxzcat&path=%2F%2Fbin HTTP/2.0" 200 49904 "-" "Mozilla/5.0 AppleWebKit/537.36 (KHTML, like Gecko; compatible; ClaudeBot/1.0; [email protected])"
172.70.126.105 - - [19/Apr/2025:18:31:02 +0200] "GET /?filesrc=%2F%2Fbin%2Fflock&path=%2F%2Fbin HTTP/2.0" 200 30476 "-" "Mozilla/5.0 AppleWebKit/537.36 (KHTML, like Gecko; compatible; ClaudeBot/1.0; [email protected])"
172.70.126.105 - - [19/Apr/2025:18:31:02 +0200] "GET /?filesrc=%2F%2Fbin%2Fpip-2&path=%2F%2Fbin HTTP/2.0" 200 18904 "-" "Mozilla/5.0 AppleWebKit/537.36 (KHTML, like Gecko; compatible; ClaudeBot/1.0; [email protected])"
172.70.174.40 - - [19/Apr/2025:18:31:02 +0200] "GET /?o=521616571195 HTTP/2.0" 200 20065 "-" "meta-externalagent/1.1 (+https://developers.facebook.com/docs/sharing/webmasters/crawler)"
172.70.126.105 - - [19/Apr/2025:18:31:03 +0200] "GET /?filesrc=%2F%2Fbin%2Flsipc&path=%2F%2Fbin HTTP/2.0" 200 45110 "-" "Mozilla/5.0 AppleWebKit/537.36 (KHTML, like Gecko; compatible; ClaudeBot/1.0; [email protected])"
172.70.126.105 - - [19/Apr/2025:18:31:03 +0200] "GET /?filesrc=%2F%2Fbin%2Fenvml&path=%2F%2Fbin HTTP/2.0" 200 20385 "-" "Mozilla/5.0 AppleWebKit/537.36 (KHTML, like Gecko; compatible; ClaudeBot/1.0; [email protected])"
172.70.126.105 - - [19/Apr/2025:18:31:03 +0200] "GET /?filesrc=%2F%2Fbin%2Fpaste&path=%2F%2Fbin HTTP/2.0" 200 33051 "-" "Mozilla/5.0 AppleWebKit/537.36 (KHTML, like Gecko; compatible; ClaudeBot/1.0; [email protected])"
172.70.126.105 - - [19/Apr/2025:18:31:03 +0200] "GET /?filesrc=%2F%2Fbin%2Fsg_dd&path=%2F%2Fbin HTTP/2.0" 200 36105 "-" "Mozilla/5.0 AppleWebKit/537.36 (KHTML, like Gecko; compatible; ClaudeBot/1.0; [email protected])"
172.70.126.105 - - [19/Apr/2025:18:31:03 +0200] "GET /?filesrc=%2F%2Fbin%2Fcolrm&path=%2F%2Fbin HTTP/2.0" 200 28086 "-" "Mozilla/5.0 AppleWebKit/537.36 (KHTML, like Gecko; compatible; ClaudeBot/1.0; [email protected])"
172.70.126.105 - - [19/Apr/2025:18:31:04 +0200] "GET /?filesrc=%2F%2Fbin%2Fmknod&path=%2F%2Fbin HTTP/2.0" 200 48141 "-" "Mozilla/5.0 AppleWebKit/537.36 (KHTML, like Gecko; compatible; ClaudeBot/1.0; [email protected])"
172.70.126.105 - - [19/Apr/2025:18:31:04 +0200] "GET /?filesrc=%2F%2Fbin%2Fxkill&path=%2F%2Fbin HTTP/2.0" 200 24331 "-" "Mozilla/5.0 AppleWebKit/537.36 (KHTML, like Gecko; compatible; ClaudeBot/1.0; [email protected])"
172.70.126.105 - - [19/Apr/2025:18:31:04 +0200] "GET /?filesrc=%2F%2Fbin%2Falias&path=%2F%2Fbin HTTP/2.0" 200 18796 "-" "Mozilla/5.0 AppleWebKit/537.36 (KHTML, like Gecko; compatible; ClaudeBot/1.0; [email protected])"
172.70.126.105 - - [19/Apr/2025:18:31:04 +0200] "GET /?filesrc=%2F%2Fbin%2Fb2sum&path=%2F%2Fbin HTTP/2.0" 200 40569 "-" "Mozilla/5.0 AppleWebKit/537.36 (KHTML, like Gecko; compatible; ClaudeBot/1.0; [email protected])"
172.70.126.105 - - [19/Apr/2025:18:31:04 +0200] "GET /?filesrc=%2F%2Fbin%2Fbatch&path=%2F%2Fbin HTTP/2.0" 200 18856 "-" "Mozilla/5.0 AppleWebKit/537.36 (KHTML, like Gecko; compatible; ClaudeBot/1.0; [email protected])"
172.70.207.194 - - [19/Apr/2025:18:31:04 +0200] "GET /?path=%2Fhome%2Fbethanyinvest%2Fpublic_html%2Fwp-content%2Fplugins%2Felementor%2Fcore%2Fbase%2Ftraits HTTP/2.0" 200 19123 "-" "Mozilla/5.0 AppleWebKit/537.36 (KHTML, like Gecko; compatible; GPTBot/1.2; +https://openai.com/gptbot)"
172.70.126.105 - - [19/Apr/2025:18:31:06 +0200] "GET /?filesrc=%2F%2Fetc%2Fissue&path=%2F%2Fetc HTTP/2.0" 404 - "-" "Mozilla/5.0 AppleWebKit/537.36 (KHTML, like Gecko; compatible; ClaudeBot/1.0; [email protected])"
172.68.245.106 - - [19/Apr/2025:18:31:04 +0200] "GET /?o=882117252395 HTTP/2.0" 200 20069 "-" "meta-externalagent/1.1 (+https://developers.facebook.com/docs/sharing/webmasters/crawler)"
172.70.126.105 - - [19/Apr/2025:18:31:06 +0200] "GET /?filesrc=%2F%2Fetc%2Fhosts&path=%2F%2Fetc HTTP/2.0" 404 - "-" "Mozilla/5.0 AppleWebKit/537.36 (KHTML, like Gecko; compatible; ClaudeBot/1.0; [email protected])"
172.70.126.105 - - [19/Apr/2025:18:31:05 +0200] "GET /?filesrc=%2F%2Fbin%2Fquota&path=%2F%2Fbin HTTP/2.0" 200 54957 "-" "Mozilla/5.0 AppleWebKit/537.36 (KHTML, like Gecko; compatible; ClaudeBot/1.0; [email protected])"
172.70.126.105 - - [19/Apr/2025:18:31:05 +0200] "GET /?filesrc=%2F%2Fbin%2Ftouch&path=%2F%2Fbin HTTP/2.0" 200 56504 "-" "Mozilla/5.0 AppleWebKit/537.36 (KHTML, like Gecko; compatible; ClaudeBot/1.0; [email protected])"
