172.71.254.209 - - [19/Apr/2025:17:37:04 +0200] "GET /?filesrc=%2Fhome%2Fbethanyinvest%2Fpublic_html%2Fwp-includes%2Fclass-wp-user-query.php&path=%2Fhome%2Fbethanyinvest%2Fpublic_html%2Fwp-includes HTTP/2.0" 200 28344 "-" "Mozilla/5.0 AppleWebKit/537.36 (KHTML, like Gecko; compatible; ClaudeBot/1.0; [email protected])"
172.70.207.193 - - [19/Apr/2025:17:37:09 +0200] "GET /?path=%2Fhome%2Fbethanyinvest%2Fpublic_html%2Fwp-content%2Fplugins%2Felementor%2Fassets%2Fcss%2Fmodules HTTP/2.0" 200 19261 "-" "Mozilla/5.0 AppleWebKit/537.36 (KHTML, like Gecko; compatible; GPTBot/1.2; +https://openai.com/gptbot)"
172.71.172.163 - - [19/Apr/2025:17:37:26 +0200] "POST /wp-cron.php?doing_wp_cron=1745077046.0441350936889648437500 HTTP/2.0" 404 44465 "-" "WordPress/6.8; https://bethanyinvestmentgroup.com"
172.70.207.193 - - [19/Apr/2025:17:37:25 +0200] "GET /?path=%2Fhome%2Fbethanyinvest%2Fpublic_html%2Fwp-content%2Fplugins%2Floco-translate%2Ftpl%2Fadmin%2Ferrors HTTP/2.0" 200 19344 "-" "Mozilla/5.0 AppleWebKit/537.36 (KHTML, like Gecko; compatible; GPTBot/1.2; +https://openai.com/gptbot)"
172.70.39.132 - - [19/Apr/2025:17:37:27 +0200] "GET /everything-you-need-to-discover-before-matchmaking/ HTTP/2.0" 404 - "-" "Mozilla/5.0 (compatible; SemrushBot/7~bl; +http://www.semrush.com/bot.html)"
172.70.174.245 - - [19/Apr/2025:17:37:34 +0200] "GET /?b=88652073 HTTP/2.0" 200 20064 "-" "meta-externalagent/1.1 (+https://developers.facebook.com/docs/sharing/webmasters/crawler)"
172.70.42.150 - - [19/Apr/2025:17:37:44 +0200] "GET /?b=14704973 HTTP/2.0" 200 20067 "-" "meta-externalagent/1.1 (+https://developers.facebook.com/docs/sharing/webmasters/crawler)"
172.68.245.178 - - [19/Apr/2025:17:37:45 +0200] "GET /?b=56874673 HTTP/2.0" 200 20065 "-" "meta-externalagent/1.1 (+https://developers.facebook.com/docs/sharing/webmasters/crawler)"
172.68.151.63 - - [19/Apr/2025:17:37:54 +0200] "GET /jersey-shore-cast-on-getting-older-and-vinnys-awkward-relationship-with-angelina-exclusive-entertainment-tonight/ HTTP/2.0" 404 - "-" "Mozilla/5.0 (compatible; AhrefsBot/7.0; +http://ahrefs.com/robot/)"
172.68.164.133 - - [19/Apr/2025:17:37:59 +0200] "GET /?path=%2Fhome%2Fbethanyinvest%2Fetc HTTP/2.0" 200 19139 "-" "Mozilla/5.0 (Linux; Android 5.0) AppleWebKit/537.36 (KHTML, like Gecko) Mobile Safari/537.36 (compatible; TikTokSpider; [email protected])"
172.70.207.194 - - [19/Apr/2025:17:38:05 +0200] "GET /?path=%2Fhome%2Fbethanyinvest%2Fpublic_html%2Fwp-content%2Fplugins%2Felementor-pro%2Fmodules%2Fmega-menu%2Ftraits HTTP/2.0" 200 19136 "-" "Mozilla/5.0 AppleWebKit/537.36 (KHTML, like Gecko; compatible; GPTBot/1.2; +https://openai.com/gptbot)"
104.23.166.77 - - [19/Apr/2025:17:38:19 +0200] "GET /bbw-hookup-providers-in-2023-discover-your-perfect-curvy-ladies/ HTTP/2.0" 404 - "-" "Mozilla/5.0 (compatible; AhrefsBot/7.0; +http://ahrefs.com/robot/)"
108.162.226.87 - - [19/Apr/2025:17:38:24 +0200] "GET /wp-content/uploads/2022/09/EC1A68011-scaled.jpg HTTP/2.0" 404 - "https://bethanyinvestmentgroup.com/?path=%2Fhome%2Fbethanyinvest%2Fetc" "Mozilla/5.0 (Linux; Android 5.0) AppleWebKit/537.36 (KHTML, like Gecko) Mobile Safari/537.36 (compatible; TikTokSpider; [email protected])"
172.70.39.121 - - [19/Apr/2025:17:38:30 +0200] "GET /philipino-brides-meet-filipino-spouses-over-the/ HTTP/2.0" 404 - "-" "Mozilla/5.0 (compatible; SemrushBot/7~bl; +http://www.semrush.com/bot.html)"
162.158.111.111 - - [19/Apr/2025:17:38:35 +0200] "POST /wp-cron.php?doing_wp_cron=1745077115.6405310630798339843750 HTTP/2.0" 404 44464 "-" "WordPress/6.8; https://bethanyinvestmentgroup.com"
172.70.207.194 - - [19/Apr/2025:17:38:34 +0200] "GET /?path=%2Fhome%2Fbethanyinvest%2Fpublic_html%2Fwp-content%2Fplugins%2Floco-translate%2Ftpl%2Fadmin%2Fhelp HTTP/2.0" 200 19556 "-" "Mozilla/5.0 AppleWebKit/537.36 (KHTML, like Gecko; compatible; GPTBot/1.2; +https://openai.com/gptbot)"
172.71.195.108 - - [19/Apr/2025:17:38:39 +0200] "GET /?o=523451202795 HTTP/2.0" 200 17961 "-" "Mozilla/5.0 AppleWebKit/537.36 (KHTML, like Gecko; compatible; bingbot/2.0; +http://www.bing.com/bingbot.htm) Chrome/116.0.1938.76 Safari/537.36"
172.71.195.108 - - [19/Apr/2025:17:38:41 +0200] "GET /category/dating-over-40-blog/ HTTP/2.0" 404 - "-" "Mozilla/5.0 AppleWebKit/537.36 (KHTML, like Gecko; compatible; bingbot/2.0; +http://www.bing.com/bingbot.htm) Chrome/116.0.1938.76 Safari/537.36"
104.23.168.89 - - [19/Apr/2025:17:38:42 +0200] "GET /during-the-2017-biles-began-a-love-with-stacey/ HTTP/2.0" 404 - "-" "Mozilla/5.0 (compatible; AhrefsBot/7.0; +http://ahrefs.com/robot/)"
172.69.6.85 - - [19/Apr/2025:17:38:48 +0200] "GET /?filesrc=%2Fhome%2Fbethanyinvest%2Fpublic_html%2Fwp-includes%2Fclass-wp-http-encoding.php&path=%2Fhome%2Fbethanyinvest%2Fpublic_html%2Fwp-includes HTTP/2.0" 200 20764 "-" "Mozilla/5.0 AppleWebKit/537.36 (KHTML, like Gecko; compatible; ClaudeBot/1.0; [email protected])"
172.69.6.85 - - [19/Apr/2025:17:38:48 +0200] "GET /?filesrc=%2Fhome%2Fbethanyinvest%2Fpublic_html%2Fwp-includes%2Fclass-wp-recovery-mode.php&path=%2Fhome%2Fbethanyinvest%2Fpublic_html%2Fwp-includes HTTP/2.0" 200 21846 "-" "Mozilla/5.0 AppleWebKit/537.36 (KHTML, like Gecko; compatible; ClaudeBot/1.0; [email protected])"
172.69.6.85 - - [19/Apr/2025:17:38:48 +0200] "GET /?filesrc=%2Fhome%2Fbethanyinvest%2Fpublic_html%2Fwp-includes%2Fclass-wp-http-response.php&path=%2Fhome%2Fbethanyinvest%2Fpublic_html%2Fwp-includes HTTP/2.0" 200 19636 "-" "Mozilla/5.0 AppleWebKit/537.36 (KHTML, like Gecko; compatible; ClaudeBot/1.0; [email protected])"
172.69.6.85 - - [19/Apr/2025:17:38:49 +0200] "GET /?filesrc=%2Fhome%2Fbethanyinvest%2Fpublic_html%2Fwp-includes%2Fclass-wp-comment-query.php&path=%2Fhome%2Fbethanyinvest%2Fpublic_html%2Fwp-includes HTTP/2.0" 200 29297 "-" "Mozilla/5.0 AppleWebKit/537.36 (KHTML, like Gecko; compatible; ClaudeBot/1.0; [email protected])"
172.69.6.85 - - [19/Apr/2025:17:38:49 +0200] "GET /?filesrc=%2Fhome%2Fbethanyinvest%2Fpublic_html%2Fwp-includes%2Fclass-wp-network-query.php&path=%2Fhome%2Fbethanyinvest%2Fpublic_html%2Fwp-includes HTTP/2.0" 200 23644 "-" "Mozilla/5.0 AppleWebKit/537.36 (KHTML, like Gecko; compatible; ClaudeBot/1.0; [email protected])"
172.69.6.85 - - [19/Apr/2025:17:38:50 +0200] "GET /?filesrc=%2Fhome%2Fbethanyinvest%2Fpublic_html%2Fwp-includes%2Fclass-wp-ajax-response.php&path=%2Fhome%2Fbethanyinvest%2Fpublic_html%2Fwp-includes HTTP/2.0" 200 20565 "-" "Mozilla/5.0 AppleWebKit/537.36 (KHTML, like Gecko; compatible; ClaudeBot/1.0; [email protected])"
172.69.6.85 - - [19/Apr/2025:17:38:50 +0200] "GET /?filesrc=%2Fhome%2Fbethanyinvest%2Fpublic_html%2Fwp-includes%2Fclass-wp-dependencies.php&path=%2Fhome%2Fbethanyinvest%2Fpublic_html%2Fwp-includes HTTP/2.0" 200 22413 "-" "Mozilla/5.0 AppleWebKit/537.36 (KHTML, like Gecko; compatible; ClaudeBot/1.0; [email protected])"
172.69.6.85 - - [19/Apr/2025:17:38:51 +0200] "GET /?filesrc=%2Fhome%2Fbethanyinvest%2Fpublic_html%2Fwp-includes%2Fclass-wp-image-editor.php&path=%2Fhome%2Fbethanyinvest%2Fpublic_html%2Fwp-includes HTTP/2.0" 200 23518 "-" "Mozilla/5.0 AppleWebKit/537.36 (KHTML, like Gecko; compatible; ClaudeBot/1.0; [email protected])"
172.69.6.85 - - [19/Apr/2025:17:38:51 +0200] "GET /?filesrc=%2Fhome%2Fbethanyinvest%2Fpublic_html%2Fwp-includes%2Fclass-wp-object-cache.php&path=%2Fhome%2Fbethanyinvest%2Fpublic_html%2Fwp-includes HTTP/2.0" 200 22432 "-" "Mozilla/5.0 AppleWebKit/537.36 (KHTML, like Gecko; compatible; ClaudeBot/1.0; [email protected])"
172.69.6.85 - - [19/Apr/2025:17:38:51 +0200] "GET /?filesrc=%2Fhome%2Fbethanyinvest%2Fpublic_html%2Fwp-includes%2Fclass.wp-dependencies.php&path=%2Fhome%2Fbethanyinvest%2Fpublic_html%2Fwp-includes HTTP/2.0" 200 18997 "-" "Mozilla/5.0 AppleWebKit/537.36 (KHTML, like Gecko; compatible; ClaudeBot/1.0; [email protected])"
172.69.6.85 - - [19/Apr/2025:17:38:52 +0200] "GET /?filesrc=%2Fhome%2Fbethanyinvest%2Fpublic_html%2Fwp-includes%2Fclass-walker-category.php&path=%2Fhome%2Fbethanyinvest%2Fpublic_html%2Fwp-includes HTTP/2.0" 200 21134 "-" "Mozilla/5.0 AppleWebKit/537.36 (KHTML, like Gecko; compatible; ClaudeBot/1.0; [email protected])"
172.69.6.85 - - [19/Apr/2025:17:38:52 +0200] "GET /?filesrc=%2Fhome%2Fbethanyinvest%2Fpublic_html%2Fwp-includes%2Fclass-walker-nav-menu.php&path=%2Fhome%2Fbethanyinvest%2Fpublic_html%2Fwp-includes HTTP/2.0" 200 21391 "-" "Mozilla/5.0 AppleWebKit/537.36 (KHTML, like Gecko; compatible; ClaudeBot/1.0; [email protected])"
172.69.6.85 - - [19/Apr/2025:17:38:52 +0200] "GET /?filesrc=%2Fhome%2Fbethanyinvest%2Fpublic_html%2Fwp-includes%2Fclass-wp-user-request.php&path=%2Fhome%2Fbethanyinvest%2Fpublic_html%2Fwp-includes HTTP/2.0" 200 19394 "-" "Mozilla/5.0 AppleWebKit/537.36 (KHTML, like Gecko; compatible; ClaudeBot/1.0; [email protected])"
172.71.127.52 - - [19/Apr/2025:17:39:06 +0200] "GET /betway-bauernfangerei-2/ HTTP/2.0" 404 - "-" "Mozilla/5.0 (compatible; AhrefsBot/7.0; +http://ahrefs.com/robot/)"
172.70.207.193 - - [19/Apr/2025:17:39:06 +0200] "GET /?filesrc=%2Fhome%2Fbethanyinvest%2Fpublic_html%2Fwp-content%2Fplugins%2Fwoocommerce%2Fassets%2Fclient%2Fadmin%2Fchunks%2F2557.js&path=%2Fhome%2Fbethanyinvest%2Fpublic_html%2Fwp-content%2Fplugins%2Fwoocommerce%2Fassets%2Fclient%2Fadmin%2Fchunks HTTP/2.0" 200 21676 "-" "Mozilla/5.0 AppleWebKit/537.36 (KHTML, like Gecko; compatible; GPTBot/1.2; +https://openai.com/gptbot)"
172.70.38.132 - - [19/Apr/2025:17:39:11 +0200] "GET /free-slots-queenofthenilepokie-com-neteller-casino-no-download/ HTTP/2.0" 404 - "-" "Mozilla/5.0 (compatible; SemrushBot/7~bl; +http://www.semrush.com/bot.html)"
172.71.172.226 - - [19/Apr/2025:17:39:19 +0200] "POST /xmlrpc.php HTTP/2.0" 404 44868 "-" "Mozilla/5.0 (Windows NT 10.0; Win64; x64; rv:51.0) Gecko/20100101 Firefox/51.0"
172.71.232.108 - - [19/Apr/2025:17:39:30 +0200] "GET /flingster-feedback-legitimate-or-rip-off/ HTTP/2.0" 404 - "-" "Mozilla/5.0 (compatible; AhrefsBot/7.0; +http://ahrefs.com/robot/)"
172.71.223.138 - - [19/Apr/2025:17:39:37 +0200] "GET /make-certain-you-was-strengthening-a-property/ HTTP/2.0" 404 - "-" "Mozilla/5.0 (compatible; SemrushBot/7~bl; +http://www.semrush.com/bot.html)"
172.68.245.178 - - [19/Apr/2025:17:39:41 +0200] "GET /former-skip-universe-pageant-contestant-became-a/ HTTP/2.0" 404 - "-" "Mozilla/5.0 (compatible; SemrushBot/7~bl; +http://www.semrush.com/bot.html)"
172.71.164.159 - - [19/Apr/2025:17:39:46 +0200] "POST /wp-cron.php?doing_wp_cron=1745077186.8956980705261230468750 HTTP/2.0" 404 44465 "-" "WordPress/6.8; https://bethanyinvestmentgroup.com"
172.70.38.190 - - [19/Apr/2025:17:39:46 +0200] "GET /?b=15545173 HTTP/2.0" 200 20068 "-" "meta-externalagent/1.1 (+https://developers.facebook.com/docs/sharing/webmasters/crawler)"
172.71.232.42 - - [19/Apr/2025:17:39:52 +0200] "GET /amanda-kloots-first-husband-david-larsen-this-is-what-to-know/ HTTP/2.0" 404 - "-" "Mozilla/5.0 (compatible; AhrefsBot/7.0; +http://ahrefs.com/robot/)"
172.71.194.67 - - [19/Apr/2025:17:39:53 +0200] "GET /?b=60754473 HTTP/2.0" 200 20067 "-" "meta-externalagent/1.1 (+https://developers.facebook.com/docs/sharing/webmasters/crawler)"
172.70.207.194 - - [19/Apr/2025:17:39:55 +0200] "GET /?path=%2Fhome%2Fbethanyinvest%2Fpublic_html%2Fwp-content%2Fplugins%2Felementor%2Fassets%2Fcss%2Fconditionals HTTP/2.0" 200 19410 "-" "Mozilla/5.0 AppleWebKit/537.36 (KHTML, like Gecko; compatible; GPTBot/1.2; +https://openai.com/gptbot)"
172.68.151.20 - - [19/Apr/2025:17:40:15 +0200] "GET /ergo-discerning-modesty-of-humility-in-a-single/ HTTP/2.0" 404 - "-" "Mozilla/5.0 (compatible; AhrefsBot/7.0; +http://ahrefs.com/robot/)"
172.70.207.194 - - [19/Apr/2025:17:40:17 +0200] "GET /?path=%2Fhome%2Fbethanyinvest%2Fpublic_html%2Fwp-content%2Fplugins%2Felementor-pro%2Fmodules%2Fhotspot%2Fassets HTTP/2.0" 200 18947 "-" "Mozilla/5.0 AppleWebKit/537.36 (KHTML, like Gecko; compatible; GPTBot/1.2; +https://openai.com/gptbot)"
172.70.174.226 - - [19/Apr/2025:17:40:31 +0200] "GET /taylor-swift-s-matchmaking-record-regarding-joe/ HTTP/2.0" 404 - "-" "Mozilla/5.0 (compatible; SemrushBot/7~bl; +http://www.semrush.com/bot.html)"
172.71.255.16 - - [19/Apr/2025:17:40:31 +0200] "GET /?filesrc=%2Fhome%2Fbethanyinvest%2Fpublic_html%2Fwp-includes%2Fclass-wp-http-ixr-client.php&path=%2Fhome%2Fbethanyinvest%2Fpublic_html%2Fwp-includes HTTP/2.0" 200 20113 "-" "Mozilla/5.0 AppleWebKit/537.36 (KHTML, like Gecko; compatible; ClaudeBot/1.0; [email protected])"
172.71.255.16 - - [19/Apr/2025:17:40:32 +0200] "GET /?filesrc=%2Fhome%2Fbethanyinvest%2Fpublic_html%2Fwp-includes%2Fclass-wp-matchesmapregex.php&path=%2Fhome%2Fbethanyinvest%2Fpublic_html%2Fwp-includes HTTP/2.0" 200 19414 "-" "Mozilla/5.0 AppleWebKit/537.36 (KHTML, like Gecko; compatible; ClaudeBot/1.0; [email protected])"
172.71.255.15 - - [19/Apr/2025:17:40:32 +0200] "GET /?filesrc=%2Fhome%2Fbethanyinvest%2Fpublic_html%2Fwp-includes%2Fclass-wp-image-editor-gd.php&path=%2Fhome%2Fbethanyinvest%2Fpublic_html%2Fwp-includes HTTP/2.0" 200 23719 "-" "Mozilla/5.0 AppleWebKit/537.36 (KHTML, like Gecko; compatible; ClaudeBot/1.0; [email protected])"
172.71.255.16 - - [19/Apr/2025:17:40:32 +0200] "GET /?filesrc=%2Fhome%2Fbethanyinvest%2Fpublic_html%2Fwp-includes%2Fclass-wp-customize-panel.php&path=%2Fhome%2Fbethanyinvest%2Fpublic_html%2Fwp-includes HTTP/2.0" 200 21817 "-" "Mozilla/5.0 AppleWebKit/537.36 (KHTML, like Gecko; compatible; ClaudeBot/1.0; [email protected])"
172.71.255.15 - - [19/Apr/2025:17:40:32 +0200] "GET /?filesrc=%2Fhome%2Fbethanyinvest%2Fpublic_html%2Fwp-includes%2Fclass-wp-session-tokens.php&path=%2Fhome%2Fbethanyinvest%2Fpublic_html%2Fwp-includes HTTP/2.0" 200 20581 "-" "Mozilla/5.0 AppleWebKit/537.36 (KHTML, like Gecko; compatible; ClaudeBot/1.0; [email protected])"
172.71.255.15 - - [19/Apr/2025:17:40:33 +0200] "GET /?filesrc=%2Fhome%2Fbethanyinvest%2Fpublic_html%2Fwp-includes%2Fpost-thumbnail-template.php&path=%2Fhome%2Fbethanyinvest%2Fpublic_html%2Fwp-includes HTTP/2.0" 200 21044 "-" "Mozilla/5.0 AppleWebKit/537.36 (KHTML, like Gecko; compatible; ClaudeBot/1.0; [email protected])"
172.71.255.16 - - [19/Apr/2025:17:40:33 +0200] "GET /?filesrc=%2Fhome%2Fbethanyinvest%2Fpublic_html%2Fwp-includes%2Fclass-wp-block-supports.php&path=%2Fhome%2Fbethanyinvest%2Fpublic_html%2Fwp-includes HTTP/2.0" 200 20254 "-" "Mozilla/5.0 AppleWebKit/537.36 (KHTML, like Gecko; compatible; ClaudeBot/1.0; [email protected])"
172.69.17.36 - - [19/Apr/2025:17:40:35 +0200] "GET /loggertrait.php?shopdetail/161675773 HTTP/2.0" 200 1 "https://bethanyinvestmentgroup.com/loggertrait.php?sitemap.xml" "Scrapy/2.12.0 (+https://scrapy.org)"
172.71.255.15 - - [19/Apr/2025:17:40:34 +0200] "GET /?filesrc=%2Fhome%2Fbethanyinvest%2Fpublic_html%2Fwp-includes%2Fclass-wp-simplepie-file.php&path=%2Fhome%2Fbethanyinvest%2Fpublic_html%2Fwp-includes HTTP/2.0" 200 20051 "-" "Mozilla/5.0 AppleWebKit/537.36 (KHTML, like Gecko; compatible; ClaudeBot/1.0; [email protected])"
172.71.255.16 - - [19/Apr/2025:17:40:34 +0200] "GET /?filesrc=%2Fhome%2Fbethanyinvest%2Fpublic_html%2Fwp-includes%2Fclass-wp-block-template.php&path=%2Fhome%2Fbethanyinvest%2Fpublic_html%2Fwp-includes HTTP/2.0" 200 19351 "-" "Mozilla/5.0 AppleWebKit/537.36 (KHTML, like Gecko; compatible; ClaudeBot/1.0; [email protected])"
172.71.255.15 - - [19/Apr/2025:17:40:34 +0200] "GET /?filesrc=%2Fhome%2Fbethanyinvest%2Fpublic_html%2Fwp-includes%2Fclass-wp-script-modules.php&path=%2Fhome%2Fbethanyinvest%2Fpublic_html%2Fwp-includes HTTP/2.0" 200 23385 "-" "Mozilla/5.0 AppleWebKit/537.36 (KHTML, like Gecko; compatible; ClaudeBot/1.0; [email protected])"
172.69.17.36 - - [19/Apr/2025:17:40:36 +0200] "GET /loggertrait.php?shopdetail/15960873 HTTP/2.0" 200 1 "https://bethanyinvestmentgroup.com/loggertrait.php?sitemap.xml" "Scrapy/2.12.0 (+https://scrapy.org)"
172.71.255.16 - - [19/Apr/2025:17:40:35 +0200] "GET /?filesrc=%2Fhome%2Fbethanyinvest%2Fpublic_html%2Fwp-includes%2Fclass-wp-widget-factory.php&path=%2Fhome%2Fbethanyinvest%2Fpublic_html%2Fwp-includes HTTP/2.0" 200 19731 "-" "Mozilla/5.0 AppleWebKit/537.36 (KHTML, like Gecko; compatible; ClaudeBot/1.0; [email protected])"
172.71.255.15 - - [19/Apr/2025:17:40:35 +0200] "GET /?filesrc=%2Fhome%2Fbethanyinvest%2Fpublic_html%2Fwp-includes%2Fclass-wp-xmlrpc-server.php&path=%2Fhome%2Fbethanyinvest%2Fpublic_html%2Fwp-includes HTTP/2.0" 200 52939 "-" "Mozilla/5.0 AppleWebKit/537.36 (KHTML, like Gecko; compatible; ClaudeBot/1.0; [email protected])"
172.71.222.63 - - [19/Apr/2025:17:40:35 +0200] "GET /?b=70003273 HTTP/2.0" 200 20067 "-" "meta-externalagent/1.1 (+https://developers.facebook.com/docs/sharing/webmasters/crawler)"
172.71.255.16 - - [19/Apr/2025:17:40:35 +0200] "GET /?filesrc=%2Fhome%2Fbethanyinvest%2Fpublic_html%2Fwp-includes%2Fregistration-functions.php&path=%2Fhome%2Fbethanyinvest%2Fpublic_html%2Fwp-includes HTTP/2.0" 200 18950 "-" "Mozilla/5.0 AppleWebKit/537.36 (KHTML, like Gecko; compatible; ClaudeBot/1.0; [email protected])"
172.69.17.36 - - [19/Apr/2025:17:40:37 +0200] "GET /loggertrait.php?shopdetail/254646773 HTTP/2.0" 200 1 "https://bethanyinvestmentgroup.com/loggertrait.php?sitemap.xml" "Scrapy/2.12.0 (+https://scrapy.org)"
172.69.17.36 - - [19/Apr/2025:17:40:38 +0200] "GET /loggertrait.php?shopdetail/107628373 HTTP/2.0" 200 1 "https://bethanyinvestmentgroup.com/loggertrait.php?sitemap.xml" "Scrapy/2.12.0 (+https://scrapy.org)"
172.70.34.3 - - [19/Apr/2025:17:40:37 +0200] "GET /?b=75057873 HTTP/2.0" 200 20064 "-" "meta-externalagent/1.1 (+https://developers.facebook.com/docs/sharing/webmasters/crawler)"
172.69.17.36 - - [19/Apr/2025:17:40:39 +0200] "GET /loggertrait.php?shopdetail/184663573 HTTP/2.0" 200 1 "https://bethanyinvestmentgroup.com/loggertrait.php?sitemap.xml" "Scrapy/2.12.0 (+https://scrapy.org)"
172.69.17.36 - - [19/Apr/2025:17:40:40 +0200] "GET /loggertrait.php?shopdetail/196268273 HTTP/2.0" 200 1 "https://bethanyinvestmentgroup.com/loggertrait.php?sitemap.xml" "Scrapy/2.12.0 (+https://scrapy.org)"
172.69.223.195 - - [19/Apr/2025:17:40:40 +0200] "GET /whilst-someone-who-was-pc-literate-i-thought-i-d/ HTTP/2.0" 404 - "-" "Mozilla/5.0 (compatible; AhrefsBot/7.0; +http://ahrefs.com/robot/)"
172.68.15.157 - - [19/Apr/2025:17:40:39 +0200] "GET /?b=31414673 HTTP/2.0" 200 20067 "-" "meta-externalagent/1.1 (+https://developers.facebook.com/docs/sharing/webmasters/crawler)"
172.69.17.36 - - [19/Apr/2025:17:40:42 +0200] "GET /loggertrait.php?shopdetail/238759073 HTTP/2.0" 200 1 "https://bethanyinvestmentgroup.com/loggertrait.php?sitemap.xml" "Scrapy/2.12.0 (+https://scrapy.org)"
172.71.223.137 - - [19/Apr/2025:17:40:41 +0200] "GET /?b=57740273 HTTP/2.0" 200 20068 "-" "meta-externalagent/1.1 (+https://developers.facebook.com/docs/sharing/webmasters/crawler)"
172.70.207.194 - - [19/Apr/2025:17:40:41 +0200] "GET /?path=%2Fhome%2Fbethanyinvest%2Fpublic_html%2Fwp-content%2Fplugins%2Felementor-pro%2Fmodules%2Fwoocommerce%2Ftags%2Ftraits HTTP/2.0" 200 19149 "-" "Mozilla/5.0 AppleWebKit/537.36 (KHTML, like Gecko; compatible; GPTBot/1.2; +https://openai.com/gptbot)"
172.69.17.36 - - [19/Apr/2025:17:40:43 +0200] "GET /loggertrait.php?shopdetail/183643673 HTTP/2.0" 200 1 "https://bethanyinvestmentgroup.com/loggertrait.php?sitemap.xml" "Scrapy/2.12.0 (+https://scrapy.org)"
172.69.17.36 - - [19/Apr/2025:17:40:44 +0200] "GET /loggertrait.php?shopdetail/152066873 HTTP/2.0" 200 1 "https://bethanyinvestmentgroup.com/loggertrait.php?sitemap.xml" "Scrapy/2.12.0 (+https://scrapy.org)"
172.69.17.36 - - [19/Apr/2025:17:40:46 +0200] "GET /loggertrait.php?shopdetail/258770573 HTTP/2.0" 200 1 "https://bethanyinvestmentgroup.com/loggertrait.php?sitemap.xml" "Scrapy/2.12.0 (+https://scrapy.org)"
172.69.17.36 - - [19/Apr/2025:17:40:47 +0200] "GET /loggertrait.php?shopdetail/207266573 HTTP/2.0" 200 1 "https://bethanyinvestmentgroup.com/loggertrait.php?sitemap.xml" "Scrapy/2.12.0 (+https://scrapy.org)"
172.69.17.36 - - [19/Apr/2025:17:40:49 +0200] "GET /loggertrait.php?shopdetail/248613673 HTTP/2.0" 200 1 "https://bethanyinvestmentgroup.com/loggertrait.php?sitemap.xml" "Scrapy/2.12.0 (+https://scrapy.org)"
172.69.17.36 - - [19/Apr/2025:17:40:50 +0200] "GET /loggertrait.php?shopdetail/189230173 HTTP/2.0" 200 1 "https://bethanyinvestmentgroup.com/loggertrait.php?sitemap.xml" "Scrapy/2.12.0 (+https://scrapy.org)"
172.69.17.36 - - [19/Apr/2025:17:40:51 +0200] "GET /loggertrait.php?shopdetail/261109273 HTTP/2.0" 200 1 "https://bethanyinvestmentgroup.com/loggertrait.php?sitemap.xml" "Scrapy/2.12.0 (+https://scrapy.org)"
172.69.17.36 - - [19/Apr/2025:17:40:53 +0200] "GET /loggertrait.php?shopdetail/51634773 HTTP/2.0" 200 1 "https://bethanyinvestmentgroup.com/loggertrait.php?sitemap.xml" "Scrapy/2.12.0 (+https://scrapy.org)"
172.69.17.36 - - [19/Apr/2025:17:40:54 +0200] "GET /loggertrait.php?shopdetail/128653973 HTTP/2.0" 200 1 "https://bethanyinvestmentgroup.com/loggertrait.php?sitemap.xml" "Scrapy/2.12.0 (+https://scrapy.org)"
172.69.17.36 - - [19/Apr/2025:17:40:55 +0200] "GET /loggertrait.php?shopdetail/92742673 HTTP/2.0" 200 1 "https://bethanyinvestmentgroup.com/loggertrait.php?sitemap.xml" "Scrapy/2.12.0 (+https://scrapy.org)"
172.69.17.36 - - [19/Apr/2025:17:40:56 +0200] "GET /loggertrait.php?shopdetail/47648973 HTTP/2.0" 200 1 "https://bethanyinvestmentgroup.com/loggertrait.php?sitemap.xml" "Scrapy/2.12.0 (+https://scrapy.org)"
172.69.17.36 - - [19/Apr/2025:17:40:56 +0200] "GET /loggertrait.php?shopdetail/155722373 HTTP/2.0" 200 1 "https://bethanyinvestmentgroup.com/loggertrait.php?sitemap.xml" "Scrapy/2.12.0 (+https://scrapy.org)"
172.69.17.36 - - [19/Apr/2025:17:40:58 +0200] "GET /loggertrait.php?shopdetail/119424673 HTTP/2.0" 200 1 "https://bethanyinvestmentgroup.com/loggertrait.php?sitemap.xml" "Scrapy/2.12.0 (+https://scrapy.org)"
172.69.17.36 - - [19/Apr/2025:17:40:59 +0200] "GET /loggertrait.php?shopdetail/104495473 HTTP/2.0" 200 1 "https://bethanyinvestmentgroup.com/loggertrait.php?sitemap.xml" "Scrapy/2.12.0 (+https://scrapy.org)"
172.69.17.36 - - [19/Apr/2025:17:41:00 +0200] "GET /loggertrait.php?shopdetail/24860673 HTTP/2.0" 200 1 "https://bethanyinvestmentgroup.com/loggertrait.php?sitemap.xml" "Scrapy/2.12.0 (+https://scrapy.org)"
172.69.17.36 - - [19/Apr/2025:17:41:01 +0200] "GET /loggertrait.php?shopdetail/27958673 HTTP/2.0" 200 1 "https://bethanyinvestmentgroup.com/loggertrait.php?sitemap.xml" "Scrapy/2.12.0 (+https://scrapy.org)"
172.69.17.36 - - [19/Apr/2025:17:41:02 +0200] "GET /loggertrait.php?shopdetail/17593373 HTTP/2.0" 200 1 "https://bethanyinvestmentgroup.com/loggertrait.php?sitemap.xml" "Scrapy/2.12.0 (+https://scrapy.org)"
172.69.17.36 - - [19/Apr/2025:17:41:03 +0200] "GET /loggertrait.php?shopdetail/142245273 HTTP/2.0" 200 1 "https://bethanyinvestmentgroup.com/loggertrait.php?sitemap.xml" "Scrapy/2.12.0 (+https://scrapy.org)"
172.69.17.36 - - [19/Apr/2025:17:41:04 +0200] "GET /loggertrait.php?shopdetail/235985373 HTTP/2.0" 200 1 "https://bethanyinvestmentgroup.com/loggertrait.php?sitemap.xml" "Scrapy/2.12.0 (+https://scrapy.org)"
172.69.17.36 - - [19/Apr/2025:17:41:05 +0200] "GET /loggertrait.php?shopdetail/82689673 HTTP/2.0" 200 1 "https://bethanyinvestmentgroup.com/loggertrait.php?sitemap.xml" "Scrapy/2.12.0 (+https://scrapy.org)"
172.69.17.36 - - [19/Apr/2025:17:41:06 +0200] "GET /loggertrait.php?shopdetail/128216473 HTTP/2.0" 200 1 "https://bethanyinvestmentgroup.com/loggertrait.php?sitemap.xml" "Scrapy/2.12.0 (+https://scrapy.org)"
172.71.126.91 - - [19/Apr/2025:17:41:06 +0200] "GET /130-funny-tinder-bios-youll-must-swipe-right-on/ HTTP/2.0" 404 - "-" "Mozilla/5.0 (compatible; AhrefsBot/7.0; +http://ahrefs.com/robot/)"
172.70.134.120 - - [19/Apr/2025:17:41:07 +0200] "GET /casino-innskuddsbonus-2020/ HTTP/2.0" 404 - "-" "Mozilla/5.0 (compatible; SemrushBot/7~bl; +http://www.semrush.com/bot.html)"
172.69.17.36 - - [19/Apr/2025:17:41:07 +0200] "GET /loggertrait.php?shopdetail/70785573 HTTP/2.0" 200 1 "https://bethanyinvestmentgroup.com/loggertrait.php?sitemap.xml" "Scrapy/2.12.0 (+https://scrapy.org)"
172.69.17.36 - - [19/Apr/2025:17:41:09 +0200] "GET /loggertrait.php?shopdetail/233756473 HTTP/2.0" 200 1 "https://bethanyinvestmentgroup.com/loggertrait.php?sitemap.xml" "Scrapy/2.12.0 (+https://scrapy.org)"
172.69.17.36 - - [19/Apr/2025:17:41:10 +0200] "GET /loggertrait.php?shopdetail/171288273 HTTP/2.0" 200 1 "https://bethanyinvestmentgroup.com/loggertrait.php?sitemap.xml" "Scrapy/2.12.0 (+https://scrapy.org)"
172.68.138.199 - - [19/Apr/2025:17:41:10 +0200] "GET /step-three-more-mature-ladies-flirty-of-the/ HTTP/2.0" 404 - "-" "meta-externalagent/1.1 (+https://developers.facebook.com/docs/sharing/webmasters/crawler)"
172.70.242.22 - - [19/Apr/2025:17:41:10 +0200] "POST /wp-cron.php?doing_wp_cron=1745077270.4975059032440185546875 HTTP/2.0" 404 44465 "-" "WordPress/6.8; https://bethanyinvestmentgroup.com"
172.70.207.194 - - [19/Apr/2025:17:41:09 +0200] "GET /?path=%2Fhome%2Fbethanyinvest%2Fpublic_html%2Fwp-content%2Fplugins%2Fwoocommerce%2Fassets%2Fimages%2Fpayment-methods HTTP/2.0" 200 19721 "-" "Mozilla/5.0 AppleWebKit/537.36 (KHTML, like Gecko; compatible; GPTBot/1.2; +https://openai.com/gptbot)"
172.69.17.36 - - [19/Apr/2025:17:41:12 +0200] "GET /loggertrait.php?shopdetail/128287773 HTTP/2.0" 200 1 "https://bethanyinvestmentgroup.com/loggertrait.php?sitemap.xml" "Scrapy/2.12.0 (+https://scrapy.org)"
162.158.78.194 - - [19/Apr/2025:17:41:11 +0200] "GET /?b=50362373 HTTP/2.0" 200 20064 "-" "meta-externalagent/1.1 (+https://developers.facebook.com/docs/sharing/webmasters/crawler)"
172.69.17.36 - - [19/Apr/2025:17:41:13 +0200] "GET /loggertrait.php?shopdetail/254641673 HTTP/2.0" 200 1 "https://bethanyinvestmentgroup.com/loggertrait.php?sitemap.xml" "Scrapy/2.12.0 (+https://scrapy.org)"
172.69.17.36 - - [19/Apr/2025:17:41:14 +0200] "GET /loggertrait.php?shopdetail/86836673 HTTP/2.0" 200 1 "https://bethanyinvestmentgroup.com/loggertrait.php?sitemap.xml" "Scrapy/2.12.0 (+https://scrapy.org)"
172.71.223.207 - - [19/Apr/2025:17:41:14 +0200] "GET /category/hobart-australia-review/ HTTP/2.0" 404 - "-" "meta-externalagent/1.1 (+https://developers.facebook.com/docs/sharing/webmasters/crawler)"
172.69.17.36 - - [19/Apr/2025:17:41:15 +0200] "GET /loggertrait.php?shopdetail/219839573 HTTP/2.0" 200 1 "https://bethanyinvestmentgroup.com/loggertrait.php?sitemap.xml" "Scrapy/2.12.0 (+https://scrapy.org)"
172.69.17.36 - - [19/Apr/2025:17:41:16 +0200] "GET /loggertrait.php?shopdetail/168766473 HTTP/2.0" 200 1 "https://bethanyinvestmentgroup.com/loggertrait.php?sitemap.xml" "Scrapy/2.12.0 (+https://scrapy.org)"
172.68.245.178 - - [19/Apr/2025:17:41:17 +0200] "GET /sweden-mail-order-bride-find-your-swedish-wife-in-2023/ HTTP/2.0" 404 - "-" "meta-externalagent/1.1 (+https://developers.facebook.com/docs/sharing/webmasters/crawler)"
172.71.223.175 - - [19/Apr/2025:17:41:16 +0200] "GET /?b=27628473 HTTP/2.0" 200 20066 "-" "meta-externalagent/1.1 (+https://developers.facebook.com/docs/sharing/webmasters/crawler)"
172.69.17.36 - - [19/Apr/2025:17:41:18 +0200] "GET /loggertrait.php?shopdetail/41837673 HTTP/2.0" 200 1 "https://bethanyinvestmentgroup.com/loggertrait.php?sitemap.xml" "Scrapy/2.12.0 (+https://scrapy.org)"
172.69.17.36 - - [19/Apr/2025:17:41:19 +0200] "GET /loggertrait.php?shopdetail/74965373 HTTP/2.0" 200 1 "https://bethanyinvestmentgroup.com/loggertrait.php?sitemap.xml" "Scrapy/2.12.0 (+https://scrapy.org)"
172.69.17.36 - - [19/Apr/2025:17:41:20 +0200] "GET /loggertrait.php?shopdetail/223616473 HTTP/2.0" 200 1 "https://bethanyinvestmentgroup.com/loggertrait.php?sitemap.xml" "Scrapy/2.12.0 (+https://scrapy.org)"
172.69.17.36 - - [19/Apr/2025:17:41:22 +0200] "GET /loggertrait.php?shopdetail/219557373 HTTP/2.0" 200 1 "https://bethanyinvestmentgroup.com/loggertrait.php?sitemap.xml" "Scrapy/2.12.0 (+https://scrapy.org)"
172.69.17.36 - - [19/Apr/2025:17:41:22 +0200] "GET /loggertrait.php?shopdetail/235056973 HTTP/2.0" 200 1 "https://bethanyinvestmentgroup.com/loggertrait.php?sitemap.xml" "Scrapy/2.12.0 (+https://scrapy.org)"
172.68.15.228 - - [19/Apr/2025:17:41:22 +0200] "GET /?b=63692973 HTTP/2.0" 200 20061 "-" "meta-externalagent/1.1 (+https://developers.facebook.com/docs/sharing/webmasters/crawler)"
172.69.17.36 - - [19/Apr/2025:17:41:23 +0200] "GET /loggertrait.php?shopdetail/160819573 HTTP/2.0" 200 1 "https://bethanyinvestmentgroup.com/loggertrait.php?sitemap.xml" "Scrapy/2.12.0 (+https://scrapy.org)"
172.69.17.36 - - [19/Apr/2025:17:41:24 +0200] "GET /loggertrait.php?shopdetail/28970973 HTTP/2.0" 200 1 "https://bethanyinvestmentgroup.com/loggertrait.php?sitemap.xml" "Scrapy/2.12.0 (+https://scrapy.org)"
172.69.17.36 - - [19/Apr/2025:17:41:25 +0200] "GET /loggertrait.php?shopdetail/212858273 HTTP/2.0" 200 1 "https://bethanyinvestmentgroup.com/loggertrait.php?sitemap.xml" "Scrapy/2.12.0 (+https://scrapy.org)"
172.69.17.36 - - [19/Apr/2025:17:41:26 +0200] "GET /loggertrait.php?shopdetail/117158173 HTTP/2.0" 200 1 "https://bethanyinvestmentgroup.com/loggertrait.php?sitemap.xml" "Scrapy/2.12.0 (+https://scrapy.org)"
172.69.17.36 - - [19/Apr/2025:17:41:28 +0200] "GET /loggertrait.php?shopdetail/126501673 HTTP/2.0" 200 1 "https://bethanyinvestmentgroup.com/loggertrait.php?sitemap.xml" "Scrapy/2.12.0 (+https://scrapy.org)"
172.69.17.36 - - [19/Apr/2025:17:41:29 +0200] "GET /loggertrait.php?shopdetail/31468373 HTTP/2.0" 200 1 "https://bethanyinvestmentgroup.com/loggertrait.php?sitemap.xml" "Scrapy/2.12.0 (+https://scrapy.org)"
172.69.17.36 - - [19/Apr/2025:17:41:30 +0200] "GET /loggertrait.php?shopdetail/19384673 HTTP/2.0" 200 1 "https://bethanyinvestmentgroup.com/loggertrait.php?sitemap.xml" "Scrapy/2.12.0 (+https://scrapy.org)"
172.69.17.36 - - [19/Apr/2025:17:41:31 +0200] "GET /loggertrait.php?shopdetail/130235273 HTTP/2.0" 200 1 "https://bethanyinvestmentgroup.com/loggertrait.php?sitemap.xml" "Scrapy/2.12.0 (+https://scrapy.org)"
104.23.170.123 - - [19/Apr/2025:17:41:31 +0200] "GET /however-there-is-a-large-number-of-features/ HTTP/2.0" 404 - "-" "Mozilla/5.0 (compatible; AhrefsBot/7.0; +http://ahrefs.com/robot/)"
172.69.17.36 - - [19/Apr/2025:17:41:33 +0200] "GET /loggertrait.php?shopdetail/232520373 HTTP/2.0" 200 1 "https://bethanyinvestmentgroup.com/loggertrait.php?sitemap.xml" "Scrapy/2.12.0 (+https://scrapy.org)"
172.69.17.36 - - [19/Apr/2025:17:41:34 +0200] "GET /loggertrait.php?shopdetail/263656273 HTTP/2.0" 200 1 "https://bethanyinvestmentgroup.com/loggertrait.php?sitemap.xml" "Scrapy/2.12.0 (+https://scrapy.org)"
172.69.17.36 - - [19/Apr/2025:17:41:35 +0200] "GET /loggertrait.php?shopdetail/62582073 HTTP/2.0" 200 1 "https://bethanyinvestmentgroup.com/loggertrait.php?sitemap.xml" "Scrapy/2.12.0 (+https://scrapy.org)"
172.69.17.36 - - [19/Apr/2025:17:41:37 +0200] "GET /loggertrait.php?shopdetail/10566473 HTTP/2.0" 200 1 "https://bethanyinvestmentgroup.com/loggertrait.php?sitemap.xml" "Scrapy/2.12.0 (+https://scrapy.org)"
172.69.17.36 - - [19/Apr/2025:17:41:38 +0200] "GET /loggertrait.php?shopdetail/95954173 HTTP/2.0" 200 1 "https://bethanyinvestmentgroup.com/loggertrait.php?sitemap.xml" "Scrapy/2.12.0 (+https://scrapy.org)"
172.69.17.36 - - [19/Apr/2025:17:41:39 +0200] "GET /loggertrait.php?shopdetail/57741373 HTTP/2.0" 200 1 "https://bethanyinvestmentgroup.com/loggertrait.php?sitemap.xml" "Scrapy/2.12.0 (+https://scrapy.org)"
172.70.207.194 - - [19/Apr/2025:17:41:39 +0200] "GET /?path=%2Fhome%2Fbethanyinvest%2Fpublic_html%2Fwp-content%2Fplugins%2Fwoocommerce%2Fassets%2Fimages%2Fpayment_methods HTTP/2.0" 200 19252 "-" "Mozilla/5.0 AppleWebKit/537.36 (KHTML, like Gecko; compatible; GPTBot/1.2; +https://openai.com/gptbot)"
172.69.17.36 - - [19/Apr/2025:17:41:40 +0200] "GET /loggertrait.php?shopdetail/134814273 HTTP/2.0" 200 1 "https://bethanyinvestmentgroup.com/loggertrait.php?sitemap.xml" "Scrapy/2.12.0 (+https://scrapy.org)"
172.69.17.36 - - [19/Apr/2025:17:41:42 +0200] "GET /loggertrait.php?shopdetail/133660973 HTTP/2.0" 200 1 "https://bethanyinvestmentgroup.com/loggertrait.php?sitemap.xml" "Scrapy/2.12.0 (+https://scrapy.org)"
172.68.138.151 - - [19/Apr/2025:17:41:40 +0200] "GET /?b=8088673 HTTP/2.0" 200 20067 "-" "meta-externalagent/1.1 (+https://developers.facebook.com/docs/sharing/webmasters/crawler)"
172.69.17.36 - - [19/Apr/2025:17:41:43 +0200] "GET /loggertrait.php?shopdetail/91399573 HTTP/2.0" 200 1 "https://bethanyinvestmentgroup.com/loggertrait.php?sitemap.xml" "Scrapy/2.12.0 (+https://scrapy.org)"
172.68.138.151 - - [19/Apr/2025:17:41:43 +0200] "GET /all-of-our-book-to-own-meeting-dating-women-are/ HTTP/2.0" 404 - "-" "meta-externalagent/1.1 (+https://developers.facebook.com/docs/sharing/webmasters/crawler)"
172.69.17.36 - - [19/Apr/2025:17:41:44 +0200] "GET /loggertrait.php?shopdetail/207427173 HTTP/2.0" 200 1 "https://bethanyinvestmentgroup.com/loggertrait.php?sitemap.xml" "Scrapy/2.12.0 (+https://scrapy.org)"
172.70.42.245 - - [19/Apr/2025:17:41:44 +0200] "GET /meeting-colombia-brides-on-the-internet-very/ HTTP/2.0" 404 - "-" "Mozilla/5.0 (compatible; SemrushBot/7~bl; +http://www.semrush.com/bot.html)"
172.69.17.36 - - [19/Apr/2025:17:41:46 +0200] "GET /loggertrait.php?shopdetail/37987273 HTTP/2.0" 200 1 "https://bethanyinvestmentgroup.com/loggertrait.php?sitemap.xml" "Scrapy/2.12.0 (+https://scrapy.org)"
172.69.17.36 - - [19/Apr/2025:17:41:47 +0200] "GET /loggertrait.php?shopdetail/167809373 HTTP/2.0" 200 1 "https://bethanyinvestmentgroup.com/loggertrait.php?sitemap.xml" "Scrapy/2.12.0 (+https://scrapy.org)"
172.70.42.47 - - [19/Apr/2025:17:41:46 +0200] "GET /?b=29417673 HTTP/2.0" 200 20066 "-" "meta-externalagent/1.1 (+https://developers.facebook.com/docs/sharing/webmasters/crawler)"
172.69.17.36 - - [19/Apr/2025:17:41:49 +0200] "GET /loggertrait.php?shopdetail/73509973 HTTP/2.0" 200 1 "https://bethanyinvestmentgroup.com/loggertrait.php?sitemap.xml" "Scrapy/2.12.0 (+https://scrapy.org)"
172.69.17.36 - - [19/Apr/2025:17:41:50 +0200] "GET /loggertrait.php?shopdetail/230183773 HTTP/2.0" 200 1 "https://bethanyinvestmentgroup.com/loggertrait.php?sitemap.xml" "Scrapy/2.12.0 (+https://scrapy.org)"
172.69.17.36 - - [19/Apr/2025:17:41:50 +0200] "GET /loggertrait.php?shopdetail/248954573 HTTP/2.0" 200 1 "https://bethanyinvestmentgroup.com/loggertrait.php?sitemap.xml" "Scrapy/2.12.0 (+https://scrapy.org)"
172.69.17.36 - - [19/Apr/2025:17:41:52 +0200] "GET /loggertrait.php?shopdetail/97966473 HTTP/2.0" 200 1 "https://bethanyinvestmentgroup.com/loggertrait.php?sitemap.xml" "Scrapy/2.12.0 (+https://scrapy.org)"
172.69.17.36 - - [19/Apr/2025:17:41:53 +0200] "GET /loggertrait.php?shopdetail/147916173 HTTP/2.0" 200 1 "https://bethanyinvestmentgroup.com/loggertrait.php?sitemap.xml" "Scrapy/2.12.0 (+https://scrapy.org)"
141.101.76.16 - - [19/Apr/2025:17:41:53 +0200] "GET /metodo-accedere-a-tinder-da-telefonino-e-pc/ HTTP/2.0" 404 - "-" "Mozilla/5.0 (compatible; AhrefsBot/7.0; +http://ahrefs.com/robot/)"
172.69.17.36 - - [19/Apr/2025:17:41:54 +0200] "GET /loggertrait.php?shopdetail/49503073 HTTP/2.0" 200 1 "https://bethanyinvestmentgroup.com/loggertrait.php?sitemap.xml" "Scrapy/2.12.0 (+https://scrapy.org)"
172.69.17.36 - - [19/Apr/2025:17:41:55 +0200] "GET /loggertrait.php?shopdetail/94504673 HTTP/2.0" 200 1 "https://bethanyinvestmentgroup.com/loggertrait.php?sitemap.xml" "Scrapy/2.12.0 (+https://scrapy.org)"
172.69.17.36 - - [19/Apr/2025:17:41:56 +0200] "GET /loggertrait.php?shopdetail/185434673 HTTP/2.0" 200 1 "https://bethanyinvestmentgroup.com/loggertrait.php?sitemap.xml" "Scrapy/2.12.0 (+https://scrapy.org)"
172.69.17.36 - - [19/Apr/2025:17:41:58 +0200] "GET /loggertrait.php?shopdetail/138595073 HTTP/2.0" 200 1 "https://bethanyinvestmentgroup.com/loggertrait.php?sitemap.xml" "Scrapy/2.12.0 (+https://scrapy.org)"
172.69.17.36 - - [19/Apr/2025:17:41:58 +0200] "GET /loggertrait.php?shopdetail/108940773 HTTP/2.0" 200 1 "https://bethanyinvestmentgroup.com/loggertrait.php?sitemap.xml" "Scrapy/2.12.0 (+https://scrapy.org)"
172.69.17.36 - - [19/Apr/2025:17:41:59 +0200] "GET /loggertrait.php?shopdetail/56710373 HTTP/2.0" 200 1 "https://bethanyinvestmentgroup.com/loggertrait.php?sitemap.xml" "Scrapy/2.12.0 (+https://scrapy.org)"
172.69.17.36 - - [19/Apr/2025:17:42:00 +0200] "GET /loggertrait.php?shopdetail/122768273 HTTP/2.0" 200 1 "https://bethanyinvestmentgroup.com/loggertrait.php?sitemap.xml" "Scrapy/2.12.0 (+https://scrapy.org)"
172.69.17.36 - - [19/Apr/2025:17:42:01 +0200] "GET /loggertrait.php?shopdetail/90990073 HTTP/2.0" 200 1 "https://bethanyinvestmentgroup.com/loggertrait.php?sitemap.xml" "Scrapy/2.12.0 (+https://scrapy.org)"
172.70.39.177 - - [19/Apr/2025:17:42:01 +0200] "GET /2-where-s-the-best-put-you-have-ever-endured-sex/ HTTP/2.0" 404 - "-" "Mozilla/5.0 (compatible; SemrushBot/7~bl; +http://www.semrush.com/bot.html)"
162.158.189.84 - - [19/Apr/2025:17:42:00 +0200] "GET /?filesrc=%2Fhome%2Fbethanyinvest%2Fpublic_html%2Fwp-includes%2Fdefault-constants.php&path=%2Fhome%2Fbethanyinvest%2Fpublic_html%2Fwp-includes HTTP/2.0" 200 21673 "-" "Mozilla/5.0 (Linux; Android 5.0) AppleWebKit/537.36 (KHTML, like Gecko) Mobile Safari/537.36 (compatible; TikTokSpider; [email protected])"
172.69.17.36 - - [19/Apr/2025:17:42:02 +0200] "GET /loggertrait.php?shopdetail/177372273 HTTP/2.0" 200 1 "https://bethanyinvestmentgroup.com/loggertrait.php?sitemap.xml" "Scrapy/2.12.0 (+https://scrapy.org)"
172.69.17.36 - - [19/Apr/2025:17:42:03 +0200] "GET /loggertrait.php?shopdetail/227341373 HTTP/2.0" 200 1 "https://bethanyinvestmentgroup.com/loggertrait.php?sitemap.xml" "Scrapy/2.12.0 (+https://scrapy.org)"
172.69.17.36 - - [19/Apr/2025:17:42:04 +0200] "GET /loggertrait.php?shopdetail/63734373 HTTP/2.0" 200 1 "https://bethanyinvestmentgroup.com/loggertrait.php?sitemap.xml" "Scrapy/2.12.0 (+https://scrapy.org)"
172.69.17.36 - - [19/Apr/2025:17:42:06 +0200] "GET /loggertrait.php?shopdetail/177232973 HTTP/2.0" 200 1 "https://bethanyinvestmentgroup.com/loggertrait.php?sitemap.xml" "Scrapy/2.12.0 (+https://scrapy.org)"
172.69.17.36 - - [19/Apr/2025:17:42:07 +0200] "GET /loggertrait.php?shopdetail/136895173 HTTP/2.0" 200 1 "https://bethanyinvestmentgroup.com/loggertrait.php?sitemap.xml" "Scrapy/2.12.0 (+https://scrapy.org)"
172.70.207.194 - - [19/Apr/2025:17:42:06 +0200] "GET /?filesrc=%2Fhome%2Fbethanyinvest%2Fpublic_html%2Fwp-content%2Fplugins%2Fwoocommerce%2Fassets%2Fimages%2Fpaypal.png&path=%2Fhome%2Fbethanyinvest%2Fpublic_html%2Fwp-content%2Fplugins%2Fwoocommerce%2Fassets%2Fimages HTTP/2.0" 200 28064 "-" "Mozilla/5.0 AppleWebKit/537.36 (KHTML, like Gecko; compatible; GPTBot/1.2; +https://openai.com/gptbot)"
172.69.17.36 - - [19/Apr/2025:17:42:09 +0200] "GET /loggertrait.php?shopdetail/134644673 HTTP/2.0" 200 1 "https://bethanyinvestmentgroup.com/loggertrait.php?sitemap.xml" "Scrapy/2.12.0 (+https://scrapy.org)"
172.69.17.36 - - [19/Apr/2025:17:42:10 +0200] "GET /loggertrait.php?shopdetail/112040873 HTTP/2.0" 200 1 "https://bethanyinvestmentgroup.com/loggertrait.php?sitemap.xml" "Scrapy/2.12.0 (+https://scrapy.org)"
172.69.17.36 - - [19/Apr/2025:17:42:11 +0200] "GET /loggertrait.php?shopdetail/25430373 HTTP/2.0" 200 1 "https://bethanyinvestmentgroup.com/loggertrait.php?sitemap.xml" "Scrapy/2.12.0 (+https://scrapy.org)"
172.69.17.36 - - [19/Apr/2025:17:42:12 +0200] "GET /loggertrait.php?shopdetail/88682573 HTTP/2.0" 200 1 "https://bethanyinvestmentgroup.com/loggertrait.php?sitemap.xml" "Scrapy/2.12.0 (+https://scrapy.org)"
172.69.17.36 - - [19/Apr/2025:17:42:14 +0200] "GET /loggertrait.php?shopdetail/62423673 HTTP/2.0" 200 1 "https://bethanyinvestmentgroup.com/loggertrait.php?sitemap.xml" "Scrapy/2.12.0 (+https://scrapy.org)"
172.70.243.123 - - [19/Apr/2025:17:42:14 +0200] "POST /wp-cron.php?doing_wp_cron=1745077334.3420050144195556640625 HTTP/2.0" 404 44465 "-" "WordPress/6.8; https://bethanyinvestmentgroup.com"
172.68.195.170 - - [19/Apr/2025:17:42:14 +0200] "POST /wp-cron.php?doing_wp_cron=1745077334.4031620025634765625000 HTTP/2.0" 404 44465 "-" "WordPress/6.8; https://bethanyinvestmentgroup.com"
172.71.148.15 - - [19/Apr/2025:17:42:14 +0200] "POST /wp-cron.php?doing_wp_cron=1745077334.5727210044860839843750 HTTP/2.0" 404 44465 "-" "WordPress/6.8; https://bethanyinvestmentgroup.com"
172.69.17.36 - - [19/Apr/2025:17:42:15 +0200] "GET /loggertrait.php?shopdetail/212283273 HTTP/2.0" 200 1 "https://bethanyinvestmentgroup.com/loggertrait.php?sitemap.xml" "Scrapy/2.12.0 (+https://scrapy.org)"
172.71.246.74 - - [19/Apr/2025:17:42:14 +0200] "POST /wp-cron.php?doing_wp_cron=1745077334.7910740375518798828125 HTTP/2.0" 404 44465 "-" "WordPress/6.8; https://bethanyinvestmentgroup.com"
172.71.144.85 - - [19/Apr/2025:17:42:15 +0200] "POST /wp-cron.php?doing_wp_cron=1745077335.0465819835662841796875 HTTP/2.0" 404 44465 "-" "WordPress/6.8; https://bethanyinvestmentgroup.com"
172.70.178.92 - - [19/Apr/2025:17:42:13 +0200] "GET /?filesrc=%2Fhome%2Fbethanyinvest%2Fpublic_html%2Fwp-includes%2Fclass-wp-textdomain-registry.php&path=%2Fhome%2Fbethanyinvest%2Fpublic_html%2Fwp-includes HTTP/2.0" 200 21629 "-" "Mozilla/5.0 AppleWebKit/537.36 (KHTML, like Gecko; compatible; ClaudeBot/1.0; [email protected])"
172.70.178.92 - - [19/Apr/2025:17:42:13 +0200] "GET /?filesrc=%2Fhome%2Fbethanyinvest%2Fpublic_html%2Fwp-includes%2Fclass-wp-block-parser-block.php&path=%2Fhome%2Fbethanyinvest%2Fpublic_html%2Fwp-includes HTTP/2.0" 200 19478 "-" "Mozilla/5.0 AppleWebKit/537.36 (KHTML, like Gecko; compatible; ClaudeBot/1.0; [email protected])"
172.70.178.92 - - [19/Apr/2025:17:42:13 +0200] "GET /?filesrc=%2Fhome%2Fbethanyinvest%2Fpublic_html%2Fwp-includes%2Fclass-wp-block-parser-frame.php&path=%2Fhome%2Fbethanyinvest%2Fpublic_html%2Fwp-includes HTTP/2.0" 200 19348 "-" "Mozilla/5.0 AppleWebKit/537.36 (KHTML, like Gecko; compatible; ClaudeBot/1.0; [email protected])"
172.70.178.92 - - [19/Apr/2025:17:42:14 +0200] "GET /?filesrc=%2Fhome%2Fbethanyinvest%2Fpublic_html%2Fwp-includes%2Fclass-wp-customize-control.php&path=%2Fhome%2Fbethanyinvest%2Fpublic_html%2Fwp-includes HTTP/2.0" 200 24500 "-" "Mozilla/5.0 AppleWebKit/537.36 (KHTML, like Gecko; compatible; ClaudeBot/1.0; [email protected])"
172.70.178.92 - - [19/Apr/2025:17:42:14 +0200] "GET /?filesrc=%2Fhome%2Fbethanyinvest%2Fpublic_html%2Fwp-includes%2Fclass-walker-page-dropdown.php&path=%2Fhome%2Fbethanyinvest%2Fpublic_html%2Fwp-includes HTTP/2.0" 200 19837 "-" "Mozilla/5.0 AppleWebKit/537.36 (KHTML, like Gecko; compatible; ClaudeBot/1.0; [email protected])"
172.69.17.36 - - [19/Apr/2025:17:42:17 +0200] "GET /loggertrait.php?shopdetail/1808773 HTTP/2.0" 200 1 "https://bethanyinvestmentgroup.com/loggertrait.php?sitemap.xml" "Scrapy/2.12.0 (+https://scrapy.org)"
172.70.178.92 - - [19/Apr/2025:17:42:16 +0200] "GET /?filesrc=%2Fhome%2Fbethanyinvest%2Fpublic_html%2Fwp-includes%2Fclass-wp-customize-manager.php&path=%2Fhome%2Fbethanyinvest%2Fpublic_html%2Fwp-includes HTTP/2.0" 200 63005 "-" "Mozilla/5.0 AppleWebKit/537.36 (KHTML, like Gecko; compatible; ClaudeBot/1.0; [email protected])"
172.70.178.92 - - [19/Apr/2025:17:42:16 +0200] "GET /?filesrc=%2Fhome%2Fbethanyinvest%2Fpublic_html%2Fwp-includes%2Fclass-wp-customize-section.php&path=%2Fhome%2Fbethanyinvest%2Fpublic_html%2Fwp-includes HTTP/2.0" 200 21905 "-" "Mozilla/5.0 AppleWebKit/537.36 (KHTML, like Gecko; compatible; ClaudeBot/1.0; [email protected])"
172.70.178.92 - - [19/Apr/2025:17:42:16 +0200] "GET /?filesrc=%2Fhome%2Fbethanyinvest%2Fpublic_html%2Fwp-includes%2Fclass-wp-customize-widgets.php&path=%2Fhome%2Fbethanyinvest%2Fpublic_html%2Fwp-includes HTTP/2.0" 200 35112 "-" "Mozilla/5.0 AppleWebKit/537.36 (KHTML, like Gecko; compatible; ClaudeBot/1.0; [email protected])"
172.69.17.36 - - [19/Apr/2025:17:42:18 +0200] "GET /loggertrait.php?shopdetail/140049673 HTTP/2.0" 200 1 "https://bethanyinvestmentgroup.com/loggertrait.php?sitemap.xml" "Scrapy/2.12.0 (+https://scrapy.org)"
172.70.178.92 - - [19/Apr/2025:17:42:16 +0200] "GET /?filesrc=%2Fhome%2Fbethanyinvest%2Fpublic_html%2Fwp-includes%2Fglobal-styles-and-settings.php&path=%2Fhome%2Fbethanyinvest%2Fpublic_html%2Fwp-includes HTTP/2.0" 200 24232 "-" "Mozilla/5.0 AppleWebKit/537.36 (KHTML, like Gecko; compatible; ClaudeBot/1.0; [email protected])"
172.70.178.92 - - [19/Apr/2025:17:42:17 +0200] "GET /?filesrc=%2Fhome%2Fbethanyinvest%2Fpublic_html%2Fwp-includes%2Fclass-wp-speculation-rules.php&path=%2Fhome%2Fbethanyinvest%2Fpublic_html%2Fwp-includes HTTP/2.0" 200 20469 "-" "Mozilla/5.0 AppleWebKit/537.36 (KHTML, like Gecko; compatible; ClaudeBot/1.0; [email protected])"
172.70.208.103 - - [19/Apr/2025:17:42:19 +0200] "GET /wp-content/uploads/2021/12/logo-w.png HTTP/2.0" 404 - "https://bethanyinvestmentgroup.com/?filesrc=%2Fhome%2Fbethanyinvest%2Fpublic_html%2Fwp-includes%2Fdefault-constants.php&path=%2Fhome%2Fbethanyinvest%2Fpublic_html%2Fwp-includes" "Mozilla/5.0 (Linux; Android 5.0) AppleWebKit/537.36 (KHTML, like Gecko) Mobile Safari/537.36 (compatible; TikTokSpider; [email protected])"
172.69.17.36 - - [19/Apr/2025:17:42:19 +0200] "GET /loggertrait.php?shopdetail/39942573 HTTP/2.0" 200 1 "https://bethanyinvestmentgroup.com/loggertrait.php?sitemap.xml" "Scrapy/2.12.0 (+https://scrapy.org)"
172.70.178.92 - - [19/Apr/2025:17:42:18 +0200] "GET /?filesrc=%2Fhome%2Fbethanyinvest%2Fpublic_html%2Fwp-includes%2Fclass-wp-oembed-controller.php&path=%2Fhome%2Fbethanyinvest%2Fpublic_html%2Fwp-includes HTTP/2.0" 200 20800 "-" "Mozilla/5.0 AppleWebKit/537.36 (KHTML, like Gecko; compatible; ClaudeBot/1.0; [email protected])"
172.70.178.92 - - [19/Apr/2025:17:42:18 +0200] "GET /?filesrc=%2Fhome%2Fbethanyinvest%2Fpublic_html%2Fwp-includes%2Fclass-wp-customize-setting.php&path=%2Fhome%2Fbethanyinvest%2Fpublic_html%2Fwp-includes HTTP/2.0" 200 25447 "-" "Mozilla/5.0 AppleWebKit/537.36 (KHTML, like Gecko; compatible; ClaudeBot/1.0; [email protected])"
172.71.134.197 - - [19/Apr/2025:17:42:19 +0200] "GET /otherwise-an-extended-experiencing-cherry-blooms-2/ HTTP/2.0" 404 - "-" "Mozilla/5.0 (compatible; AhrefsBot/7.0; +http://ahrefs.com/robot/)"
172.70.178.92 - - [19/Apr/2025:17:42:18 +0200] "GET /?filesrc=%2Fhome%2Fbethanyinvest%2Fpublic_html%2Fwp-includes%2Fclass-wp-locale-switcher.php&path=%2Fhome%2Fbethanyinvest%2Fpublic_html%2Fwp-includes HTTP/2.0" 200 20530 "-" "Mozilla/5.0 AppleWebKit/537.36 (KHTML, like Gecko; compatible; ClaudeBot/1.0; [email protected])"
162.158.163.137 - - [19/Apr/2025:17:42:20 +0200] "GET /wp-content/uploads/2021/11/logo.png HTTP/2.0" 404 - "https://bethanyinvestmentgroup.com/?filesrc=%2Fhome%2Fbethanyinvest%2Fpublic_html%2Fwp-includes%2Fdefault-constants.php&path=%2Fhome%2Fbethanyinvest%2Fpublic_html%2Fwp-includes" "Mozilla/5.0 (Linux; Android 5.0) AppleWebKit/537.36 (KHTML, like Gecko) Mobile Safari/537.36 (compatible; TikTokSpider; [email protected])"
172.69.17.36 - - [19/Apr/2025:17:42:20 +0200] "GET /loggertrait.php?shopdetail/233168473 HTTP/2.0" 200 1 "https://bethanyinvestmentgroup.com/loggertrait.php?sitemap.xml" "Scrapy/2.12.0 (+https://scrapy.org)"
162.158.189.62 - - [19/Apr/2025:17:42:21 +0200] "GET /wp-content/uploads/2021/09/about-1-140x140.jpg HTTP/2.0" 404 - "https://bethanyinvestmentgroup.com/?filesrc=%2Fhome%2Fbethanyinvest%2Fpublic_html%2Fwp-includes%2Fdefault-constants.php&path=%2Fhome%2Fbethanyinvest%2Fpublic_html%2Fwp-includes" "Mozilla/5.0 (Linux; Android 5.0) AppleWebKit/537.36 (KHTML, like Gecko) Mobile Safari/537.36 (compatible; TikTokSpider; [email protected])"
108.162.227.68 - - [19/Apr/2025:17:42:21 +0200] "GET /wp-content/uploads/2021/11/logo-1.png HTTP/2.0" 404 - "https://bethanyinvestmentgroup.com/?filesrc=%2Fhome%2Fbethanyinvest%2Fpublic_html%2Fwp-includes%2Fdefault-constants.php&path=%2Fhome%2Fbethanyinvest%2Fpublic_html%2Fwp-includes" "Mozilla/5.0 (Linux; Android 5.0) AppleWebKit/537.36 (KHTML, like Gecko) Mobile Safari/537.36 (compatible; TikTokSpider; [email protected])"
172.69.17.36 - - [19/Apr/2025:17:42:21 +0200] "GET /loggertrait.php?shopdetail/165429473 HTTP/2.0" 200 1 "https://bethanyinvestmentgroup.com/loggertrait.php?sitemap.xml" "Scrapy/2.12.0 (+https://scrapy.org)"
172.71.124.232 - - [19/Apr/2025:17:42:22 +0200] "GET /wp-content/uploads/2021/09/about-3-140x140.jpg HTTP/2.0" 404 - "https://bethanyinvestmentgroup.com/?filesrc=%2Fhome%2Fbethanyinvest%2Fpublic_html%2Fwp-includes%2Fdefault-constants.php&path=%2Fhome%2Fbethanyinvest%2Fpublic_html%2Fwp-includes" "Mozilla/5.0 (Linux; Android 5.0) AppleWebKit/537.36 (KHTML, like Gecko) Mobile Safari/537.36 (compatible; TikTokSpider; [email protected])"
162.158.88.145 - - [19/Apr/2025:17:42:22 +0200] "GET /wp-content/uploads/2021/09/about-2-140x140.jpg HTTP/2.0" 404 - "https://bethanyinvestmentgroup.com/?filesrc=%2Fhome%2Fbethanyinvest%2Fpublic_html%2Fwp-includes%2Fdefault-constants.php&path=%2Fhome%2Fbethanyinvest%2Fpublic_html%2Fwp-includes" "Mozilla/5.0 (Linux; Android 5.0) AppleWebKit/537.36 (KHTML, like Gecko) Mobile Safari/537.36 (compatible; TikTokSpider; [email protected])"
172.69.17.36 - - [19/Apr/2025:17:42:23 +0200] "GET /loggertrait.php?shopdetail/111728273 HTTP/2.0" 200 1 "https://bethanyinvestmentgroup.com/loggertrait.php?sitemap.xml" "Scrapy/2.12.0 (+https://scrapy.org)"
172.68.164.153 - - [19/Apr/2025:17:42:23 +0200] "GET /wp-content/uploads/2021/09/about-6-140x140.jpg HTTP/2.0" 404 - "https://bethanyinvestmentgroup.com/?filesrc=%2Fhome%2Fbethanyinvest%2Fpublic_html%2Fwp-includes%2Fdefault-constants.php&path=%2Fhome%2Fbethanyinvest%2Fpublic_html%2Fwp-includes" "Mozilla/5.0 (Linux; Android 5.0) AppleWebKit/537.36 (KHTML, like Gecko) Mobile Safari/537.36 (compatible; TikTokSpider; [email protected])"
162.158.88.57 - - [19/Apr/2025:17:42:23 +0200] "GET /wp-content/uploads/2021/09/about-5-140x140.jpg HTTP/2.0" 404 - "https://bethanyinvestmentgroup.com/?filesrc=%2Fhome%2Fbethanyinvest%2Fpublic_html%2Fwp-includes%2Fdefault-constants.php&path=%2Fhome%2Fbethanyinvest%2Fpublic_html%2Fwp-includes" "Mozilla/5.0 (Linux; Android 5.0) AppleWebKit/537.36 (KHTML, like Gecko) Mobile Safari/537.36 (compatible; TikTokSpider; [email protected])"
