172.68.164.108 - - [19/Apr/2025:17:42:23 +0200] "GET /wp-content/uploads/2021/09/about-4-140x140.jpg HTTP/2.0" 404 - "https://bethanyinvestmentgroup.com/?filesrc=%2Fhome%2Fbethanyinvest%2Fpublic_html%2Fwp-includes%2Fdefault-constants.php&path=%2Fhome%2Fbethanyinvest%2Fpublic_html%2Fwp-includes" "Mozilla/5.0 (Linux; Android 5.0) AppleWebKit/537.36 (KHTML, like Gecko) Mobile Safari/537.36 (compatible; TikTokSpider; [email protected])"
172.69.17.36 - - [19/Apr/2025:17:42:24 +0200] "GET /loggertrait.php?shopdetail/146334373 HTTP/2.0" 200 1 "https://bethanyinvestmentgroup.com/loggertrait.php?sitemap.xml" "Scrapy/2.12.0 (+https://scrapy.org)"
172.69.17.36 - - [19/Apr/2025:17:42:25 +0200] "GET /loggertrait.php?shopdetail/201903373 HTTP/2.0" 200 1 "https://bethanyinvestmentgroup.com/loggertrait.php?sitemap.xml" "Scrapy/2.12.0 (+https://scrapy.org)"
172.70.207.193 - - [19/Apr/2025:17:42:23 +0200] "GET /?path=%2Fhome%2Fbethanyinvest%2Fpublic_html%2Fwp-content%2Fplugins%2Floco-translate%2Fsrc%2Foutput HTTP/2.0" 200 19158 "-" "Mozilla/5.0 AppleWebKit/537.36 (KHTML, like Gecko; compatible; GPTBot/1.2; +https://openai.com/gptbot)"
172.69.17.36 - - [19/Apr/2025:17:42:26 +0200] "GET /loggertrait.php?shopdetail/218619573 HTTP/2.0" 200 1 "https://bethanyinvestmentgroup.com/loggertrait.php?sitemap.xml" "Scrapy/2.12.0 (+https://scrapy.org)"
172.69.17.36 - - [19/Apr/2025:17:42:28 +0200] "GET /loggertrait.php?shopdetail/229340373 HTTP/2.0" 200 1 "https://bethanyinvestmentgroup.com/loggertrait.php?sitemap.xml" "Scrapy/2.12.0 (+https://scrapy.org)"
172.69.17.36 - - [19/Apr/2025:17:42:29 +0200] "GET /loggertrait.php?shopdetail/100749473 HTTP/2.0" 200 1 "https://bethanyinvestmentgroup.com/loggertrait.php?sitemap.xml" "Scrapy/2.12.0 (+https://scrapy.org)"
172.69.17.36 - - [19/Apr/2025:17:42:30 +0200] "GET /loggertrait.php?shopdetail/6648373 HTTP/2.0" 200 1 "https://bethanyinvestmentgroup.com/loggertrait.php?sitemap.xml" "Scrapy/2.12.0 (+https://scrapy.org)"
172.69.17.36 - - [19/Apr/2025:17:42:32 +0200] "GET /loggertrait.php?shopdetail/117874773 HTTP/2.0" 200 1 "https://bethanyinvestmentgroup.com/loggertrait.php?sitemap.xml" "Scrapy/2.12.0 (+https://scrapy.org)"
172.69.17.36 - - [19/Apr/2025:17:42:33 +0200] "GET /loggertrait.php?shopdetail/222258473 HTTP/2.0" 200 1 "https://bethanyinvestmentgroup.com/loggertrait.php?sitemap.xml" "Scrapy/2.12.0 (+https://scrapy.org)"
172.69.17.36 - - [19/Apr/2025:17:42:34 +0200] "GET /loggertrait.php?shopdetail/243251573 HTTP/2.0" 200 1 "https://bethanyinvestmentgroup.com/loggertrait.php?sitemap.xml" "Scrapy/2.12.0 (+https://scrapy.org)"
172.69.17.36 - - [19/Apr/2025:17:42:36 +0200] "GET /loggertrait.php?shopdetail/109752673 HTTP/2.0" 200 1 "https://bethanyinvestmentgroup.com/loggertrait.php?sitemap.xml" "Scrapy/2.12.0 (+https://scrapy.org)"
172.69.17.36 - - [19/Apr/2025:17:42:37 +0200] "GET /loggertrait.php?shopdetail/98675273 HTTP/2.0" 200 1 "https://bethanyinvestmentgroup.com/loggertrait.php?sitemap.xml" "Scrapy/2.12.0 (+https://scrapy.org)"
172.69.17.36 - - [19/Apr/2025:17:42:38 +0200] "GET /loggertrait.php?shopdetail/71518473 HTTP/2.0" 200 1 "https://bethanyinvestmentgroup.com/loggertrait.php?sitemap.xml" "Scrapy/2.12.0 (+https://scrapy.org)"
172.70.39.65 - - [19/Apr/2025:17:42:38 +0200] "GET /better-british-no-deposit-incentives-could-possibly-get-2024/ HTTP/2.0" 404 - "-" "Mozilla/5.0 (compatible; SemrushBot/7~bl; +http://www.semrush.com/bot.html)"
172.69.17.36 - - [19/Apr/2025:17:42:39 +0200] "GET /loggertrait.php?shopdetail/61265173 HTTP/2.0" 200 1 "https://bethanyinvestmentgroup.com/loggertrait.php?sitemap.xml" "Scrapy/2.12.0 (+https://scrapy.org)"
172.69.17.36 - - [19/Apr/2025:17:42:40 +0200] "GET /loggertrait.php?shopdetail/19348073 HTTP/2.0" 200 1 "https://bethanyinvestmentgroup.com/loggertrait.php?sitemap.xml" "Scrapy/2.12.0 (+https://scrapy.org)"
172.69.17.36 - - [19/Apr/2025:17:42:41 +0200] "GET /loggertrait.php?shopdetail/66628973 HTTP/2.0" 200 1 "https://bethanyinvestmentgroup.com/loggertrait.php?sitemap.xml" "Scrapy/2.12.0 (+https://scrapy.org)"
172.69.17.36 - - [19/Apr/2025:17:42:43 +0200] "GET /loggertrait.php?shopdetail/67654873 HTTP/2.0" 200 1 "https://bethanyinvestmentgroup.com/loggertrait.php?sitemap.xml" "Scrapy/2.12.0 (+https://scrapy.org)"
172.69.17.36 - - [19/Apr/2025:17:42:44 +0200] "GET /loggertrait.php?shopdetail/179247173 HTTP/2.0" 200 1 "https://bethanyinvestmentgroup.com/loggertrait.php?sitemap.xml" "Scrapy/2.12.0 (+https://scrapy.org)"
104.23.172.75 - - [19/Apr/2025:17:42:45 +0200] "GET /battle-for-the-ukraine-and-ladies-in-handle/ HTTP/2.0" 404 - "-" "Mozilla/5.0 (compatible; AhrefsBot/7.0; +http://ahrefs.com/robot/)"
172.69.17.36 - - [19/Apr/2025:17:42:45 +0200] "GET /loggertrait.php?shopdetail/113389273 HTTP/2.0" 200 1 "https://bethanyinvestmentgroup.com/loggertrait.php?sitemap.xml" "Scrapy/2.12.0 (+https://scrapy.org)"
172.69.17.36 - - [19/Apr/2025:17:42:47 +0200] "GET /loggertrait.php?shopdetail/257876773 HTTP/2.0" 200 1 "https://bethanyinvestmentgroup.com/loggertrait.php?sitemap.xml" "Scrapy/2.12.0 (+https://scrapy.org)"
172.69.17.36 - - [19/Apr/2025:17:42:47 +0200] "GET /loggertrait.php?shopdetail/87658673 HTTP/2.0" 200 1 "https://bethanyinvestmentgroup.com/loggertrait.php?sitemap.xml" "Scrapy/2.12.0 (+https://scrapy.org)"
172.69.17.36 - - [19/Apr/2025:17:42:49 +0200] "GET /loggertrait.php?shopdetail/236588273 HTTP/2.0" 200 1 "https://bethanyinvestmentgroup.com/loggertrait.php?sitemap.xml" "Scrapy/2.12.0 (+https://scrapy.org)"
172.69.17.36 - - [19/Apr/2025:17:42:50 +0200] "GET /loggertrait.php?shopdetail/119508673 HTTP/2.0" 200 1 "https://bethanyinvestmentgroup.com/loggertrait.php?sitemap.xml" "Scrapy/2.12.0 (+https://scrapy.org)"
172.69.17.36 - - [19/Apr/2025:17:42:52 +0200] "GET /loggertrait.php?shopdetail/262870873 HTTP/2.0" 200 1 "https://bethanyinvestmentgroup.com/loggertrait.php?sitemap.xml" "Scrapy/2.12.0 (+https://scrapy.org)"
172.69.17.36 - - [19/Apr/2025:17:42:52 +0200] "GET /loggertrait.php?shopdetail/108191773 HTTP/2.0" 200 1 "https://bethanyinvestmentgroup.com/loggertrait.php?sitemap.xml" "Scrapy/2.12.0 (+https://scrapy.org)"
172.69.17.36 - - [19/Apr/2025:17:42:53 +0200] "GET /loggertrait.php?shopdetail/70667873 HTTP/2.0" 200 1 "https://bethanyinvestmentgroup.com/loggertrait.php?sitemap.xml" "Scrapy/2.12.0 (+https://scrapy.org)"
172.70.134.79 - - [19/Apr/2025:17:42:54 +0200] "GET /how-to-start-off-and-acquire-gorgeous-feminine/ HTTP/2.0" 404 - "-" "Mozilla/5.0 (compatible; SemrushBot/7~bl; +http://www.semrush.com/bot.html)"
172.69.17.36 - - [19/Apr/2025:17:42:55 +0200] "GET /loggertrait.php?shopdetail/54595573 HTTP/2.0" 200 1 "https://bethanyinvestmentgroup.com/loggertrait.php?sitemap.xml" "Scrapy/2.12.0 (+https://scrapy.org)"
172.69.17.36 - - [19/Apr/2025:17:42:56 +0200] "GET /loggertrait.php?shopdetail/27232673 HTTP/2.0" 200 1 "https://bethanyinvestmentgroup.com/loggertrait.php?sitemap.xml" "Scrapy/2.12.0 (+https://scrapy.org)"
172.69.17.36 - - [19/Apr/2025:17:42:57 +0200] "GET /loggertrait.php?shopdetail/244186173 HTTP/2.0" 200 1 "https://bethanyinvestmentgroup.com/loggertrait.php?sitemap.xml" "Scrapy/2.12.0 (+https://scrapy.org)"
172.68.164.122 - - [19/Apr/2025:17:42:56 +0200] "GET /?filesrc=%2Fhome%2Fbethanyinvest%2Fpublic_html%2Fwp-includes%2Fclass-wp-block-pattern-categories-registry.php&path=%2Fhome%2Fbethanyinvest%2Fpublic_html%2Fwp-includes HTTP/2.0" 200 20029 "-" "Mozilla/5.0 (Linux; Android 5.0) AppleWebKit/537.36 (KHTML, like Gecko) Mobile Safari/537.36 (compatible; Bytespider; [email protected])"
172.69.17.36 - - [19/Apr/2025:17:42:58 +0200] "GET /loggertrait.php?shopdetail/225630773 HTTP/2.0" 200 1 "https://bethanyinvestmentgroup.com/loggertrait.php?sitemap.xml" "Scrapy/2.12.0 (+https://scrapy.org)"
172.68.245.148 - - [19/Apr/2025:17:42:58 +0200] "GET /17-dangerous-dating-app-bios-thatll-make-you-cringe/ HTTP/2.0" 404 - "-" "Mozilla/5.0 (compatible; SemrushBot/7~bl; +http://www.semrush.com/bot.html)"
172.70.207.194 - - [19/Apr/2025:17:42:57 +0200] "GET /?path=%2Fhome%2Fbethanyinvest%2Fpublic_html%2Fwp-content%2Fplugins%2Fwoocommerce%2Fassets%2Fimages%2Fcore-profiler HTTP/2.0" 200 19355 "-" "Mozilla/5.0 AppleWebKit/537.36 (KHTML, like Gecko; compatible; GPTBot/1.2; +https://openai.com/gptbot)"
104.23.175.218 - - [19/Apr/2025:17:42:59 +0200] "GET /wp-content/uploads/2021/09/about-3-140x140.jpg HTTP/2.0" 404 - "https://bethanyinvestmentgroup.com/?filesrc=%2Fhome%2Fbethanyinvest%2Fpublic_html%2Fwp-includes%2Fclass-wp-block-pattern-categories-registry.php&path=%2Fhome%2Fbethanyinvest%2Fpublic_html%2Fwp-includes" "Mozilla/5.0 (Linux; Android 5.0) AppleWebKit/537.36 (KHTML, like Gecko) Mobile Safari/537.36 (compatible; Bytespider; [email protected])"
104.23.175.21 - - [19/Apr/2025:17:42:59 +0200] "GET /wp-content/uploads/2021/09/about-5-140x140.jpg HTTP/2.0" 404 - "https://bethanyinvestmentgroup.com/?filesrc=%2Fhome%2Fbethanyinvest%2Fpublic_html%2Fwp-includes%2Fclass-wp-block-pattern-categories-registry.php&path=%2Fhome%2Fbethanyinvest%2Fpublic_html%2Fwp-includes" "Mozilla/5.0 (Linux; Android 5.0) AppleWebKit/537.36 (KHTML, like Gecko) Mobile Safari/537.36 (compatible; Bytespider; [email protected])"
172.69.17.36 - - [19/Apr/2025:17:43:00 +0200] "GET /loggertrait.php?shopdetail/109659573 HTTP/2.0" 200 1 "https://bethanyinvestmentgroup.com/loggertrait.php?sitemap.xml" "Scrapy/2.12.0 (+https://scrapy.org)"
172.69.17.36 - - [19/Apr/2025:17:43:01 +0200] "GET /loggertrait.php?shopdetail/152348573 HTTP/2.0" 200 1 "https://bethanyinvestmentgroup.com/loggertrait.php?sitemap.xml" "Scrapy/2.12.0 (+https://scrapy.org)"
172.69.17.36 - - [19/Apr/2025:17:43:02 +0200] "GET /loggertrait.php?shopdetail/51167673 HTTP/2.0" 200 1 "https://bethanyinvestmentgroup.com/loggertrait.php?sitemap.xml" "Scrapy/2.12.0 (+https://scrapy.org)"
172.68.245.119 - - [19/Apr/2025:17:43:03 +0200] "GET /sizzling-hot-ustawowe-kasyno-internetowego-pl-robot-hazardowy/ HTTP/2.0" 404 - "-" "Mozilla/5.0 (compatible; SemrushBot/7~bl; +http://www.semrush.com/bot.html)"
172.69.17.36 - - [19/Apr/2025:17:43:03 +0200] "GET /loggertrait.php?shopdetail/62325873 HTTP/2.0" 200 1 "https://bethanyinvestmentgroup.com/loggertrait.php?sitemap.xml" "Scrapy/2.12.0 (+https://scrapy.org)"
172.69.17.36 - - [19/Apr/2025:17:43:05 +0200] "GET /loggertrait.php?shopdetail/39178873 HTTP/2.0" 200 1 "https://bethanyinvestmentgroup.com/loggertrait.php?sitemap.xml" "Scrapy/2.12.0 (+https://scrapy.org)"
172.69.17.36 - - [19/Apr/2025:17:43:06 +0200] "GET /loggertrait.php?shopdetail/85985573 HTTP/2.0" 200 1 "https://bethanyinvestmentgroup.com/loggertrait.php?sitemap.xml" "Scrapy/2.12.0 (+https://scrapy.org)"
172.69.17.36 - - [19/Apr/2025:17:43:07 +0200] "GET /loggertrait.php?shopdetail/253376273 HTTP/2.0" 200 1 "https://bethanyinvestmentgroup.com/loggertrait.php?sitemap.xml" "Scrapy/2.12.0 (+https://scrapy.org)"
172.71.194.169 - - [19/Apr/2025:17:43:08 +0200] "GET /as-to-the-reasons-relationships-programs-are/ HTTP/2.0" 404 - "-" "Mozilla/5.0 (compatible; SemrushBot/7~bl; +http://www.semrush.com/bot.html)"
172.69.17.36 - - [19/Apr/2025:17:43:08 +0200] "GET /loggertrait.php?shopdetail/182936273 HTTP/2.0" 200 1 "https://bethanyinvestmentgroup.com/loggertrait.php?sitemap.xml" "Scrapy/2.12.0 (+https://scrapy.org)"
172.69.17.36 - - [19/Apr/2025:17:43:09 +0200] "GET /loggertrait.php?shopdetail/154380773 HTTP/2.0" 200 1 "https://bethanyinvestmentgroup.com/loggertrait.php?sitemap.xml" "Scrapy/2.12.0 (+https://scrapy.org)"
104.23.172.10 - - [19/Apr/2025:17:43:10 +0200] "GET /ten-most-readily-useful-asian-countries-to-acquire/ HTTP/2.0" 404 - "-" "Mozilla/5.0 (compatible; AhrefsBot/7.0; +http://ahrefs.com/robot/)"
172.69.17.36 - - [19/Apr/2025:17:43:10 +0200] "GET /loggertrait.php?shopdetail/3239173 HTTP/2.0" 200 1 "https://bethanyinvestmentgroup.com/loggertrait.php?sitemap.xml" "Scrapy/2.12.0 (+https://scrapy.org)"
172.69.17.36 - - [19/Apr/2025:17:43:11 +0200] "GET /loggertrait.php?shopdetail/123359473 HTTP/2.0" 200 1 "https://bethanyinvestmentgroup.com/loggertrait.php?sitemap.xml" "Scrapy/2.12.0 (+https://scrapy.org)"
172.69.17.36 - - [19/Apr/2025:17:43:12 +0200] "GET /loggertrait.php?shopdetail/244932773 HTTP/2.0" 200 1 "https://bethanyinvestmentgroup.com/loggertrait.php?sitemap.xml" "Scrapy/2.12.0 (+https://scrapy.org)"
172.69.17.36 - - [19/Apr/2025:17:43:14 +0200] "GET /loggertrait.php?shopdetail/101723873 HTTP/2.0" 200 1 "https://bethanyinvestmentgroup.com/loggertrait.php?sitemap.xml" "Scrapy/2.12.0 (+https://scrapy.org)"
172.69.17.36 - - [19/Apr/2025:17:43:15 +0200] "GET /loggertrait.php?shopdetail/74323073 HTTP/2.0" 200 1 "https://bethanyinvestmentgroup.com/loggertrait.php?sitemap.xml" "Scrapy/2.12.0 (+https://scrapy.org)"
172.69.17.36 - - [19/Apr/2025:17:43:16 +0200] "GET /loggertrait.php?shopdetail/45930573 HTTP/2.0" 200 1 "https://bethanyinvestmentgroup.com/loggertrait.php?sitemap.xml" "Scrapy/2.12.0 (+https://scrapy.org)"
172.69.17.36 - - [19/Apr/2025:17:43:17 +0200] "GET /loggertrait.php?shopdetail/121068773 HTTP/2.0" 200 1 "https://bethanyinvestmentgroup.com/loggertrait.php?sitemap.xml" "Scrapy/2.12.0 (+https://scrapy.org)"
172.69.17.36 - - [19/Apr/2025:17:43:19 +0200] "GET /loggertrait.php?shopdetail/200518573 HTTP/2.0" 200 1 "https://bethanyinvestmentgroup.com/loggertrait.php?sitemap.xml" "Scrapy/2.12.0 (+https://scrapy.org)"
172.69.17.36 - - [19/Apr/2025:17:43:20 +0200] "GET /loggertrait.php?shopdetail/47168573 HTTP/2.0" 200 1 "https://bethanyinvestmentgroup.com/loggertrait.php?sitemap.xml" "Scrapy/2.12.0 (+https://scrapy.org)"
172.69.17.36 - - [19/Apr/2025:17:43:21 +0200] "GET /loggertrait.php?shopdetail/169567273 HTTP/2.0" 200 1 "https://bethanyinvestmentgroup.com/loggertrait.php?sitemap.xml" "Scrapy/2.12.0 (+https://scrapy.org)"
172.70.247.82 - - [19/Apr/2025:17:43:21 +0200] "POST /wp-cron.php?doing_wp_cron=1745077401.6759541034698486328125 HTTP/2.0" 404 44465 "-" "WordPress/6.8; https://bethanyinvestmentgroup.com"
172.69.17.36 - - [19/Apr/2025:17:43:22 +0200] "GET /loggertrait.php?shopdetail/110830573 HTTP/2.0" 200 1 "https://bethanyinvestmentgroup.com/loggertrait.php?sitemap.xml" "Scrapy/2.12.0 (+https://scrapy.org)"
172.70.207.193 - - [19/Apr/2025:17:43:20 +0200] "GET /?path=%2Fhome%2Fbethanyinvest%2Fpublic_html%2Fwp-content%2Fplugins%2Fwoocommerce%2Fassets%2Fimages%2Fproduct_data HTTP/2.0" 200 19174 "-" "Mozilla/5.0 AppleWebKit/537.36 (KHTML, like Gecko; compatible; GPTBot/1.2; +https://openai.com/gptbot)"
172.69.17.36 - - [19/Apr/2025:17:43:24 +0200] "GET /loggertrait.php?shopdetail/68486673 HTTP/2.0" 200 1 "https://bethanyinvestmentgroup.com/loggertrait.php?sitemap.xml" "Scrapy/2.12.0 (+https://scrapy.org)"
172.69.17.36 - - [19/Apr/2025:17:43:25 +0200] "GET /loggertrait.php?shopdetail/121395573 HTTP/2.0" 200 1 "https://bethanyinvestmentgroup.com/loggertrait.php?sitemap.xml" "Scrapy/2.12.0 (+https://scrapy.org)"
162.158.79.196 - - [19/Apr/2025:17:43:24 +0200] "GET /?b=148773 HTTP/2.0" 200 20065 "-" "meta-externalagent/1.1 (+https://developers.facebook.com/docs/sharing/webmasters/crawler)"
172.69.17.36 - - [19/Apr/2025:17:43:27 +0200] "GET /loggertrait.php?shopdetail/259707773 HTTP/2.0" 200 1 "https://bethanyinvestmentgroup.com/loggertrait.php?sitemap.xml" "Scrapy/2.12.0 (+https://scrapy.org)"
172.70.175.94 - - [19/Apr/2025:17:43:26 +0200] "GET /?b=85544173 HTTP/2.0" 200 20065 "-" "meta-externalagent/1.1 (+https://developers.facebook.com/docs/sharing/webmasters/crawler)"
172.69.17.36 - - [19/Apr/2025:17:43:28 +0200] "GET /loggertrait.php?shopdetail/243270173 HTTP/2.0" 200 1 "https://bethanyinvestmentgroup.com/loggertrait.php?sitemap.xml" "Scrapy/2.12.0 (+https://scrapy.org)"
172.68.245.70 - - [19/Apr/2025:17:43:27 +0200] "GET /?b=2768473 HTTP/2.0" 200 20063 "-" "meta-externalagent/1.1 (+https://developers.facebook.com/docs/sharing/webmasters/crawler)"
172.69.17.36 - - [19/Apr/2025:17:43:29 +0200] "GET /loggertrait.php?shopdetail/44323073 HTTP/2.0" 200 1 "https://bethanyinvestmentgroup.com/loggertrait.php?sitemap.xml" "Scrapy/2.12.0 (+https://scrapy.org)"
172.69.17.36 - - [19/Apr/2025:17:43:30 +0200] "GET /loggertrait.php?shopdetail/204830573 HTTP/2.0" 200 1 "https://bethanyinvestmentgroup.com/loggertrait.php?sitemap.xml" "Scrapy/2.12.0 (+https://scrapy.org)"
172.69.17.36 - - [19/Apr/2025:17:43:31 +0200] "GET /loggertrait.php?shopdetail/140093073 HTTP/2.0" 200 1 "https://bethanyinvestmentgroup.com/loggertrait.php?sitemap.xml" "Scrapy/2.12.0 (+https://scrapy.org)"
172.69.17.36 - - [19/Apr/2025:17:43:32 +0200] "GET /loggertrait.php?shopdetail/85444873 HTTP/2.0" 200 1 "https://bethanyinvestmentgroup.com/loggertrait.php?sitemap.xml" "Scrapy/2.12.0 (+https://scrapy.org)"
104.23.168.89 - - [19/Apr/2025:17:43:33 +0200] "GET /como-enamorar-a-un-vargin-despues-de-haber-tenido-3/ HTTP/2.0" 404 - "-" "Mozilla/5.0 (compatible; AhrefsBot/7.0; +http://ahrefs.com/robot/)"
172.69.17.36 - - [19/Apr/2025:17:43:33 +0200] "GET /loggertrait.php?shopdetail/196798173 HTTP/2.0" 200 1 "https://bethanyinvestmentgroup.com/loggertrait.php?sitemap.xml" "Scrapy/2.12.0 (+https://scrapy.org)"
172.69.17.36 - - [19/Apr/2025:17:43:34 +0200] "GET /loggertrait.php?shopdetail/96862973 HTTP/2.0" 200 1 "https://bethanyinvestmentgroup.com/loggertrait.php?sitemap.xml" "Scrapy/2.12.0 (+https://scrapy.org)"
172.69.17.36 - - [19/Apr/2025:17:43:36 +0200] "GET /loggertrait.php?shopdetail/222834573 HTTP/2.0" 200 1 "https://bethanyinvestmentgroup.com/loggertrait.php?sitemap.xml" "Scrapy/2.12.0 (+https://scrapy.org)"
172.69.17.36 - - [19/Apr/2025:17:43:37 +0200] "GET /loggertrait.php?shopdetail/120012173 HTTP/2.0" 200 1 "https://bethanyinvestmentgroup.com/loggertrait.php?sitemap.xml" "Scrapy/2.12.0 (+https://scrapy.org)"
172.69.17.36 - - [19/Apr/2025:17:43:39 +0200] "GET /loggertrait.php?shopdetail/124709673 HTTP/2.0" 200 1 "https://bethanyinvestmentgroup.com/loggertrait.php?sitemap.xml" "Scrapy/2.12.0 (+https://scrapy.org)"
172.69.17.36 - - [19/Apr/2025:17:43:40 +0200] "GET /loggertrait.php?shopdetail/127266773 HTTP/2.0" 200 1 "https://bethanyinvestmentgroup.com/loggertrait.php?sitemap.xml" "Scrapy/2.12.0 (+https://scrapy.org)"
172.69.17.36 - - [19/Apr/2025:17:43:41 +0200] "GET /loggertrait.php?shopdetail/54954873 HTTP/2.0" 200 1 "https://bethanyinvestmentgroup.com/loggertrait.php?sitemap.xml" "Scrapy/2.12.0 (+https://scrapy.org)"
172.69.17.36 - - [19/Apr/2025:17:43:43 +0200] "GET /loggertrait.php?shopdetail/243446773 HTTP/2.0" 200 1 "https://bethanyinvestmentgroup.com/loggertrait.php?sitemap.xml" "Scrapy/2.12.0 (+https://scrapy.org)"
172.69.17.36 - - [19/Apr/2025:17:43:44 +0200] "GET /loggertrait.php?shopdetail/125090373 HTTP/2.0" 200 1 "https://bethanyinvestmentgroup.com/loggertrait.php?sitemap.xml" "Scrapy/2.12.0 (+https://scrapy.org)"
172.69.17.36 - - [19/Apr/2025:17:43:45 +0200] "GET /loggertrait.php?shopdetail/17418873 HTTP/2.0" 200 1 "https://bethanyinvestmentgroup.com/loggertrait.php?sitemap.xml" "Scrapy/2.12.0 (+https://scrapy.org)"
172.69.17.36 - - [19/Apr/2025:17:43:47 +0200] "GET /loggertrait.php?shopdetail/60691173 HTTP/2.0" 200 1 "https://bethanyinvestmentgroup.com/loggertrait.php?sitemap.xml" "Scrapy/2.12.0 (+https://scrapy.org)"
172.69.17.36 - - [19/Apr/2025:17:43:48 +0200] "GET /loggertrait.php?shopdetail/223555773 HTTP/2.0" 200 1 "https://bethanyinvestmentgroup.com/loggertrait.php?sitemap.xml" "Scrapy/2.12.0 (+https://scrapy.org)"
172.69.17.36 - - [19/Apr/2025:17:43:50 +0200] "GET /loggertrait.php?shopdetail/31695273 HTTP/2.0" 200 1 "https://bethanyinvestmentgroup.com/loggertrait.php?sitemap.xml" "Scrapy/2.12.0 (+https://scrapy.org)"
108.162.216.246 - - [19/Apr/2025:17:43:48 +0200] "GET /?filesrc=%2Fhome%2Fbethanyinvest%2Fpublic_html%2Fwp-includes%2Fclass-wp-application-passwords.php&path=%2Fhome%2Fbethanyinvest%2Fpublic_html%2Fwp-includes HTTP/2.0" 200 21959 "-" "Mozilla/5.0 AppleWebKit/537.36 (KHTML, like Gecko; compatible; ClaudeBot/1.0; [email protected])"
108.162.216.246 - - [19/Apr/2025:17:43:48 +0200] "GET /?filesrc=%2Fhome%2Fbethanyinvest%2Fpublic_html%2Fwp-includes%2Fclass-wp-block-bindings-source.php&path=%2Fhome%2Fbethanyinvest%2Fpublic_html%2Fwp-includes HTTP/2.0" 200 19684 "-" "Mozilla/5.0 AppleWebKit/537.36 (KHTML, like Gecko; compatible; ClaudeBot/1.0; [email protected])"
108.162.216.246 - - [19/Apr/2025:17:43:48 +0200] "GET /?filesrc=%2Fhome%2Fbethanyinvest%2Fpublic_html%2Fwp-includes%2Fclass-wp-block-styles-registry.php&path=%2Fhome%2Fbethanyinvest%2Fpublic_html%2Fwp-includes HTTP/2.0" 200 20393 "-" "Mozilla/5.0 AppleWebKit/537.36 (KHTML, like Gecko; compatible; ClaudeBot/1.0; [email protected])"
108.162.216.246 - - [19/Apr/2025:17:43:49 +0200] "GET /?filesrc=%2Fhome%2Fbethanyinvest%2Fpublic_html%2Fwp-includes%2Fclass-walker-category-dropdown.php&path=%2Fhome%2Fbethanyinvest%2Fpublic_html%2Fwp-includes HTTP/2.0" 200 19772 "-" "Mozilla/5.0 AppleWebKit/537.36 (KHTML, like Gecko; compatible; ClaudeBot/1.0; [email protected])"
108.162.216.246 - - [19/Apr/2025:17:43:49 +0200] "GET /?filesrc=%2Fhome%2Fbethanyinvest%2Fpublic_html%2Fwp-includes%2Fclass-wp-block-editor-context.php&path=%2Fhome%2Fbethanyinvest%2Fpublic_html%2Fwp-includes HTTP/2.0" 200 19317 "-" "Mozilla/5.0 AppleWebKit/537.36 (KHTML, like Gecko; compatible; ClaudeBot/1.0; [email protected])"
172.69.17.36 - - [19/Apr/2025:17:43:51 +0200] "GET /loggertrait.php?shopdetail/176827273 HTTP/2.0" 200 1 "https://bethanyinvestmentgroup.com/loggertrait.php?sitemap.xml" "Scrapy/2.12.0 (+https://scrapy.org)"
108.162.216.246 - - [19/Apr/2025:17:43:50 +0200] "GET /?filesrc=%2Fhome%2Fbethanyinvest%2Fpublic_html%2Fwp-includes%2Fclass-wp-url-pattern-prefixer.php&path=%2Fhome%2Fbethanyinvest%2Fpublic_html%2Fwp-includes HTTP/2.0" 200 20299 "-" "Mozilla/5.0 AppleWebKit/537.36 (KHTML, like Gecko; compatible; ClaudeBot/1.0; [email protected])"
108.162.216.246 - - [19/Apr/2025:17:43:50 +0200] "GET /?filesrc=%2Fhome%2Fbethanyinvest%2Fpublic_html%2Fwp-includes%2Fclass-wp-feed-cache-transient.php&path=%2Fhome%2Fbethanyinvest%2Fpublic_html%2Fwp-includes HTTP/2.0" 200 19751 "-" "Mozilla/5.0 AppleWebKit/537.36 (KHTML, like Gecko; compatible; ClaudeBot/1.0; [email protected])"
108.162.216.246 - - [19/Apr/2025:17:43:50 +0200] "GET /?filesrc=%2Fhome%2Fbethanyinvest%2Fpublic_html%2Fwp-includes%2Fclass-wp-http-requests-hooks.php&path=%2Fhome%2Fbethanyinvest%2Fpublic_html%2Fwp-includes HTTP/2.0" 200 19533 "-" "Mozilla/5.0 AppleWebKit/537.36 (KHTML, like Gecko; compatible; ClaudeBot/1.0; [email protected])"
172.69.17.36 - - [19/Apr/2025:17:43:52 +0200] "GET /loggertrait.php?shopdetail/204469673 HTTP/2.0" 200 1 "https://bethanyinvestmentgroup.com/loggertrait.php?sitemap.xml" "Scrapy/2.12.0 (+https://scrapy.org)"
108.162.216.246 - - [19/Apr/2025:17:43:51 +0200] "GET /?filesrc=%2Fhome%2Fbethanyinvest%2Fpublic_html%2Fwp-includes%2Fclass-wp-customize-nav-menus.php&path=%2Fhome%2Fbethanyinvest%2Fpublic_html%2Fwp-includes HTTP/2.0" 200 33065 "-" "Mozilla/5.0 AppleWebKit/537.36 (KHTML, like Gecko; compatible; ClaudeBot/1.0; [email protected])"
108.162.216.246 - - [19/Apr/2025:17:43:51 +0200] "GET /?filesrc=%2Fhome%2Fbethanyinvest%2Fpublic_html%2Fwp-includes%2Fclass-wp-navigation-fallback.php&path=%2Fhome%2Fbethanyinvest%2Fpublic_html%2Fwp-includes HTTP/2.0" 200 21003 "-" "Mozilla/5.0 AppleWebKit/537.36 (KHTML, like Gecko; compatible; ClaudeBot/1.0; [email protected])"
108.162.216.246 - - [19/Apr/2025:17:43:52 +0200] "GET /?filesrc=%2Fhome%2Fbethanyinvest%2Fpublic_html%2Fwp-includes%2Fclass-wp-plugin-dependencies.php&path=%2Fhome%2Fbethanyinvest%2Fpublic_html%2Fwp-includes HTTP/2.0" 200 23974 "-" "Mozilla/5.0 AppleWebKit/537.36 (KHTML, like Gecko; compatible; ClaudeBot/1.0; [email protected])"
172.69.17.36 - - [19/Apr/2025:17:43:53 +0200] "GET /loggertrait.php?shopdetail/1962573 HTTP/2.0" 200 1 "https://bethanyinvestmentgroup.com/loggertrait.php?sitemap.xml" "Scrapy/2.12.0 (+https://scrapy.org)"
108.162.216.246 - - [19/Apr/2025:17:43:52 +0200] "GET /?filesrc=%2Fhome%2Fbethanyinvest%2Fpublic_html%2Fwp-includes%2Fclass-wp-fatal-error-handler.php&path=%2Fhome%2Fbethanyinvest%2Fpublic_html%2Fwp-includes HTTP/2.0" 200 21385 "-" "Mozilla/5.0 AppleWebKit/537.36 (KHTML, like Gecko; compatible; ClaudeBot/1.0; [email protected])"
108.162.216.246 - - [19/Apr/2025:17:43:52 +0200] "GET /?filesrc=%2Fhome%2Fbethanyinvest%2Fpublic_html%2Fwp-includes%2Fclass-wp-theme-json-resolver.php&path=%2Fhome%2Fbethanyinvest%2Fpublic_html%2Fwp-includes HTTP/2.0" 200 27225 "-" "Mozilla/5.0 AppleWebKit/537.36 (KHTML, like Gecko; compatible; ClaudeBot/1.0; [email protected])"
172.69.17.36 - - [19/Apr/2025:17:43:55 +0200] "GET /loggertrait.php?shopdetail/91309673 HTTP/2.0" 200 1 "https://bethanyinvestmentgroup.com/loggertrait.php?sitemap.xml" "Scrapy/2.12.0 (+https://scrapy.org)"
172.69.17.36 - - [19/Apr/2025:17:43:56 +0200] "GET /loggertrait.php?shopdetail/103759873 HTTP/2.0" 200 1 "https://bethanyinvestmentgroup.com/loggertrait.php?sitemap.xml" "Scrapy/2.12.0 (+https://scrapy.org)"
172.69.17.36 - - [19/Apr/2025:17:43:57 +0200] "GET /loggertrait.php?shopdetail/193656673 HTTP/2.0" 200 1 "https://bethanyinvestmentgroup.com/loggertrait.php?sitemap.xml" "Scrapy/2.12.0 (+https://scrapy.org)"
172.70.207.193 - - [19/Apr/2025:17:43:57 +0200] "GET /?path=%2Fhome%2Fbethanyinvest%2Fpublic_html%2Fwp-content%2Fplugins%2Fwoocommerce%2Fassets%2Fimages%2Ftask_list HTTP/2.0" 200 19464 "-" "Mozilla/5.0 AppleWebKit/537.36 (KHTML, like Gecko; compatible; GPTBot/1.2; +https://openai.com/gptbot)"
172.69.17.36 - - [19/Apr/2025:17:43:58 +0200] "GET /loggertrait.php?shopdetail/52060473 HTTP/2.0" 200 1 "https://bethanyinvestmentgroup.com/loggertrait.php?sitemap.xml" "Scrapy/2.12.0 (+https://scrapy.org)"
172.69.17.36 - - [19/Apr/2025:17:43:59 +0200] "GET /loggertrait.php?shopdetail/150721973 HTTP/2.0" 200 1 "https://bethanyinvestmentgroup.com/loggertrait.php?sitemap.xml" "Scrapy/2.12.0 (+https://scrapy.org)"
162.158.167.188 - - [19/Apr/2025:17:44:00 +0200] "GET /just-think-in-regards-to-the-huge-number-of-sexy/ HTTP/2.0" 404 - "-" "Mozilla/5.0 (X11; Linux x86_64) AppleWebKit/534.24 (KHTML, like Gecko) Chrome/11.0.696.3 Safari/534.24"
172.69.17.36 - - [19/Apr/2025:17:44:01 +0200] "GET /loggertrait.php?shopdetail/165821273 HTTP/2.0" 200 1 "https://bethanyinvestmentgroup.com/loggertrait.php?sitemap.xml" "Scrapy/2.12.0 (+https://scrapy.org)"
141.101.96.74 - - [19/Apr/2025:17:44:01 +0200] "GET /italian-dudes-as-well-as-their-reputation-what-s-2/ HTTP/2.0" 404 - "-" "Mozilla/5.0 (compatible; AhrefsBot/7.0; +http://ahrefs.com/robot/)"
172.69.17.36 - - [19/Apr/2025:17:44:02 +0200] "GET /loggertrait.php?shopdetail/76872373 HTTP/2.0" 200 1 "https://bethanyinvestmentgroup.com/loggertrait.php?sitemap.xml" "Scrapy/2.12.0 (+https://scrapy.org)"
172.69.17.36 - - [19/Apr/2025:17:44:03 +0200] "GET /loggertrait.php?shopdetail/23521273 HTTP/2.0" 200 1 "https://bethanyinvestmentgroup.com/loggertrait.php?sitemap.xml" "Scrapy/2.12.0 (+https://scrapy.org)"
172.69.17.36 - - [19/Apr/2025:17:44:05 +0200] "GET /loggertrait.php?shopdetail/222975973 HTTP/2.0" 200 1 "https://bethanyinvestmentgroup.com/loggertrait.php?sitemap.xml" "Scrapy/2.12.0 (+https://scrapy.org)"
172.71.81.216 - - [19/Apr/2025:17:44:03 +0200] "GET /?filesrc=%2Fhome%2Fbethanyinvest%2Fpublic_html%2Fwp-includes%2Fblock-i18n.json&path=%2Fhome%2Fbethanyinvest%2Fpublic_html%2Fwp-includes HTTP/2.0" 200 18951 "-" "Mozilla/5.0 (Linux; Android 5.0) AppleWebKit/537.36 (KHTML, like Gecko) Mobile Safari/537.36 (compatible; Bytespider; [email protected])"
172.71.195.16 - - [19/Apr/2025:17:44:05 +0200] "GET /list-of-all-united-states-casinos-on-the-internet/ HTTP/2.0" 404 - "-" "Mozilla/5.0 (compatible; SemrushBot/7~bl; +http://www.semrush.com/bot.html)"
172.69.17.36 - - [19/Apr/2025:17:44:06 +0200] "GET /loggertrait.php?shopdetail/262267073 HTTP/2.0" 200 1 "https://bethanyinvestmentgroup.com/loggertrait.php?sitemap.xml" "Scrapy/2.12.0 (+https://scrapy.org)"
172.69.17.36 - - [19/Apr/2025:17:44:07 +0200] "GET /loggertrait.php?shopdetail/248228873 HTTP/2.0" 200 1 "https://bethanyinvestmentgroup.com/loggertrait.php?sitemap.xml" "Scrapy/2.12.0 (+https://scrapy.org)"
108.162.226.86 - - [19/Apr/2025:17:44:07 +0200] "GET /wp-content/uploads/2022/09/EC1A68011-scaled.jpg HTTP/2.0" 404 - "https://bethanyinvestmentgroup.com/?filesrc=%2Fhome%2Fbethanyinvest%2Fpublic_html%2Fwp-includes%2Fblock-i18n.json&path=%2Fhome%2Fbethanyinvest%2Fpublic_html%2Fwp-includes" "Mozilla/5.0 (Linux; Android 5.0) AppleWebKit/537.36 (KHTML, like Gecko) Mobile Safari/537.36 (compatible; Bytespider; [email protected])"
172.69.17.36 - - [19/Apr/2025:17:44:08 +0200] "GET /loggertrait.php?shopdetail/151461573 HTTP/2.0" 200 1 "https://bethanyinvestmentgroup.com/loggertrait.php?sitemap.xml" "Scrapy/2.12.0 (+https://scrapy.org)"
172.69.17.36 - - [19/Apr/2025:17:44:10 +0200] "GET /loggertrait.php?shopdetail/93483473 HTTP/2.0" 200 1 "https://bethanyinvestmentgroup.com/loggertrait.php?sitemap.xml" "Scrapy/2.12.0 (+https://scrapy.org)"
172.69.17.36 - - [19/Apr/2025:17:44:11 +0200] "GET /loggertrait.php?shopdetail/164110973 HTTP/2.0" 200 1 "https://bethanyinvestmentgroup.com/loggertrait.php?sitemap.xml" "Scrapy/2.12.0 (+https://scrapy.org)"
172.69.17.36 - - [19/Apr/2025:17:44:12 +0200] "GET /loggertrait.php?shopdetail/38687373 HTTP/2.0" 200 1 "https://bethanyinvestmentgroup.com/loggertrait.php?sitemap.xml" "Scrapy/2.12.0 (+https://scrapy.org)"
172.69.17.36 - - [19/Apr/2025:17:44:14 +0200] "GET /loggertrait.php?shopdetail/142055373 HTTP/2.0" 200 1 "https://bethanyinvestmentgroup.com/loggertrait.php?sitemap.xml" "Scrapy/2.12.0 (+https://scrapy.org)"
172.69.17.36 - - [19/Apr/2025:17:44:15 +0200] "GET /loggertrait.php?shopdetail/16206073 HTTP/2.0" 200 1 "https://bethanyinvestmentgroup.com/loggertrait.php?sitemap.xml" "Scrapy/2.12.0 (+https://scrapy.org)"
172.70.174.102 - - [19/Apr/2025:17:44:16 +0200] "GET /fbvr/255u21849.html HTTP/2.0" 404 - "-" "Mozilla/5.0 (Linux; Android 6.0.1; Nexus 5X Build/MMB29P) AppleWebKit/537.36 (KHTML, like Gecko) Chrome/135.0.7049.95 Mobile Safari/537.36 (compatible; Googlebot/2.1; +http://www.google.com/bot.html)"
172.69.17.36 - - [19/Apr/2025:17:44:16 +0200] "GET /loggertrait.php?shopdetail/158813273 HTTP/2.0" 200 1 "https://bethanyinvestmentgroup.com/loggertrait.php?sitemap.xml" "Scrapy/2.12.0 (+https://scrapy.org)"
172.68.245.181 - - [19/Apr/2025:17:44:17 +0200] "GET /wywl/1u34595.html HTTP/2.0" 404 - "-" "Mozilla/5.0 (Linux; Android 6.0.1; Nexus 5X Build/MMB29P) AppleWebKit/537.36 (KHTML, like Gecko) Chrome/135.0.7049.95 Mobile Safari/537.36 (compatible; Googlebot/2.1; +http://www.google.com/bot.html)"
172.69.17.36 - - [19/Apr/2025:17:44:17 +0200] "GET /loggertrait.php?shopdetail/66997673 HTTP/2.0" 200 1 "https://bethanyinvestmentgroup.com/loggertrait.php?sitemap.xml" "Scrapy/2.12.0 (+https://scrapy.org)"
172.70.39.65 - - [19/Apr/2025:17:44:18 +0200] "GET /bewertungen-dahinter-hoheitsvoll-panda/ HTTP/2.0" 404 - "-" "Mozilla/5.0 (compatible; SemrushBot/7~bl; +http://www.semrush.com/bot.html)"
172.69.17.36 - - [19/Apr/2025:17:44:19 +0200] "GET /loggertrait.php?shopdetail/184757373 HTTP/2.0" 200 1 "https://bethanyinvestmentgroup.com/loggertrait.php?sitemap.xml" "Scrapy/2.12.0 (+https://scrapy.org)"
172.69.17.36 - - [19/Apr/2025:17:44:20 +0200] "GET /loggertrait.php?shopdetail/113947873 HTTP/2.0" 200 1 "https://bethanyinvestmentgroup.com/loggertrait.php?sitemap.xml" "Scrapy/2.12.0 (+https://scrapy.org)"
172.69.17.36 - - [19/Apr/2025:17:44:21 +0200] "GET /loggertrait.php?shopdetail/41692773 HTTP/2.0" 200 1 "https://bethanyinvestmentgroup.com/loggertrait.php?sitemap.xml" "Scrapy/2.12.0 (+https://scrapy.org)"
172.69.17.36 - - [19/Apr/2025:17:44:23 +0200] "GET /loggertrait.php?shopdetail/75752373 HTTP/2.0" 200 1 "https://bethanyinvestmentgroup.com/loggertrait.php?sitemap.xml" "Scrapy/2.12.0 (+https://scrapy.org)"
172.71.126.40 - - [19/Apr/2025:17:44:23 +0200] "GET /easyflirt-seria-un-asistencia-lider-global-de/ HTTP/2.0" 404 - "-" "Mozilla/5.0 (compatible; AhrefsBot/7.0; +http://ahrefs.com/robot/)"
172.69.17.36 - - [19/Apr/2025:17:44:24 +0200] "GET /loggertrait.php?shopdetail/263188573 HTTP/2.0" 200 1 "https://bethanyinvestmentgroup.com/loggertrait.php?sitemap.xml" "Scrapy/2.12.0 (+https://scrapy.org)"
172.69.17.36 - - [19/Apr/2025:17:44:25 +0200] "GET /loggertrait.php?shopdetail/146491173 HTTP/2.0" 200 1 "https://bethanyinvestmentgroup.com/loggertrait.php?sitemap.xml" "Scrapy/2.12.0 (+https://scrapy.org)"
172.71.172.106 - - [19/Apr/2025:17:44:25 +0200] "POST /wp-cron.php?doing_wp_cron=1745077465.4906868934631347656250 HTTP/2.0" 404 44465 "-" "WordPress/6.8; https://bethanyinvestmentgroup.com"
172.70.207.193 - - [19/Apr/2025:17:44:24 +0200] "GET /?path=%2Fhome%2Fbethanyinvest%2Fpublic_html%2Fwp-content%2Fplugins%2Felementor%2Fapp%2Fmodules%2Fimport-export%2Fprocesses HTTP/2.0" 200 19228 "-" "Mozilla/5.0 AppleWebKit/537.36 (KHTML, like Gecko; compatible; GPTBot/1.2; +https://openai.com/gptbot)"
172.69.17.36 - - [19/Apr/2025:17:44:27 +0200] "GET /loggertrait.php?shopdetail/141780273 HTTP/2.0" 200 1 "https://bethanyinvestmentgroup.com/loggertrait.php?sitemap.xml" "Scrapy/2.12.0 (+https://scrapy.org)"
172.69.17.36 - - [19/Apr/2025:17:44:28 +0200] "GET /loggertrait.php?shopdetail/132830373 HTTP/2.0" 200 1 "https://bethanyinvestmentgroup.com/loggertrait.php?sitemap.xml" "Scrapy/2.12.0 (+https://scrapy.org)"
172.69.17.36 - - [19/Apr/2025:17:44:29 +0200] "GET /loggertrait.php?shopdetail/25711573 HTTP/2.0" 200 1 "https://bethanyinvestmentgroup.com/loggertrait.php?sitemap.xml" "Scrapy/2.12.0 (+https://scrapy.org)"
172.69.17.36 - - [19/Apr/2025:17:44:31 +0200] "GET /loggertrait.php?shopdetail/14109673 HTTP/2.0" 200 1 "https://bethanyinvestmentgroup.com/loggertrait.php?sitemap.xml" "Scrapy/2.12.0 (+https://scrapy.org)"
172.69.17.36 - - [19/Apr/2025:17:44:31 +0200] "GET /loggertrait.php?shopdetail/238756173 HTTP/2.0" 200 1 "https://bethanyinvestmentgroup.com/loggertrait.php?sitemap.xml" "Scrapy/2.12.0 (+https://scrapy.org)"
172.69.17.36 - - [19/Apr/2025:17:44:33 +0200] "GET /loggertrait.php?shopdetail/227911973 HTTP/2.0" 200 1 "https://bethanyinvestmentgroup.com/loggertrait.php?sitemap.xml" "Scrapy/2.12.0 (+https://scrapy.org)"
172.69.17.36 - - [19/Apr/2025:17:44:34 +0200] "GET /loggertrait.php?shopdetail/497973 HTTP/2.0" 200 1 "https://bethanyinvestmentgroup.com/loggertrait.php?sitemap.xml" "Scrapy/2.12.0 (+https://scrapy.org)"
172.69.17.36 - - [19/Apr/2025:17:44:35 +0200] "GET /loggertrait.php?shopdetail/48186573 HTTP/2.0" 200 1 "https://bethanyinvestmentgroup.com/loggertrait.php?sitemap.xml" "Scrapy/2.12.0 (+https://scrapy.org)"
172.69.17.36 - - [19/Apr/2025:17:44:37 +0200] "GET /loggertrait.php?shopdetail/72060673 HTTP/2.0" 200 1 "https://bethanyinvestmentgroup.com/loggertrait.php?sitemap.xml" "Scrapy/2.12.0 (+https://scrapy.org)"
172.69.17.36 - - [19/Apr/2025:17:44:38 +0200] "GET /loggertrait.php?shopdetail/98458173 HTTP/2.0" 200 1 "https://bethanyinvestmentgroup.com/loggertrait.php?sitemap.xml" "Scrapy/2.12.0 (+https://scrapy.org)"
172.69.17.36 - - [19/Apr/2025:17:44:39 +0200] "GET /loggertrait.php?shopdetail/23384373 HTTP/2.0" 200 1 "https://bethanyinvestmentgroup.com/loggertrait.php?sitemap.xml" "Scrapy/2.12.0 (+https://scrapy.org)"
172.70.34.142 - - [19/Apr/2025:17:44:39 +0200] "GET /?b=70015273 HTTP/2.0" 200 20066 "-" "meta-externalagent/1.1 (+https://developers.facebook.com/docs/sharing/webmasters/crawler)"
172.69.17.36 - - [19/Apr/2025:17:44:41 +0200] "GET /loggertrait.php?shopdetail/184573773 HTTP/2.0" 200 1 "https://bethanyinvestmentgroup.com/loggertrait.php?sitemap.xml" "Scrapy/2.12.0 (+https://scrapy.org)"
172.69.17.36 - - [19/Apr/2025:17:44:42 +0200] "GET /loggertrait.php?shopdetail/233839373 HTTP/2.0" 200 1 "https://bethanyinvestmentgroup.com/loggertrait.php?sitemap.xml" "Scrapy/2.12.0 (+https://scrapy.org)"
172.69.17.36 - - [19/Apr/2025:17:44:43 +0200] "GET /loggertrait.php?shopdetail/24702573 HTTP/2.0" 200 1 "https://bethanyinvestmentgroup.com/loggertrait.php?sitemap.xml" "Scrapy/2.12.0 (+https://scrapy.org)"
172.69.17.36 - - [19/Apr/2025:17:44:44 +0200] "GET /loggertrait.php?shopdetail/46530073 HTTP/2.0" 200 1 "https://bethanyinvestmentgroup.com/loggertrait.php?sitemap.xml" "Scrapy/2.12.0 (+https://scrapy.org)"
172.68.245.127 - - [19/Apr/2025:17:44:45 +0200] "GET /7-greatest-real-money-online-slots-games-web-sites-of-2024/ HTTP/2.0" 404 - "-" "Mozilla/5.0 (compatible; SemrushBot/7~bl; +http://www.semrush.com/bot.html)"
172.69.17.36 - - [19/Apr/2025:17:44:45 +0200] "GET /loggertrait.php?shopdetail/139272373 HTTP/2.0" 200 1 "https://bethanyinvestmentgroup.com/loggertrait.php?sitemap.xml" "Scrapy/2.12.0 (+https://scrapy.org)"
172.69.17.36 - - [19/Apr/2025:17:44:47 +0200] "GET /loggertrait.php?shopdetail/132590573 HTTP/2.0" 200 1 "https://bethanyinvestmentgroup.com/loggertrait.php?sitemap.xml" "Scrapy/2.12.0 (+https://scrapy.org)"
172.69.17.36 - - [19/Apr/2025:17:44:48 +0200] "GET /loggertrait.php?shopdetail/33864873 HTTP/2.0" 200 1 "https://bethanyinvestmentgroup.com/loggertrait.php?sitemap.xml" "Scrapy/2.12.0 (+https://scrapy.org)"
172.69.17.36 - - [19/Apr/2025:17:44:49 +0200] "GET /loggertrait.php?shopdetail/179826173 HTTP/2.0" 200 1 "https://bethanyinvestmentgroup.com/loggertrait.php?sitemap.xml" "Scrapy/2.12.0 (+https://scrapy.org)"
104.23.166.40 - - [19/Apr/2025:17:44:50 +0200] "GET /greatest-fifteen-sexiest-and-best-actress-inside/ HTTP/2.0" 404 - "-" "Mozilla/5.0 (compatible; AhrefsBot/7.0; +http://ahrefs.com/robot/)"
172.69.17.36 - - [19/Apr/2025:17:44:50 +0200] "GET /loggertrait.php?shopdetail/249009273 HTTP/2.0" 200 1 "https://bethanyinvestmentgroup.com/loggertrait.php?sitemap.xml" "Scrapy/2.12.0 (+https://scrapy.org)"
172.69.17.36 - - [19/Apr/2025:17:44:51 +0200] "GET /loggertrait.php?shopdetail/219663473 HTTP/2.0" 200 1 "https://bethanyinvestmentgroup.com/loggertrait.php?sitemap.xml" "Scrapy/2.12.0 (+https://scrapy.org)"
172.69.17.36 - - [19/Apr/2025:17:44:53 +0200] "GET /loggertrait.php?shopdetail/193235473 HTTP/2.0" 200 1 "https://bethanyinvestmentgroup.com/loggertrait.php?sitemap.xml" "Scrapy/2.12.0 (+https://scrapy.org)"
172.69.17.36 - - [19/Apr/2025:17:44:54 +0200] "GET /loggertrait.php?shopdetail/258655973 HTTP/2.0" 200 1 "https://bethanyinvestmentgroup.com/loggertrait.php?sitemap.xml" "Scrapy/2.12.0 (+https://scrapy.org)"
172.69.17.36 - - [19/Apr/2025:17:44:55 +0200] "GET /loggertrait.php?shopdetail/251339373 HTTP/2.0" 200 1 "https://bethanyinvestmentgroup.com/loggertrait.php?sitemap.xml" "Scrapy/2.12.0 (+https://scrapy.org)"
172.69.17.36 - - [19/Apr/2025:17:44:56 +0200] "GET /loggertrait.php?shopdetail/104681773 HTTP/2.0" 200 1 "https://bethanyinvestmentgroup.com/loggertrait.php?sitemap.xml" "Scrapy/2.12.0 (+https://scrapy.org)"
172.69.17.36 - - [19/Apr/2025:17:44:58 +0200] "GET /loggertrait.php?shopdetail/239222373 HTTP/2.0" 200 1 "https://bethanyinvestmentgroup.com/loggertrait.php?sitemap.xml" "Scrapy/2.12.0 (+https://scrapy.org)"
172.69.17.36 - - [19/Apr/2025:17:44:59 +0200] "GET /loggertrait.php?shopdetail/139317773 HTTP/2.0" 200 1 "https://bethanyinvestmentgroup.com/loggertrait.php?sitemap.xml" "Scrapy/2.12.0 (+https://scrapy.org)"
172.69.17.36 - - [19/Apr/2025:17:45:00 +0200] "GET /loggertrait.php?shopdetail/232567273 HTTP/2.0" 200 1 "https://bethanyinvestmentgroup.com/loggertrait.php?sitemap.xml" "Scrapy/2.12.0 (+https://scrapy.org)"
172.69.17.36 - - [19/Apr/2025:17:45:01 +0200] "GET /loggertrait.php?shopdetail/127992773 HTTP/2.0" 200 1 "https://bethanyinvestmentgroup.com/loggertrait.php?sitemap.xml" "Scrapy/2.12.0 (+https://scrapy.org)"
172.69.17.36 - - [19/Apr/2025:17:45:02 +0200] "GET /loggertrait.php?shopdetail/157823373 HTTP/2.0" 200 1 "https://bethanyinvestmentgroup.com/loggertrait.php?sitemap.xml" "Scrapy/2.12.0 (+https://scrapy.org)"
172.69.17.36 - - [19/Apr/2025:17:45:03 +0200] "GET /loggertrait.php?shopdetail/98324373 HTTP/2.0" 200 1 "https://bethanyinvestmentgroup.com/loggertrait.php?sitemap.xml" "Scrapy/2.12.0 (+https://scrapy.org)"
172.70.207.194 - - [19/Apr/2025:17:45:02 +0200] "GET /?path=%2Fhome%2Fbethanyinvest%2Fpublic_html%2Fwp-content%2Fplugins%2Fwoocommerce%2Fassets%2Fimages%2Fadmin_notes HTTP/2.0" 200 19182 "-" "Mozilla/5.0 AppleWebKit/537.36 (KHTML, like Gecko; compatible; GPTBot/1.2; +https://openai.com/gptbot)"
172.70.174.62 - - [19/Apr/2025:17:45:03 +0200] "GET /?p=24311 HTTP/2.0" 200 1964 "-" "meta-externalagent/1.1 (+https://developers.facebook.com/docs/sharing/webmasters/crawler)"
172.69.17.36 - - [19/Apr/2025:17:45:04 +0200] "GET /loggertrait.php?shopdetail/210230773 HTTP/2.0" 200 1 "https://bethanyinvestmentgroup.com/loggertrait.php?sitemap.xml" "Scrapy/2.12.0 (+https://scrapy.org)"
172.69.17.36 - - [19/Apr/2025:17:45:06 +0200] "GET /loggertrait.php?shopdetail/37471273 HTTP/2.0" 200 1 "https://bethanyinvestmentgroup.com/loggertrait.php?sitemap.xml" "Scrapy/2.12.0 (+https://scrapy.org)"
172.69.17.36 - - [19/Apr/2025:17:45:07 +0200] "GET /loggertrait.php?shopdetail/186686573 HTTP/2.0" 200 1 "https://bethanyinvestmentgroup.com/loggertrait.php?sitemap.xml" "Scrapy/2.12.0 (+https://scrapy.org)"
172.69.17.36 - - [19/Apr/2025:17:45:08 +0200] "GET /loggertrait.php?shopdetail/151396473 HTTP/2.0" 200 1 "https://bethanyinvestmentgroup.com/loggertrait.php?sitemap.xml" "Scrapy/2.12.0 (+https://scrapy.org)"
172.69.17.36 - - [19/Apr/2025:17:45:09 +0200] "GET /loggertrait.php?shopdetail/116536473 HTTP/2.0" 200 1 "https://bethanyinvestmentgroup.com/loggertrait.php?sitemap.xml" "Scrapy/2.12.0 (+https://scrapy.org)"
172.69.17.36 - - [19/Apr/2025:17:45:10 +0200] "GET /loggertrait.php?shopdetail/251240173 HTTP/2.0" 200 1 "https://bethanyinvestmentgroup.com/loggertrait.php?sitemap.xml" "Scrapy/2.12.0 (+https://scrapy.org)"
172.69.17.36 - - [19/Apr/2025:17:45:11 +0200] "GET /loggertrait.php?shopdetail/77448273 HTTP/2.0" 200 1 "https://bethanyinvestmentgroup.com/loggertrait.php?sitemap.xml" "Scrapy/2.12.0 (+https://scrapy.org)"
172.70.135.46 - - [19/Apr/2025:17:45:11 +0200] "GET /?b=9702773 HTTP/2.0" 200 20068 "-" "meta-externalagent/1.1 (+https://developers.facebook.com/docs/sharing/webmasters/crawler)"
104.23.175.22 - - [19/Apr/2025:17:45:11 +0200] "GET /?filesrc=%2Fhome%2Fbethanyinvest%2Fpublic_html%2Fwp-includes%2Fcron.php&path=%2Fhome%2Fbethanyinvest%2Fpublic_html%2Fwp-includes HTTP/2.0" 200 26577 "-" "Mozilla/5.0 (Linux; Android 5.0) AppleWebKit/537.36 (KHTML, like Gecko) Mobile Safari/537.36 (compatible; Bytespider; [email protected])"
172.69.17.36 - - [19/Apr/2025:17:45:12 +0200] "GET /loggertrait.php?shopdetail/47923073 HTTP/2.0" 200 1 "https://bethanyinvestmentgroup.com/loggertrait.php?sitemap.xml" "Scrapy/2.12.0 (+https://scrapy.org)"
172.71.194.169 - - [19/Apr/2025:17:45:11 +0200] "GET /?b=95772773 HTTP/2.0" 200 20066 "-" "meta-externalagent/1.1 (+https://developers.facebook.com/docs/sharing/webmasters/crawler)"
172.71.222.66 - - [19/Apr/2025:17:45:12 +0200] "GET /?b=84771273 HTTP/2.0" 200 20068 "-" "meta-externalagent/1.1 (+https://developers.facebook.com/docs/sharing/webmasters/crawler)"
172.69.17.36 - - [19/Apr/2025:17:45:14 +0200] "GET /loggertrait.php?shopdetail/187673 HTTP/2.0" 200 1 "https://bethanyinvestmentgroup.com/loggertrait.php?sitemap.xml" "Scrapy/2.12.0 (+https://scrapy.org)"
104.23.175.53 - - [19/Apr/2025:17:45:14 +0200] "GET /wp-content/uploads/2021/11/logo.png HTTP/2.0" 404 - "https://bethanyinvestmentgroup.com/?filesrc=%2Fhome%2Fbethanyinvest%2Fpublic_html%2Fwp-includes%2Fcron.php&path=%2Fhome%2Fbethanyinvest%2Fpublic_html%2Fwp-includes" "Mozilla/5.0 (Linux; Android 5.0) AppleWebKit/537.36 (KHTML, like Gecko) Mobile Safari/537.36 (compatible; Bytespider; [email protected])"
104.23.175.151 - - [19/Apr/2025:17:45:15 +0200] "GET /wp-content/uploads/2021/11/logo-1.png HTTP/2.0" 404 - "https://bethanyinvestmentgroup.com/?filesrc=%2Fhome%2Fbethanyinvest%2Fpublic_html%2Fwp-includes%2Fcron.php&path=%2Fhome%2Fbethanyinvest%2Fpublic_html%2Fwp-includes" "Mozilla/5.0 (Linux; Android 5.0) AppleWebKit/537.36 (KHTML, like Gecko) Mobile Safari/537.36 (compatible; Bytespider; [email protected])"
104.23.175.80 - - [19/Apr/2025:17:45:15 +0200] "GET /wp-content/uploads/2021/12/logo-w.png HTTP/2.0" 404 - "https://bethanyinvestmentgroup.com/?filesrc=%2Fhome%2Fbethanyinvest%2Fpublic_html%2Fwp-includes%2Fcron.php&path=%2Fhome%2Fbethanyinvest%2Fpublic_html%2Fwp-includes" "Mozilla/5.0 (Linux; Android 5.0) AppleWebKit/537.36 (KHTML, like Gecko) Mobile Safari/537.36 (compatible; Bytespider; [email protected])"
104.23.175.223 - - [19/Apr/2025:17:45:15 +0200] "GET /wp-content/uploads/2021/09/about-2-140x140.jpg HTTP/2.0" 404 - "https://bethanyinvestmentgroup.com/?filesrc=%2Fhome%2Fbethanyinvest%2Fpublic_html%2Fwp-includes%2Fcron.php&path=%2Fhome%2Fbethanyinvest%2Fpublic_html%2Fwp-includes" "Mozilla/5.0 (Linux; Android 5.0) AppleWebKit/537.36 (KHTML, like Gecko) Mobile Safari/537.36 (compatible; Bytespider; [email protected])"
104.23.175.182 - - [19/Apr/2025:17:45:15 +0200] "GET /wp-content/uploads/2021/09/about-1-140x140.jpg HTTP/2.0" 404 - "https://bethanyinvestmentgroup.com/?filesrc=%2Fhome%2Fbethanyinvest%2Fpublic_html%2Fwp-includes%2Fcron.php&path=%2Fhome%2Fbethanyinvest%2Fpublic_html%2Fwp-includes" "Mozilla/5.0 (Linux; Android 5.0) AppleWebKit/537.36 (KHTML, like Gecko) Mobile Safari/537.36 (compatible; Bytespider; [email protected])"
104.23.175.206 - - [19/Apr/2025:17:45:15 +0200] "GET /wp-content/uploads/2021/09/about-6-140x140.jpg HTTP/2.0" 404 - "https://bethanyinvestmentgroup.com/?filesrc=%2Fhome%2Fbethanyinvest%2Fpublic_html%2Fwp-includes%2Fcron.php&path=%2Fhome%2Fbethanyinvest%2Fpublic_html%2Fwp-includes" "Mozilla/5.0 (Linux; Android 5.0) AppleWebKit/537.36 (KHTML, like Gecko) Mobile Safari/537.36 (compatible; Bytespider; [email protected])"
104.23.175.221 - - [19/Apr/2025:17:45:15 +0200] "GET /wp-content/uploads/2021/09/about-4-140x140.jpg HTTP/2.0" 404 - "https://bethanyinvestmentgroup.com/?filesrc=%2Fhome%2Fbethanyinvest%2Fpublic_html%2Fwp-includes%2Fcron.php&path=%2Fhome%2Fbethanyinvest%2Fpublic_html%2Fwp-includes" "Mozilla/5.0 (Linux; Android 5.0) AppleWebKit/537.36 (KHTML, like Gecko) Mobile Safari/537.36 (compatible; Bytespider; [email protected])"
172.70.47.75 - - [19/Apr/2025:17:45:15 +0200] "GET /but-around-the-globe-matchmaking-try-smoother-in/ HTTP/2.0" 404 - "-" "Mozilla/5.0 (compatible; AhrefsBot/7.0; +http://ahrefs.com/robot/)"
172.70.38.46 - - [19/Apr/2025:17:45:14 +0200] "GET /?b=8420273 HTTP/2.0" 200 20065 "-" "meta-externalagent/1.1 (+https://developers.facebook.com/docs/sharing/webmasters/crawler)"
172.69.17.36 - - [19/Apr/2025:17:45:15 +0200] "GET /loggertrait.php?shopdetail/67499173 HTTP/2.0" 200 1 "https://bethanyinvestmentgroup.com/loggertrait.php?sitemap.xml" "Scrapy/2.12.0 (+https://scrapy.org)"
172.70.38.147 - - [19/Apr/2025:17:45:14 +0200] "GET /?b=79515773 HTTP/2.0" 200 20067 "-" "meta-externalagent/1.1 (+https://developers.facebook.com/docs/sharing/webmasters/crawler)"
172.69.17.36 - - [19/Apr/2025:17:45:16 +0200] "GET /loggertrait.php?shopdetail/82948773 HTTP/2.0" 200 1 "https://bethanyinvestmentgroup.com/loggertrait.php?sitemap.xml" "Scrapy/2.12.0 (+https://scrapy.org)"
172.70.174.246 - - [19/Apr/2025:17:45:16 +0200] "GET /?b=6132073 HTTP/2.0" 200 20060 "-" "meta-externalagent/1.1 (+https://developers.facebook.com/docs/sharing/webmasters/crawler)"
172.69.17.36 - - [19/Apr/2025:17:45:17 +0200] "GET /loggertrait.php?shopdetail/16200373 HTTP/2.0" 200 1 "https://bethanyinvestmentgroup.com/loggertrait.php?sitemap.xml" "Scrapy/2.12.0 (+https://scrapy.org)"
172.69.17.36 - - [19/Apr/2025:17:45:19 +0200] "GET /loggertrait.php?shopdetail/120266373 HTTP/2.0" 200 1 "https://bethanyinvestmentgroup.com/loggertrait.php?sitemap.xml" "Scrapy/2.12.0 (+https://scrapy.org)"
172.69.17.36 - - [19/Apr/2025:17:45:20 +0200] "GET /loggertrait.php?shopdetail/52532873 HTTP/2.0" 200 1 "https://bethanyinvestmentgroup.com/loggertrait.php?sitemap.xml" "Scrapy/2.12.0 (+https://scrapy.org)"
172.69.17.36 - - [19/Apr/2025:17:45:21 +0200] "GET /loggertrait.php?shopdetail/61651973 HTTP/2.0" 200 1 "https://bethanyinvestmentgroup.com/loggertrait.php?sitemap.xml" "Scrapy/2.12.0 (+https://scrapy.org)"
172.69.17.36 - - [19/Apr/2025:17:45:23 +0200] "GET /loggertrait.php?shopdetail/66967373 HTTP/2.0" 200 1 "https://bethanyinvestmentgroup.com/loggertrait.php?sitemap.xml" "Scrapy/2.12.0 (+https://scrapy.org)"
172.69.17.36 - - [19/Apr/2025:17:45:24 +0200] "GET /loggertrait.php?shopdetail/135938073 HTTP/2.0" 200 1 "https://bethanyinvestmentgroup.com/loggertrait.php?sitemap.xml" "Scrapy/2.12.0 (+https://scrapy.org)"
172.69.17.36 - - [19/Apr/2025:17:45:25 +0200] "GET /loggertrait.php?shopdetail/150983673 HTTP/2.0" 200 1 "https://bethanyinvestmentgroup.com/loggertrait.php?sitemap.xml" "Scrapy/2.12.0 (+https://scrapy.org)"
172.70.207.194 - - [19/Apr/2025:17:45:24 +0200] "GET /?path=%2Fhome%2Fbethanyinvest%2Fpublic_html%2Fwp-content%2Fplugins%2Fwoocommerce%2Fassets%2Fimages%2Fblocks HTTP/2.0" 200 19135 "-" "Mozilla/5.0 AppleWebKit/537.36 (KHTML, like Gecko; compatible; GPTBot/1.2; +https://openai.com/gptbot)"
172.69.17.36 - - [19/Apr/2025:17:45:27 +0200] "GET /loggertrait.php?shopdetail/60842873 HTTP/2.0" 200 1 "https://bethanyinvestmentgroup.com/loggertrait.php?sitemap.xml" "Scrapy/2.12.0 (+https://scrapy.org)"
172.69.17.36 - - [19/Apr/2025:17:45:28 +0200] "GET /loggertrait.php?shopdetail/66499473 HTTP/2.0" 200 1 "https://bethanyinvestmentgroup.com/loggertrait.php?sitemap.xml" "Scrapy/2.12.0 (+https://scrapy.org)"
172.69.17.36 - - [19/Apr/2025:17:45:29 +0200] "GET /loggertrait.php?shopdetail/245663273 HTTP/2.0" 200 1 "https://bethanyinvestmentgroup.com/loggertrait.php?sitemap.xml" "Scrapy/2.12.0 (+https://scrapy.org)"
172.70.131.92 - - [19/Apr/2025:17:45:29 +0200] "GET /?filesrc=%2Fhome%2Fbethanyinvest%2Fpublic_html%2FOLDContent031225%2Fbethany-content+infected+too+022525.zip&path=%2Fhome%2Fbethanyinvest%2Fpublic_html%2FOLDContent031225 HTTP/2.0" 200 763 "-" "Mozilla/5.0 AppleWebKit/537.36 (KHTML, like Gecko; compatible; ClaudeBot/1.0; [email protected])"
